000
CXUS54 KLZK 011330
CF6HOT
PRELIMINARY LOCAL CLIMATOLOGICAL DATA (WS FORM: F-6)
STATION: HOT SPRINGS MEMORIAL FIELD
MONTH: JANUARY
YEAR: 2024
LATITUDE: 34 28 N
LONGITUDE: 93 6 W
TEMPERATURE IN F: :PCPN: SNOW: WIND :SUNSHINE: SKY :PK WND
================================================================================
1 2 3 4 5 6A 6B 7 8 9 10 11 12 13 14 15 16 17 18
12Z AVG MX 2MIN
DY MAX MIN AVG DEP HDD CDD WTR SNW DPTH SPD SPD DIR MIN PSBL S-S WX SPD DR
================================================================================
1 48 28 38 -4 27 0 0.00 M M 4.9 14 50 M M 0 22 60
2 46 24 35 -7 30 0 0.00 M M 1.8 7 80 M M 0 1 10 90
3 55 32 44 2 21 0 0.00 M M 0.9 8 330 M M 1 18 13 350
4 49 28 39 -3 26 0 0.00 M M 6.3 15 80 M M 0 18 21 50
5 37 30 34 -8 31 0 0.47 M M 5.3 17 80 M M 8 12 24 80
6 47 34 41 -1 24 0 0.00 M M 4.0 9 250 M M 9 1 14 280
7 55 29 42 0 23 0 0.00 M M 3.7 10 80 M M 0 1 14 150
8 46 35 41 -1 24 0 1.02 M M 9.0 20 100 M M 8 13 31 120
9 47 34 41 -1 24 0 T M M 12.6 22 250 M M 9 1 36 270
10 58 24 41 -1 24 0 0.00 M M 4.1 16 210 M M 0 30 190
11 64 28 46 4 19 0 0.84 M M 5.8 21 170 M M 5 138 36 160
12 64 30 47 5 18 0 0.62 M M 9.9 22 280 M M 6 138 38 280
13 53 22 38 -4 27 0 0.00 M M 5.8 15 250 M M 0 25 310
14 27 11 19 -23 46 0 0.35 M M 6.3 12 70 M M 8 128 19 330
15 18 11 15 -27 50 0 0.15 M M 5.4 12 340 M M 8 8 20 350
16 24 6 15 -27 50 0 0.00 M M 4.6 13 340 M M 0 21 320
17 38 5 22 -20 43 0 0.00 M M 4.5 13 190 M M 0 21 190
18 38 29 34 -8 31 0 0.00 M M 3.0 10 140 M M 8 128 17 160
19 37 22 30 -12 35 0 0.00 M M 6.3 15 350 M M 2 12 25 10
20 32 17 25 -18 40 0 0.00 M M 6.3 12 70 M M 0 17 360
21 33 15 24 -19 41 0 0.00 M M 7.0 13 90 M M 5 17 80
22 43 31 37 -6 28 0 1.58 M M 8.2 17 80 M M 10 16 22 80
23 53 43 48 5 17 0 1.65 M M 5.0 12 90 M M 10 12 15 70
24 57 50 54 11 11 0 T M M 1.7 13 90 M M 10 12 14 90
25 66 47 57 14 8 0 0.24 M M 2.9 12 230 M M 9 12 15 200
26 55 44 50 7 15 0 0.10 M M 5.4 13 60 M M 9 128 16 60
27 52 40 46 3 19 0 0.90 M M 6.6 13 310 M M 10 1 22 300
28 58 36 47 4 18 0 0.00 M M 5.3 12 290 M M 3 21 270
29 64 30 47 4 18 0 0.00 M M 2.7 9 190 M M 0 1 15 250
30 77 37 57 13 8 0 0.00 M M 3.5 15 310 M M 0 1 26 330
31 63 34 49 5 16 0 0.00 M M 2.6 9 90 M M 0 18 13 80
================================================================================
SM 1504 886 812 0 7.92 M 161.4 M 138
================================================================================
AV 48.5 28.6 5.2 FASTST M M 4 MAX(MPH)
MISC ----> # 22 280 38 280
================================================================================
NOTES:
# LAST OF SEVERAL OCCURRENCES
COLUMN 17 PEAK WIND IN M.P.H.
PRELIMINARY LOCAL CLIMATOLOGICAL DATA (WS FORM: F-6) , PAGE 2
STATION: HOT SPRINGS MEMORIAL FIELD
MONTH: JANUARY
YEAR: 2024
LATITUDE: 34 28 N
LONGITUDE: 93 6 W
[TEMPERATURE DATA] [PRECIPITATION DATA] SYMBOLS USED IN COLUMN 16
AVERAGE MONTHLY: 38.5 TOTAL FOR MONTH: 7.92 1 = FOG OR MIST
DPTR FM NORMAL: -4.1 DPTR FM NORMAL: 4.53 2 = FOG REDUCING VISIBILITY
HIGHEST: 77 ON 30 GRTST 24HR 1.65 ON 23-23 TO 1/4 MILE OR LESS
LOWEST: 5 ON 17 3 = THUNDER
SNOW, ICE PELLETS, HAIL 4 = ICE PELLETS
TOTAL MONTH: M 5 = HAIL
GRTST 24HR M ON M 6 = FREEZING RAIN OR DRIZZLE
GRTST DEPTH: M ON M 7 = DUSTSTORM OR SANDSTORM:
VSBY 1/2 MILE OR LESS
8 = SMOKE OR HAZE
[NO. OF DAYS WITH] [WEATHER - DAYS WITH] 9 = BLOWING SNOW
X = TORNADO
MAX 32 OR BELOW: 4 0.01 INCH OR MORE: 11
MAX 90 OR ABOVE: 0 0.10 INCH OR MORE: 11
MIN 32 OR BELOW: 20 0.50 INCH OR MORE: 6
MIN 0 OR BELOW: 0 1.00 INCH OR MORE: 3
[HDD (BASE 65) ]
TOTAL THIS MO. 812 CLEAR (SCALE 0-3) 15
DPTR FM NORMAL 118 PTCLDY (SCALE 4-7) 7
TOTAL FM JUL 1 1818 CLOUDY (SCALE 8-10) 9
DPTR FM NORMAL -25
[CDD (BASE 65) ]
TOTAL THIS MO. 0
DPTR FM NORMAL -1 [PRESSURE DATA]
TOTAL FM JAN 1 0 HIGHEST SLP 30.67 ON 20
DPTR FM NORMAL -1 LOWEST SLP 29.35 ON 12
[REMARKS]
#FINAL-01-24#