000
CXUS56 KSEW 012332
CLMHQM
CLIMATE REPORT
NATIONAL WEATHER SERVICE SEATTLE
432 PM PDT MON APR 01 2024
...................................
...THE HOQUIAM WA AIRPORT CLIMATE SUMMARY FOR THE MONTH OF MARCH 2024...
CLIMATE NORMAL PERIOD 1991 TO 2020
CLIMATE RECORD PERIOD 1953 TO 2024
WEATHER OBSERVED NORMAL DEPART LAST YEAR`S
VALUE DATE(S) VALUE FROM VALUE DATE(S)
NORMAL
................................................................
TEMPERATURE (F)
RECORD
HIGH 79 03/20/2019
03/19/2019
03/29/2004
LOW 23 03/04/1955
HIGHEST 73 03/16 MM MM 66 03/18
LOWEST 30 03/06 MM MM 28 03/01
AVG. MAXIMUM 52.4 52.2 0.2 51.5
AVG. MINIMUM 38.9 39.3 -0.4 37.6
MEAN 45.6 45.8 -0.2 44.6
DAYS MAX >= 90 0 0.0 0.0 0
DAYS MAX <= 32 0 0.0 0.0 0
DAYS MIN <= 32 3 3.3 -0.3 2
DAYS MIN <= 0 0 0.0 0.0 0
PRECIPITATION (INCHES)
RECORD
MAXIMUM 15.94 2017
MINIMUM 1.39 1965
TOTALS 8.18 7.74 0.44 2.60
DAILY AVG. 0.26 0.25 0.01 0.09
DAYS >= .01 20 21.5 -1.5 MM
DAYS >= .10 15 15.5 -0.5 MM
DAYS >= .50 7 5.3 1.7 MM
DAYS >= 1.00 1 1.6 -0.6 MM
GREATEST
24 HR. TOTAL 1.83 03/28 TO 03/29
DEGREE DAYS
HEATING TOTAL 593 597 -4 625
SINCE 7/1 3614 4023 -409 MM
COOLING TOTAL 0 0 0 0
SINCE 1/1 0 0 0 MM
................................................................
WIND (MPH)
AVERAGE WIND SPEED 8.7
HIGHEST WIND SPEED/DIRECTION 33/190 DATE 03/09
HIGHEST GUST SPEED/DIRECTION 55/160 DATE 03/27
SKY COVER
POSSIBLE SUNSHINE (PERCENT) MM
AVERAGE SKY COVER 0.63
NUMBER OF DAYS FAIR 8
NUMBER OF DAYS PC 8
NUMBER OF DAYS CLOUDY 15
AVERAGE RH (PERCENT) 82
WEATHER CONDITIONS. NUMBER OF DAYS WITH
THUNDERSTORM 2 MIXED PRECIP 0
HEAVY RAIN 2 RAIN 8
LIGHT RAIN 20 FREEZING RAIN 0
LT FREEZING RAIN 0 HAIL 0
HEAVY SNOW 0 SNOW 0
LIGHT SNOW 4 SLEET 0
FOG 21 FOG W/VIS <= 1/4 MILE 3
HAZE 2
- INDICATES NEGATIVE NUMBERS.
R INDICATES RECORD WAS SET OR TIED.
MM INDICATES DATA IS MISSING.
T INDICATES TRACE AMOUNT.
$$