000
CXUS56 KSEW 011918 CCA
CLMHQM
CLIMATE REPORT...CORRECTED PRECIP
NATIONAL WEATHER SERVICE SEATTLE
1219 PM PDT SUN OCT 01 2023
...................................
...THE HOQUIAM WA AIRPORT CLIMATE SUMMARY FOR THE MONTH OF SEPTEMBER 2023...
CLIMATE NORMAL PERIOD 1991 TO 2020
CLIMATE RECORD PERIOD 1953 TO 2023
WEATHER OBSERVED NORMAL DEPART LAST YEAR`S
VALUE DATE(S) VALUE FROM VALUE DATE(S)
NORMAL
................................................................
TEMPERATURE (F)
RECORD
HIGH 96 09/02/1988
LOW 32 09/27/1972
HIGHEST 87 09/02 MM MM 91 09/10
LOWEST 37 09/30 MM MM 47 09/21
AVG. MAXIMUM 67.1 67.0 0.1 71.3
AVG. MINIMUM 51.0 51.2 -0.2 55.0
MEAN 59.1 59.1 0.0 63.2
DAYS MAX >= 90 0 0.1 -0.1 1
DAYS MAX <= 32 0 0.0 0.0 0
DAYS MIN <= 32 0 0.0 0.0 0
DAYS MIN <= 0 0 0.0 0.0 0
PRECIPITATION (INCHES)
RECORD
MAXIMUM 10.76 1978
MINIMUM 0.01 1990
TOTALS 2.42 2.53 -0.11 0.75
DAILY AVG. 0.08 0.08 -0.00 0.03
DAYS >= .01 8 10.0 -2.0 4
DAYS >= .10 5 5.6 -0.6 2
DAYS >= .50 2 1.7 0.3 0
DAYS >= 1.00 0 0.4 -0.4 0
GREATEST
24 HR. TOTAL 0.96 09/26 TO 09/27
DEGREE DAYS
HEATING TOTAL 170 184 -14 69
SINCE 7/1 251 468 -217 MM
COOLING TOTAL 11 8 3 22
SINCE 1/1 108 25 83 MM
................................................................
WIND (MPH)
AVERAGE WIND SPEED 7.3
HIGHEST WIND SPEED/DIRECTION 28/110 DATE 09/27
HIGHEST GUST SPEED/DIRECTION 37/200 DATE 09/25
37/090 09/27
SKY COVER
POSSIBLE SUNSHINE (PERCENT) MM
AVERAGE SKY COVER 0.44
NUMBER OF DAYS FAIR 14
NUMBER OF DAYS PC 8
NUMBER OF DAYS CLOUDY 8
AVERAGE RH (PERCENT) 80
WEATHER CONDITIONS. NUMBER OF DAYS WITH
THUNDERSTORM 0 MIXED PRECIP 0
HEAVY RAIN 1 RAIN 5
LIGHT RAIN 13 FREEZING RAIN 0
LT FREEZING RAIN 0 HAIL 0
HEAVY SNOW 0 SNOW 0
LIGHT SNOW 0 SLEET 0
FOG 21 FOG W/VIS <= 1/4 MILE 5
HAZE 5
- INDICATES NEGATIVE NUMBERS.
R INDICATES RECORD WAS SET OR TIED.
MM INDICATES DATA IS MISSING.
T INDICATES TRACE AMOUNT.
$$