000
CXUS54 KBRO 010800
CF6HRL
PRELIMINARY LOCAL CLIMATOLOGICAL DATA (WS FORM: F-6)
STATION: HARLINGEN
MONTH: AUGUST
YEAR: 2023
LATITUDE: 26 13 N
LONGITUDE: 97 40 W
TEMPERATURE IN F: :PCPN: SNOW: WIND :SUNSHINE: SKY :PK WND
================================================================================
1 2 3 4 5 6A 6B 7 8 9 10 11 12 13 14 15 16 17 18
12Z AVG MX 2MIN
DY MAX MIN AVG DEP HDD CDD WTR SNW DPTH SPD SPD DIR MIN PSBL S-S WX SPD DR
================================================================================
1 100 75 88 1 0 23 0.00 0.0 0 9.1 22 120 M M 1 29 110
2 100 73 87 0 0 22 0.00 0.0 0 9.2 21 110 M M 0 27 90
3 102 76 89 2 0 24 0.00 0.0 0 11.5 26 140 M M 1 34 130
4 102 81 92 5 0 27 0.00 0.0 0 15.4 24 140 M M 1 35 160
5 102 78 90 3 0 25 0.00 0.0 0 14.5 24 160 M M 0 8 36 160
6 102 80 91 4 0 26 0.00 0.0 0 15.0 25 150 M M 1 36 140
7 101 79 90 3 0 25 0.00 0.0 0 15.8 25 140 M M 1 36 150
8 101 80 91 4 0 26 0.00 0.0 0 15.4 25 160 M M 1 37 170
9 101 82 92 5 0 27 0.00 0.0 0 19.9 29 160 M M 1 38 170
10 101 82 92 5 0 27 0.00 0.0 0 19.2 32 160 M M 1 40 160
11 101 79 90 3 0 25 0.00 0.0 0 16.2 26 140 M M 2 34 140
12 101 82 92 5 0 27 0.00 0.0 0 15.6 26 130 M M 3 1 35 150
13 103 81 92 5 0 27 0.00 0.0 0 14.1 24 150 M M 2 33 150
14 101 77 89 2 0 24 0.00 0.0 0 11.4 23 130 M M 1 33 100
15 101 77 89 2 0 24 T 0.0 0 8.5 22 140 M M 1 3 31 130
16 101 73 87 0 0 22 0.00 0.0 0 7.8 23 130 M M 0 31 120
17 103 74 89 3 0 24 0.00 0.0 0 12.3 22 130 M M 0 29 170
18 102 78 90 4 0 25 0.00 0.0 0 12.7 22 140 M M 0 30 150
19 102 76 89 3 0 24 0.00 0.0 0 11.8 24 140 M M 1 31 150
20 100 78 89 3 0 24 0.00 0.0 0 7.6 22 100 M M 0 30 90
21 95 74 85 -1 0 20 0.00 0.0 0 9.1 24 80 M M 1 33 80
22 91 75 83 -3 0 18 1.06 0.0 0 10.9 24 30 M M 7 13 37 30
23 95 77 86 0 0 21 0.04 0.0 0 8.1 21 100 M M 3 13 30 90
24 97 75 86 0 0 21 0.00 0.0 0 7.0 17 80 M M 0 1 24 70
25 95 76 86 0 0 21 0.00 0.0 0 8.1 21 90 M M 2 27 40
26 95 77 86 0 0 21 T 0.0 0 6.3 22 330 M M 1 1 30 330
27 100 74 87 2 0 22 0.00 0.0 0 5.2 15 110 M M 1 1 23 80
28 105 74 90 5 0 25 0.00 0.0 0 6.7 17 110 M M 0 12 23 90
29 96 76 86 1 0 21 0.03 0.0 0 5.8 22 10 M M 3 3 29 10
30 102 72 87 2 0 22 0.00 0.0 0 6.8 22 40 M M 1 12 32 30
31 102 71 87 2 0 22 0.00 0.0 0 8.0 21 110 M M 0 28 100
================================================================================
SM 3100 2382 0 732 1.13 0.0 345.0 M 37
================================================================================
AV100.0 76.8 11.1 FASTST M M 1 MAX(MPH)
MISC ----> 32 160 40 160
================================================================================
NOTES:
# LAST OF SEVERAL OCCURRENCES
COLUMN 17 PEAK WIND IN M.P.H.
PRELIMINARY LOCAL CLIMATOLOGICAL DATA (WS FORM: F-6) , PAGE 2
STATION: HARLINGEN
MONTH: AUGUST
YEAR: 2023
LATITUDE: 26 13 N
LONGITUDE: 97 40 W
[TEMPERATURE DATA] [PRECIPITATION DATA] SYMBOLS USED IN COLUMN 16
AVERAGE MONTHLY: 88.4 TOTAL FOR MONTH: 1.13 1 = FOG OR MIST
DPTR FM NORMAL: 2.2 DPTR FM NORMAL: -0.79 2 = FOG REDUCING VISIBILITY
HIGHEST: 105 ON 28 GRTST 24HR 1.06 ON 22-22 TO 1/4 MILE OR LESS
LOWEST: 71 ON 31 3 = THUNDER
SNOW, ICE PELLETS, HAIL 4 = ICE PELLETS
TOTAL MONTH: 0.0 INCH 5 = HAIL
GRTST 24HR 0.0 6 = FREEZING RAIN OR DRIZZLE
GRTST DEPTH: 0 7 = DUSTSTORM OR SANDSTORM:
VSBY 1/2 MILE OR LESS
8 = SMOKE OR HAZE
[NO. OF DAYS WITH] [WEATHER - DAYS WITH] 9 = BLOWING SNOW
X = TORNADO
MAX 32 OR BELOW: 0 0.01 INCH OR MORE: 3
MAX 90 OR ABOVE: 31 0.10 INCH OR MORE: 1
MIN 32 OR BELOW: 0 0.50 INCH OR MORE: 1
MIN 0 OR BELOW: 0 1.00 INCH OR MORE: 1
[HDD (BASE 65) ]
TOTAL THIS MO. 0 CLEAR (SCALE 0-3) 29
DPTR FM NORMAL 0 PTCLDY (SCALE 4-7) 2
TOTAL FM JUL 1 0 CLOUDY (SCALE 8-10) 0
DPTR FM NORMAL 0
[CDD (BASE 65) ]
TOTAL THIS MO. 732
DPTR FM NORMAL 74 [PRESSURE DATA]
TOTAL FM JAN 1 3456 HIGHEST SLP M ON M
DPTR FM NORMAL 366 LOWEST SLP 29.74 ON 28
[REMARKS]
#FINAL-08-23#