000
CXUS52 KMHX 010600
CF6HSE
PRELIMINARY LOCAL CLIMATOLOGICAL DATA (WS FORM: F-6)
STATION: CAPE HATTERAS NC
MONTH: OCTOBER
YEAR: 2023
LATITUDE: 35 13 N
LONGITUDE: 75 37 W
TEMPERATURE IN F: :PCPN: SNOW: WIND :SUNSHINE: SKY :PK WND
================================================================================
1 2 3 4 5 6A 6B 7 8 9 10 11 12 13 14 15 16 17 18
12Z AVG MX 2MIN
DY MAX MIN AVG DEP HDD CDD WTR SNW DPTH SPD SPD DIR MIN PSBL S-S WX SPD DR
================================================================================
1 75 67 71 -2 0 6 0.00 0.0 0 9.0 13 20 M M 2 8 28 10
2 76 67 72 -1 0 7 0.00 0.0 0 7.5 13 20 M M 4 18 23 30
3 78 69 74 2 0 9 0.00 0.0 0 8.0 14 40 M M 0 22 30
4 78 68 73 1 0 8 0.00 0.0 0 7.6 14 40 M M 4 23 40
5 85 70 78 6 0 13 0.00 0.0 0 6.7 15 100 M M 3 1 21 90
6 82 71 77 5 0 12 0.00 0.0 0 5.7 10 20 M M 0 17 10
7 80 64 72 1 0 7 0.05 0.0 0 7.3 16 330 M M 3 1 28 320
8 66 57 62 -9 3 0 0.00 0.0 0 7.4 13 300 M M 0 24 340
9 69 53 61 -10 4 0 0.00 0.0 0 7.5 14 230 M M 0 22 210
10 77 63 70 0 0 5 0.00 0.0 0 10.2 18 230 M M 0 27 220
11 73 64 69 -1 0 4 0.00 0.0 0 4.2 12 280 M M 0 19 260
12 68 59 64 -6 1 0 0.40 0.0 0 3.0 7 20 M M 4 1 11 40
13 74 62 68 -1 0 3 0.00 0.0 0 5.5 12 30 M M 0 18 30
14 78 66 72 3 0 7 0.81 0.0 0 14.0 26 170 M M 7 128 35 180
15 67 60 64 -4 1 0 0.00 0.0 0 8.1 18 300 M M 9 30 300
16 65 57 61 -7 4 0 0.00 0.0 0 6.5 12 330 M M 1 19 330
17 68 58 63 -5 2 0 0.00 0.0 0 5.5 9 310 M M 1 16 320
18 69 50 60 -8 5 0 0.00 0.0 0 4.8 10 10 M M 0 15 340
19 73 48 61 -6 4 0 0.05 0.0 0 8.0 21 190 M M 4 27 180
20 72 59 66 -1 0 1 1.73 0.0 0 7.2 18 170 M M 6 13 30 300
21 68 58 63 -3 2 0 0.00 0.0 0 11.6 17 290 M M 2 8 30 290
22 73 56 65 -1 0 0 0.00 0.0 0 6.9 15 250 M M 0 26 240
23 63 55 59 -7 6 0 0.00 0.0 0 6.5 12 20 M M 0 19 360
24 70 56 63 -2 2 0 0.00 0.0 0 6.5 12 20 M M 0 18 40
25 78 63 71 6 0 6 0.00 0.0 0 4.6 9 70 M M 1 8 14 90
26 77 58 68 3 0 3 0.00 0.0 0 2.9 7 20 M M 0 10 30
27 76 57 67 3 0 2 0.00 0.0 0 3.9 8 230 M M 0 1 12 230
28 78 66 72 8 0 7 0.00 0.0 0 6.7 10 230 M M 0 1 16 220
29 77 67 72 8 0 7 0.00 0.0 0 7.7 13 240 M M 0 18 230
30 77 69 73 10 0 8 0.00 0.0 0 10.7 17 220 M M 0 24 240
31 71 54 63 0 2 0 0.06 0.0 0 10.7 17 30 M M 9 1 29 20
================================================================================
SM 2281 1891 36 115 3.10 0.0 222.4 M 60
================================================================================
AV 73.6 61.0 7.2 FASTST M M 2 MAX(MPH)
MISC ----> 26 170 35 180
================================================================================
NOTES:
# LAST OF SEVERAL OCCURRENCES
COLUMN 17 PEAK WIND IN M.P.H.
PRELIMINARY LOCAL CLIMATOLOGICAL DATA (WS FORM: F-6) , PAGE 2
STATION: CAPE HATTERAS NC
MONTH: OCTOBER
YEAR: 2023
LATITUDE: 35 13 N
LONGITUDE: 75 37 W
[TEMPERATURE DATA] [PRECIPITATION DATA] SYMBOLS USED IN COLUMN 16
AVERAGE MONTHLY: 67.3 TOTAL FOR MONTH: 3.10 1 = FOG OR MIST
DPTR FM NORMAL: -0.9 DPTR FM NORMAL: -2.49 2 = FOG REDUCING VISIBILITY
HIGHEST: 85 ON 5 GRTST 24HR 1.73 ON 20-20 TO 1/4 MILE OR LESS
LOWEST: 48 ON 19 3 = THUNDER
SNOW, ICE PELLETS, HAIL 4 = ICE PELLETS
TOTAL MONTH: 0.0 INCH 5 = HAIL
GRTST 24HR 0.0 6 = FREEZING RAIN OR DRIZZLE
GRTST DEPTH: 0 7 = DUSTSTORM OR SANDSTORM:
VSBY 1/2 MILE OR LESS
8 = SMOKE OR HAZE
[NO. OF DAYS WITH] [WEATHER - DAYS WITH] 9 = BLOWING SNOW
X = TORNADO
MAX 32 OR BELOW: 0 0.01 INCH OR MORE: 6
MAX 90 OR ABOVE: 0 0.10 INCH OR MORE: 3
MIN 32 OR BELOW: 0 0.50 INCH OR MORE: 2
MIN 0 OR BELOW: 0 1.00 INCH OR MORE: 1
[HDD (BASE 65) ]
TOTAL THIS MO. 36 CLEAR (SCALE 0-3) 21
DPTR FM NORMAL -10 PTCLDY (SCALE 4-7) 8
TOTAL FM JUL 1 36 CLOUDY (SCALE 8-10) 2
DPTR FM NORMAL -8
[CDD (BASE 65) ]
TOTAL THIS MO. 115
DPTR FM NORMAL -29 [PRESSURE DATA]
TOTAL FM JAN 1 1576 HIGHEST SLP M ON M
DPTR FM NORMAL -519 LOWEST SLP 29.43 ON 14
[REMARKS]
#FINAL-10-23#