000
CXUS53 KGID 011204 CCA
CF6HSI
PRELIMINARY LOCAL CLIMATOLOGICAL DATA (WS FORM: F-6)
STATION: HASTINGS NE
MONTH: AUGUST
YEAR: 2021
LATITUDE: 40 35 N
LONGITUDE: 98 26 W
TEMPERATURE IN F: :PCPN: SNOW: WIND :SUNSHINE: SKY :PK WND
================================================================================
1 2 3 4 5 6A 6B 7 8 9 10 11 12 13 14 15 16 17 18
12Z AVG MX 2MIN
DY MAX MIN AVG DEP HDD CDD WTR SNW DPTH SPD SPD DIR MIN PSBL S-S WX SPD DR
================================================================================
1 82 61 72 -5 0 7 0.00 0.0 0 5.9 16 40 M M 0 18 21 330
2 82 54 68 -9 0 3 0.00 0.0 0 4.3 12 130 M M 0 18 16 150
3 83 61 72 -4 0 7 0.00 0.0 0 10.3 16 120 M M 2 8 24 130
4 90 62 76 0 0 11 0.28 0.0 0 10.5 53 310 M M 3 13 57 310
5 89 65 77 1 0 12 0.00 0.0 0 4.5 12 260 M M 0 14 250
6 93 68 81 5 0 16 0.00 0.0 0 10.1 17 170 M M 0 26 200
7 87 68 78 2 0 13 0.78 0.0 0 8.9 21 120 M M 2 138 37 160
8 88 66 77 1 0 12 0.00 0.0 0 8.7 23 130 M M 0 3 31 110
9 95 67 81 5 0 16 0.00 0.0 0 7.4 17 290 M M 0 8 24 290
10 88 71 80 4 0 15 T 0.0 0 6.1 30 200 M M 0 3 47 210
11 87 69 78 2 0 13 0.00 0.0 0 8.0 16 40 M M 0 24 200
12 89 65 77 2 0 12 T 0.0 0 8.7 22 40 M M 1 3 32 40
13 84 63 74 -1 0 9 0.03 0.0 0 5.5 10 50 M M 3 3 15 360
14 83 59 71 -4 0 6 0.00 0.0 0 7.5 16 120 M M 0 23 170
15 85 65 75 0 0 10 1.42 0.0 0 9.8 20 160 M M 3 13 28 170
16 87 67 77 2 0 12 0.00 0.0 0 9.3 15 210 M M 1 24 210
17 88 66 77 3 0 12 0.00 0.0 0 9.7 17 170 M M 1 27 160
18 83 67 75 1 0 10 0.00 0.0 0 10.4 18 160 M M 2 1 26 160
19 86 69 78 4 0 13 0.00 0.0 0 10.2 18 130 M M 3 1 26 150
20 86 63 75 1 0 10 1.49 0.0 0 8.6 23 330 M M 4 13 32 330
21 76 56 66 -8 0 1 0.00 0.0 0 7.5 16 350 M M 0 22 350
22 91 63 77 3 0 12 0.00 0.0 0 12.7 23 160 M M 2 37 160
23 92 69 81 8 0 16 0.00 0.0 0 8.4 15 160 M M 0 26 150
24 94 70 82 9 0 17 0.00 0.0 0 8.2 17 70 M M 0 26 70
25 88 66 77 4 0 12 0.00 0.0 0 11.3 20 80 M M 3 28 110
26 94 69 82 9 0 17 0.01 0.0 0 7.7 24 260 M M 2 1 33 260
27 93 73 83 11 0 18 0.00 0.0 0 9.4 15 160 M M 1 3 25 210
28 93 70 82 10 0 17 0.00 0.0 0 12.0 20 170 M M 0 29 160
29 81 66 74 2 0 9 0.02 0.0 0 7.4 18 70 M M 6 1 30 60
30 88 67 78 6 0 13 0.00 0.0 0 8.4 15 160 M M 5 25 140
31 83 63 73 1 0 8 0.00 0.0 0 10.2 25 60 M M 1 37 50
================================================================================
SM 2708 2028 0 359 4.03 0.0 267.6 M 45
================================================================================
AV 87.4 65.4 8.6 FASTST M M 1 MAX(MPH)
MISC ----> 53 310 57 310
================================================================================
NOTES:
# LAST OF SEVERAL OCCURRENCES
COLUMN 17 PEAK WIND IN M.P.H.
PRELIMINARY LOCAL CLIMATOLOGICAL DATA (WS FORM: F-6) , PAGE 2
STATION: HASTINGS NE
MONTH: AUGUST
YEAR: 2021
LATITUDE: 40 35 N
LONGITUDE: 98 26 W
[TEMPERATURE DATA] [PRECIPITATION DATA] SYMBOLS USED IN COLUMN 16
AVERAGE MONTHLY: 76.4 TOTAL FOR MONTH: 4.03 1 = FOG OR MIST
DPTR FM NORMAL: 1.9 DPTR FM NORMAL: 0.61 2 = FOG REDUCING VISIBILITY
HIGHEST: 95 ON 9 GRTST 24HR 1.49 ON 20-20 TO 1/4 MILE OR LESS
LOWEST: 54 ON 2 3 = THUNDER
SNOW, ICE PELLETS, HAIL 4 = ICE PELLETS
TOTAL MONTH: 0.0 INCH 5 = HAIL
GRTST 24HR 0.0 6 = FREEZING RAIN OR DRIZZLE
GRTST DEPTH: 0 7 = DUSTSTORM OR SANDSTORM:
VSBY 1/2 MILE OR LESS
8 = SMOKE OR HAZE
[NO. OF DAYS WITH] [WEATHER - DAYS WITH] 9 = BLOWING SNOW
X = TORNADO
MAX 32 OR BELOW: 0 0.01 INCH OR MORE: 7
MAX 90 OR ABOVE: 9 0.10 INCH OR MORE: 4
MIN 32 OR BELOW: 0 0.50 INCH OR MORE: 3
MIN 0 OR BELOW: 0 1.00 INCH OR MORE: 2
[HDD (BASE 65) ]
TOTAL THIS MO. 0 CLEAR (SCALE 0-3) 27
DPTR FM NORMAL -4 PTCLDY (SCALE 4-7) 4
TOTAL FM JUL 1 0 CLOUDY (SCALE 8-10) 0
DPTR FM NORMAL -2
[CDD (BASE 65) ]
TOTAL THIS MO. 359
DPTR FM NORMAL 61 [PRESSURE DATA]
TOTAL FM JAN 1 1101 HIGHEST SLP 30.28 ON 14
DPTR FM NORMAL 109 LOWEST SLP 29.65 ON 7
[REMARKS]
SUBSTITUTED PRECIPITATION AMOUNT (1.49) FOR 8/20/2021 FROM
LOCAL COOPERATIVE OBSERVER (HSTN1, HASTINGS 4N, SITE 25-3660-8) DUE
TO MALFUNCTION OF THE AUTOMATED GAUGE.
#FINAL-08-21#