949
CXUS53 KGID 011540
CF6HSI
PRELIMINARY LOCAL CLIMATOLOGICAL DATA (WS FORM: F-6)
STATION: HASTINGS NE
MONTH: APRIL
YEAR: 2020
LATITUDE: 40 35 N
LONGITUDE: 98 26 W
TEMPERATURE IN F: :PCPN: SNOW: WIND :SUNSHINE: SKY :PK WND
================================================================================
1 2 3 4 5 6A 6B 7 8 9 10 11 12 13 14 15 16 17 18
12Z AVG MX 2MIN
DY MAX MIN AVG DEP HDD CDD WTR SNW DPTH SPD SPD DIR MIN PSBL S-S WX SPD DR
================================================================================
1 74 45 60 14 5 0 0.00 0.0 0 10.9 28 170 M M 1 43 170
2 53 21 37 -9 28 0 0.01 0.0 0 21.6 33 340 M M 8 168 43 340
3 37 20 29 -18 36 0 T T 0 16.4 30 340 M M 6 38 340
4 50 23 37 -10 28 0 0.00 0.0 0 7.4 16 130 M M 5 22 120
5 56 29 43 -4 22 0 0.00 0.0 0 10.6 20 160 M M 3 18 29 150
6 77 47 62 14 3 0 0.00 0.0 0 6.3 16 160 M M 5 18 23 150
7 85 41 63 15 2 0 0.00 0.0 0 10.2 29 310 M M 0 12 37 310
8 69 37 53 5 12 0 0.00 0.0 0 13.1 32 10 M M 0 42 30
9 56 26 41 -8 24 0 0.00 0.0 0 14.6 35 340 M M 1 54 360
10 64 22 43 -6 22 0 0.00 0.0 0 10.5 23 210 M M 1 36 230
11 72 41 57 8 8 0 0.00 0.0 0 10.7 23 30 M M 1 8 31 30
12 46 24 35 -15 30 0 0.01 0.1 0 26.0 41 360 M M 8 168 55 360
13 41 19 30 -20 35 0 0.00 0.0 0 13.5 26 330 M M 1 37 320
14 52 15 34 -16 31 0 0.00 0.0 0 12.2 28 290 M M 4 40 290
15 54 20 37 -14 28 0 0.00 0.0 0 6.4 18 70 M M 3 24 210
16 40 30 35 -16 30 0 0.29 2.4 0 17.5 26 40 M M 9 12 35 40
17 51 21 36 -15 29 0 0.00 0.0 2 7.1 17 260 M M 3 1 26 300
18 74 32 53 1 12 0 0.00 0.0 0 9.6 23 280 M M 0 33 220
19 65 39 52 0 13 0 T 0.0 0 9.9 18 70 M M 1 25 60
20 71 36 54 2 11 0 T 0.0 0 12.5 30 310 M M 2 48 310
21 75 37 56 3 9 0 0.00 0.0 0 7.3 15 170 M M 1 24 210
22 75 47 61 8 4 0 0.00 0.0 0 7.2 15 230 M M 1 25 210
23 80 42 61 8 4 0 0.01 0.0 0 7.2 24 40 M M 1 45 130
24 61 44 53 -1 12 0 0.51 0.0 0 11.0 23 10 M M 6 1 30 20
25 67 41 54 0 11 0 0.00 0.0 0 12.2 23 330 M M 2 30 340
26 73 37 55 1 10 0 T 0.0 0 10.3 26 170 M M 2 38 150
27 83 48 66 11 0 1 0.00 0.0 0 8.1 13 180 M M 1 21 170
28 75 49 62 7 3 0 0.05 0.0 0 16.9 43 350 M M 1 8 55 350
29 66 43 55 0 10 0 0.00 0.0 0 18.4 37 330 M M 3 49 330
30 77 39 58 2 7 0 0.00 0.0 0 7.9 17 160 M M 0 28 170
================================================================================
SM 1919 1015 479 1 0.88 2.5 353.5 M 80
================================================================================
AV 64.0 33.8 11.8 FASTST M M 3 MAX(MPH)
MISC ----> # 43 350 # 55 360
================================================================================
NOTES:
# LAST OF SEVERAL OCCURRENCES
COLUMN 17 PEAK WIND IN M.P.H.
PRELIMINARY LOCAL CLIMATOLOGICAL DATA (WS FORM: F-6) , PAGE 2
STATION: HASTINGS NE
MONTH: APRIL
YEAR: 2020
LATITUDE: 40 35 N
LONGITUDE: 98 26 W
[TEMPERATURE DATA] [PRECIPITATION DATA] SYMBOLS USED IN COLUMN 16
AVERAGE MONTHLY: 48.9 TOTAL FOR MONTH: 0.88 1 = FOG OR MIST
DPTR FM NORMAL: -1.8 DPTR FM NORMAL: -1.68 2 = FOG REDUCING VISIBILITY
HIGHEST: 85 ON 7 GRTST 24HR 0.51 ON 24-24 TO 1/4 MILE OR LESS
LOWEST: 15 ON 14 3 = THUNDER
SNOW, ICE PELLETS, HAIL 4 = ICE PELLETS
TOTAL MONTH: 2.5 INCHES 5 = HAIL
GRTST 24HR 2.4 ON 16-16 6 = FREEZING RAIN OR DRIZZLE
GRTST DEPTH: 2 ON 17 7 = DUSTSTORM OR SANDSTORM:
VSBY 1/2 MILE OR LESS
8 = SMOKE OR HAZE
[NO. OF DAYS WITH] [WEATHER - DAYS WITH] 9 = BLOWING SNOW
X = TORNADO
MAX 32 OR BELOW: 0 0.01 INCH OR MORE: 6
MAX 90 OR ABOVE: 0 0.10 INCH OR MORE: 2
MIN 32 OR BELOW: 13 0.50 INCH OR MORE: 1
MIN 0 OR BELOW: 0 1.00 INCH OR MORE: 0
[HDD (BASE 65) ]
TOTAL THIS MO. 479 CLEAR (SCALE 0-3) 21
DPTR FM NORMAL 47 PTCLDY (SCALE 4-7) 8
TOTAL FM JUL 1 5641 CLOUDY (SCALE 8-10) 1
DPTR FM NORMAL -198
[CDD (BASE 65) ]
TOTAL THIS MO. 1
DPTR FM NORMAL -4 [PRESSURE DATA]
TOTAL FM JAN 1 1 HIGHEST SLP 30.37 ON 14
DPTR FM NORMAL -4 LOWEST SLP 29.52 ON 11
[REMARKS]
#FINAL-04-20#