000
CXUS53 KGID 011254
CLMHSI
CLIMATE REPORT
NATIONAL WEATHER SERVICE HASTINGS NE
754 AM CDT SUN OCT 01 2023
...................................
...THE HASTINGS NE CLIMATE SUMMARY FOR THE MONTH OF SEPTEMBER 2023...
CLIMATE NORMAL PERIOD 1991 TO 2020
CLIMATE RECORD PERIOD 1894 TO 2023
WEATHER OBSERVED NORMAL DEPART LAST YEAR`S
VALUE DATE(S) VALUE FROM VALUE DATE(S)
NORMAL
................................................................
TEMPERATURE (F)
RECORD
HIGH 105 09/04/1945
LOW 26 09/22/1995
HIGHEST 100 09/02 95 5 99 09/20
LOWEST 47 09/12 37 10 42 09/26
09/17
AVG. MAXIMUM 84.0 78.6 5.4 82.8
AVG. MINIMUM 56.5 54.3 2.2 56.0
MEAN 70.2 66.4 3.8 69.4
DAYS MAX >= 90 9 4.2 4.8 8
DAYS MAX <= 32 0 0.0 0.0 0
DAYS MIN <= 32 0 0.0 0.0 0
DAYS MIN <= 0 0 0.0 0.0 0
PRECIPITATION (INCHES)
RECORD
MAXIMUM 12.61 1973
MINIMUM 0.23 1948
TOTALS 2.96 2.06 0.90 2.27
DAILY AVG. 0.10 0.07 0.03 0.08
DAYS >= .01 3 7.3 -4.3 7
DAYS >= .10 3 3.8 -0.8 3
DAYS >= .50 2 1.0 1.0 2
DAYS >= 1.00 1 0.3 0.7 1
GREATEST
24 HR. TOTAL 2.45 09/21 TO 09/22
SNOWFALL (INCHES)
RECORDS
TOTAL 6.0 1985
TOTALS 0.0 0.0 0.0 0.0
SINCE 7/1 T 0.0 0.0 MM
DAYS >= 1.0 0 0.0 0.0 0
GREATEST
SNOW DEPTH 0 0 MM
24 HR TOTAL MM
DEGREE DAYS
HEATING TOTAL 14 83 -69 39
SINCE 7/1 14 90 -76 MM
COOLING TOTAL 177 127 50 180
SINCE 1/1 1180 1119 61 MM
................................................................
WIND (MPH)
AVERAGE WIND SPEED 8.1
HIGHEST WIND SPEED/DIRECTION 39/290 DATE 09/21
HIGHEST GUST SPEED/DIRECTION 52/290 DATE 09/21
SKY COVER
POSSIBLE SUNSHINE (PERCENT) MM
AVERAGE SKY COVER 0.15
NUMBER OF DAYS FAIR 22
NUMBER OF DAYS PC 6
NUMBER OF DAYS CLOUDY 1
AVERAGE RH (PERCENT) 61
WEATHER CONDITIONS. NUMBER OF DAYS WITH
THUNDERSTORM 3 MIXED PRECIP 0
HEAVY RAIN 1 RAIN 3
LIGHT RAIN 8 FREEZING RAIN 0
LT FREEZING RAIN 0 HAIL 0
HEAVY SNOW 0 SNOW 0
LIGHT SNOW 0 SLEET 0
FOG 11 FOG W/VIS <= 1/4 MILE 1
HAZE 7
- INDICATES NEGATIVE NUMBERS.
R INDICATES RECORD WAS SET OR TIED.
MM INDICATES DATA IS MISSING.
T INDICATES TRACE AMOUNT.
$$