000
CXUS54 KHUN 010810
CF6HSV
PRELIMINARY LOCAL CLIMATOLOGICAL DATA (WS FORM: F-6)
STATION: HUNTSVILLE
MONTH: JUNE
YEAR: 2023
LATITUDE: 34 39 N
LONGITUDE: 86 46 W
TEMPERATURE IN F: :PCPN: SNOW: WIND :SUNSHINE: SKY :PK WND
================================================================================
1 2 3 4 5 6A 6B 7 8 9 10 11 12 13 14 15 16 17 18
12Z AVG MX 2MIN
DY MAX MIN AVG DEP HDD CDD WTR SNW DPTH SPD SPD DIR MIN PSBL S-S WX SPD DR
================================================================================
1 87 65 76 0 0 11 0.00 0.0 0 6.3 14 120 M M 3 18 120
2 91 65 78 2 0 13 T 0.0 0 4.4 22 30 M M 5 27 30
3 94 63 79 3 0 14 0.00 0.0 0 5.2 15 50 M M 1 21 100
4 92 62 77 1 0 12 0.00 0.0 0 5.2 17 110 M M 2 3 22 110
5 91 66 79 3 0 14 T 0.0 0 4.2 18 320 M M 5 3 27 320
6 90 65 78 1 0 13 0.00 0.0 0 4.0 14 230 M M 4 3 22 220
7 92 63 78 1 0 13 0.00 0.0 0 6.0 16 320 M M 3 18 23 320
8 86 66 76 -1 0 11 0.00 0.0 0 6.5 15 40 M M 3 22 10
9 89 64 77 0 0 12 0.00 0.0 0 4.5 13 320 M M 3 17 330
10 88 62 75 -3 0 10 0.06 0.0 0 6.4 15 150 M M 7 8 23 240
11 93 71 82 4 0 17 0.13 0.0 0 9.8 24 230 M M 6 13 34 220
12 80 63 72 -6 0 7 0.01 0.0 0 6.9 14 10 M M 7 19 340
13 82 60 71 -7 0 6 0.00 0.0 0 5.0 16 220 M M 6 1 22 240
14 80 68 74 -4 0 9 0.40 0.0 0 5.1 14 190 M M 8 13 19 260
15 85 67 76 -3 0 11 0.28 0.0 0 4.6 20 270 M M 8 138 29 240
16 91 64 78 -1 0 13 0.00 0.0 0 3.8 10 300 M M 4 12 15 270
17 92 66 79 0 0 14 0.00 0.0 0 3.6 14 360 M M 2 19 10
18 86 68 77 -2 0 12 0.35 0.0 0 9.0 28 190 M M 6 138 37 190
19 86 69 78 -1 0 13 T 0.0 0 7.4 18 270 M M 7 13 27 310
20 85 67 76 -4 0 11 0.01 0.0 0 5.8 15 320 M M 5 13 21 310
21 84 68 76 -4 0 11 0.42 0.0 0 8.4 21 40 M M 9 13 28 40
22 81 67 74 -6 0 9 0.26 0.0 0 4.0 13 10 M M 8 18 16 340
23 85 67 76 -4 0 11 0.00 0.0 0 4.1 12 310 M M 6 17 310
24 92 66 79 -1 0 14 0.00 0.0 0 4.8 15 300 M M 2 25 340
25 93 68 81 1 0 16 1.41 0.0 0 8.3 39 30 M M 4 1238 69 30
26 91 67 79 -1 0 14 0.00 0.0 0 7.2 16 300 M M 1 25 260
27 92 66 79 -1 0 14 0.00 0.0 0 4.1 14 330 M M 2 8 21 350
28 93 67 80 -1 0 15 0.00 0.0 0 2.6 12 230 M M 1 16 230
29 92 70 81 0 0 16 T 0.0 0 6.3 21 40 M M 5 3 26 40
30 97 71 84 3 0 19 T 0.0 0 7.5 32 30 M M 4 18 43 20
================================================================================
SM 2660 1981 0 375 3.33 0.0 171.0 M 137
================================================================================
AV 88.7 66.0 5.7 FASTST M M 5 MAX(MPH)
MISC ----> 39 30 69 30
================================================================================
NOTES:
# LAST OF SEVERAL OCCURRENCES
COLUMN 17 PEAK WIND IN M.P.H.
PRELIMINARY LOCAL CLIMATOLOGICAL DATA (WS FORM: F-6) , PAGE 2
STATION: HUNTSVILLE
MONTH: JUNE
YEAR: 2023
LATITUDE: 34 39 N
LONGITUDE: 86 46 W
[TEMPERATURE DATA] [PRECIPITATION DATA] SYMBOLS USED IN COLUMN 16
AVERAGE MONTHLY: 77.4 TOTAL FOR MONTH: 3.33 1 = FOG OR MIST
DPTR FM NORMAL: -1.2 DPTR FM NORMAL: -0.73 2 = FOG REDUCING VISIBILITY
HIGHEST: 97 ON 30 GRTST 24HR 1.41 ON 25-25 TO 1/4 MILE OR LESS
LOWEST: 60 ON 13 3 = THUNDER
SNOW, ICE PELLETS, HAIL 4 = ICE PELLETS
TOTAL MONTH: 0.0 INCH 5 = HAIL
GRTST 24HR 0.0 6 = FREEZING RAIN OR DRIZZLE
GRTST DEPTH: 0 7 = DUSTSTORM OR SANDSTORM:
VSBY 1/2 MILE OR LESS
8 = SMOKE OR HAZE
[NO. OF DAYS WITH] [WEATHER - DAYS WITH] 9 = BLOWING SNOW
X = TORNADO
MAX 32 OR BELOW: 0 0.01 INCH OR MORE: 10
MAX 90 OR ABOVE: 16 0.10 INCH OR MORE: 7
MIN 32 OR BELOW: 0 0.50 INCH OR MORE: 1
MIN 0 OR BELOW: 0 1.00 INCH OR MORE: 1
[HDD (BASE 65) ]
TOTAL THIS MO. 0 CLEAR (SCALE 0-3) 11
DPTR FM NORMAL 0 PTCLDY (SCALE 4-7) 17
TOTAL FM JUL 1 2461 CLOUDY (SCALE 8-10) 2
DPTR FM NORMAL -370
[CDD (BASE 65) ]
TOTAL THIS MO. 375
DPTR FM NORMAL -32 [PRESSURE DATA]
TOTAL FM JAN 1 647 HIGHEST SLP M ON M
DPTR FM NORMAL -68 LOWEST SLP 29.68 ON 11
[REMARKS]
#FINAL-06-23#