000
CXUS54 KHUN 020545
CF6HSV
PRELIMINARY LOCAL CLIMATOLOGICAL DATA (WS FORM: F-6)
STATION: HUNTSVILLE
MONTH: FEBRUARY
YEAR: 2024
LATITUDE: 34 39 N
LONGITUDE: 86 46 W
TEMPERATURE IN F: :PCPN: SNOW: WIND :SUNSHINE: SKY :PK WND
================================================================================
1 2 3 4 5 6A 6B 7 8 9 10 11 12 13 14 15 16 17 18
12Z AVG MX 2MIN
DY MAX MIN AVG DEP HDD CDD WTR SNW DPTH SPD SPD DIR MIN PSBL S-S WX SPD DR
================================================================================
1 59 28 44 0 21 0 0.00 0.0 0 2.4 7 90 M M 5 12 9 190
2 69 36 53 9 12 0 0.00 0.0 0 3.5 9 300 M M 1 13 300
3 67 40 54 10 11 0 0.00 0.0 0 9.6 21 130 M M 4 29 120
4 58 42 50 6 15 0 0.58 0.0 0 11.6 24 110 M M 8 1 37 120
5 67 44 56 12 9 0 0.01 0.0 0 7.0 13 330 M M 4 19 320
6 66 37 52 7 13 0 0.00 0.0 0 5.7 14 20 M M 1 19 340
7 67 33 50 5 15 0 0.00 0.0 0 6.0 13 150 M M 4 18 140
8 58 42 50 5 15 0 T 0.0 0 10.3 21 150 M M 8 25 150
9 64 54 59 14 6 0 0.01 0.0 0 8.3 15 190 M M 10 1 20 180
10 67 54 61 15 4 0 0.95 0.0 0 10.0 26 330 M M 9 1 32 330
11 59 52 56 10 9 0 1.24 0.0 0 8.0 21 20 M M 10 13 27 30
12 61 40 51 5 14 0 0.63 0.0 0 10.9 33 260 M M 10 12 49 260
13 55 35 45 -1 20 0 T 0.0 0 5.4 20 320 M M 2 29 320
14 65 32 49 3 16 0 0.00 0.0 0 2.8 7 110 M M 0 1 9 160
15 68 36 52 5 13 0 0.00 0.0 0 5.3 15 240 M M 3 21 250
16 67 41 54 7 11 0 0.16 0.0 0 9.2 24 360 M M 8 1 34 20
17 41 30 36 -11 29 0 T 0.0 0 12.9 22 350 M M 9 30 350
18 49 25 37 -11 28 0 0.00 0.0 0 4.5 12 260 M M 1 16 250
19 58 26 42 -6 23 0 0.00 0.0 0 0.8 8 210 M M 1 12 210
20 63 34 49 1 16 0 0.00 0.0 0 1.9 9 260 M M 3 8 12 270
21 70 37 54 6 11 0 0.00 0.0 0 8.9 17 180 M M 4 23 170
22 65 52 59 11 6 0 0.06 0.0 0 12.5 30 350 M M 7 13 42 360
23 67 44 56 7 9 0 0.28 0.0 0 8.9 24 350 M M 5 138 33 350
24 60 38 49 0 16 0 0.00 0.0 0 8.0 22 330 M M 2 32 330
25 69 30 50 1 15 0 0.00 0.0 0 7.8 18 210 M M 2 25 220
26 74 48 61 11 4 0 0.00 0.0 0 11.7 20 190 M M 5 27 200
27 76 61 69 19 0 4 T 0.0 0 14.5 26 220 M M 8 41 230
28 72 35 54 4 11 0 0.15 0.0 0 14.3 31 290 M M 9 13 51 290
29 49 33 41 -9 24 0 T 0.0 0 7.5 14 40 M M 7 18 40
================================================================================
SM 1830 1139 396 4 4.07 0.0 230.2 M 150
================================================================================
AV 63.1 39.3 7.9 FASTST M M 5 MAX(MPH)
MISC ----> 33 260 51 290
================================================================================
NOTES:
# LAST OF SEVERAL OCCURRENCES
COLUMN 17 PEAK WIND IN M.P.H.
PRELIMINARY LOCAL CLIMATOLOGICAL DATA (WS FORM: F-6) , PAGE 2
STATION: HUNTSVILLE
MONTH: FEBRUARY
YEAR: 2024
LATITUDE: 34 39 N
LONGITUDE: 86 46 W
[TEMPERATURE DATA] [PRECIPITATION DATA] SYMBOLS USED IN COLUMN 16
AVERAGE MONTHLY: 51.2 TOTAL FOR MONTH: 4.07 1 = FOG OR MIST
DPTR FM NORMAL: 4.5 DPTR FM NORMAL: -1.04 2 = FOG REDUCING VISIBILITY
HIGHEST: 76 ON 27 GRTST 24HR 1.87 ON 10-11 TO 1/4 MILE OR LESS
LOWEST: 25 ON 18 3 = THUNDER
SNOW, ICE PELLETS, HAIL 4 = ICE PELLETS
TOTAL MONTH: 0.0 INCH 5 = HAIL
GRTST 24HR 0.0 6 = FREEZING RAIN OR DRIZZLE
GRTST DEPTH: 0 7 = DUSTSTORM OR SANDSTORM:
VSBY 1/2 MILE OR LESS
8 = SMOKE OR HAZE
[NO. OF DAYS WITH] [WEATHER - DAYS WITH] 9 = BLOWING SNOW
X = TORNADO
MAX 32 OR BELOW: 0 0.01 INCH OR MORE: 10
MAX 90 OR ABOVE: 0 0.10 INCH OR MORE: 7
MIN 32 OR BELOW: 6 0.50 INCH OR MORE: 4
MIN 0 OR BELOW: 0 1.00 INCH OR MORE: 1
[HDD (BASE 65) ]
TOTAL THIS MO. 396 CLEAR (SCALE 0-3) 8
DPTR FM NORMAL -117 PTCLDY (SCALE 4-7) 13
TOTAL FM JUL 1 2156 CLOUDY (SCALE 8-10) 8
DPTR FM NORMAL -200
[CDD (BASE 65) ]
TOTAL THIS MO. 4
DPTR FM NORMAL 2 [PRESSURE DATA]
TOTAL FM JAN 1 4 HIGHEST SLP 30.51 ON 29
DPTR FM NORMAL 1 LOWEST SLP 29.46 ON 12
[REMARKS]
#FINAL-02-24#