000
CXUS53 KAPX 010730
CF6HTL
PRELIMINARY LOCAL CLIMATOLOGICAL DATA (WS FORM: F-6)
STATION: HOUGHTON LAKE MI
MONTH: SEPTEMBER
YEAR: 2021
LATITUDE: 44 22 N
LONGITUDE: 84 41 W
TEMPERATURE IN F: :PCPN: SNOW: WIND :SUNSHINE: SKY :PK WND
================================================================================
1 2 3 4 5 6A 6B 7 8 9 10 11 12 13 14 15 16 17 18
12Z AVG MX 2MIN
DY MAX MIN AVG DEP HDD CDD WTR SNW DPTH SPD SPD DIR MIN PSBL S-S WX SPD DR
================================================================================
1 75 49 62 -1 3 0 0.00 0.0 0 6.2 16 350 M M 0 22 360
2 76 42 59 -4 6 0 0.00 0.0 0 3.8 13 310 M M 0 1 18 310
3 71 43 57 -5 8 0 0.00 0.0 0 2.9 8 190 M M 2 1 13 180
4 72 58 65 3 0 0 T 0.0 0 8.6 18 210 M M 10 1 26 220
5 73 56 65 3 0 0 0.00 0.0 0 10.0 18 290 M M 4 29 300
6 72 47 60 -2 5 0 0.06 0.0 0 7.0 16 280 M M 2 1 24 280
7 65 44 55 -6 10 0 1.62 0.0 0 6.6 22 320 M M 4 13 34 310
8 69 54 62 1 3 0 0.07 0.0 0 11.5 22 280 M M 4 1 32 260
9 69 47 58 -3 7 0 0.00 0.0 0 6.4 15 330 M M 5 1 23 310
10 74 47 61 1 4 0 0.00 0.0 0 4.2 9 230 M M 3 1 13 250
11 78 60 69 9 0 4 0.00 0.0 0 9.1 18 230 M M 2 29 230
12 72 52 62 2 3 0 T 0.0 0 3.2 8 10 M M 4 M M
13 69 46 58 -1 7 0 0.00 0.0 0 4.3 10 70 M M 4 1 M M
14 79 55 67 8 0 2 0.01 0.0 0 10.4 23 280 M M 8 13 36 300
15 73 44 59 0 6 0 0.00 0.0 0 6.0 15 330 M M 3 1 23 310
16 75 40 58 0 7 0 0.00 0.0 0 6.3 16 170 M M 1 128 23 170
17 81 59 70 12 0 5 0.00 0.0 0 8.9 17 200 M M 2 25 280
18 73 41 57 -1 8 0 0.00 0.0 0 3.8 10 70 M M 0 1 16 20
19 77 40 59 2 6 0 0.00 0.0 0 5.5 13 160 M M 0 1 18 170
20 79 56 68 11 0 3 0.09 0.0 0 7.6 15 130 M M 4 1 25 140
21 69 53 61 5 4 0 0.06 0.0 0 10.3 16 310 M M 9 1 25 190
22 54 50 52 -4 13 0 T 0.0 0 11.6 17 20 M M 7 31 50
23 51 44 48 -8 17 0 0.80 0.0 0 12.1 22 360 M M 10 1 36 20
24 69 48 59 4 6 0 T 0.0 0 10.7 20 180 M M 5 1 27 160
25 61 50 56 1 9 0 0.19 0.0 0 10.6 18 260 M M 6 1 30 250
26 65 49 57 2 8 0 T 0.0 0 5.1 9 210 M M 5 18 210
27 72 48 60 6 5 0 0.00 0.0 0 5.6 14 30 M M 2 19 20
28 67 40 54 0 11 0 0.00 0.0 0 3.8 13 50 M M 2 1 19 40
29 72 43 58 5 7 0 0.00 0.0 0 1.0 7 270 M M 3 1 M M
30 74 39 57 4 8 0 0.00 0.0 0 2.2 8 80 M M 1 12 10 80
================================================================================
SM 2126 1444 171 14 2.90 0.0 205.3 M 112
================================================================================
AV 70.9 48.1 6.8 FASTST M M 4 MAX(MPH)
MISC ----> 23 280 # 36 300
================================================================================
NOTES:
# LAST OF SEVERAL OCCURRENCES
COLUMN 17 PEAK WIND IN M.P.H.
PRELIMINARY LOCAL CLIMATOLOGICAL DATA (WS FORM: F-6) , PAGE 2
STATION: HOUGHTON LAKE MI
MONTH: SEPTEMBER
YEAR: 2021
LATITUDE: 44 22 N
LONGITUDE: 84 41 W
[TEMPERATURE DATA] [PRECIPITATION DATA] SYMBOLS USED IN COLUMN 16
AVERAGE MONTHLY: 59.5 TOTAL FOR MONTH: 2.90 1 = FOG OR MIST
DPTR FM NORMAL: 1.2 DPTR FM NORMAL: 0.31 2 = FOG REDUCING VISIBILITY
HIGHEST: 81 ON 17 GRTST 24HR 1.62 ON 7- 7 TO 1/4 MILE OR LESS
LOWEST: 39 ON 30 3 = THUNDER
SNOW, ICE PELLETS, HAIL 4 = ICE PELLETS
TOTAL MONTH: 0.0 INCH 5 = HAIL
GRTST 24HR 0.0 6 = FREEZING RAIN OR DRIZZLE
GRTST DEPTH: 0 7 = DUSTSTORM OR SANDSTORM:
VSBY 1/2 MILE OR LESS
8 = SMOKE OR HAZE
[NO. OF DAYS WITH] [WEATHER - DAYS WITH] 9 = BLOWING SNOW
X = TORNADO
MAX 32 OR BELOW: 0 0.01 INCH OR MORE: 8
MAX 90 OR ABOVE: 0 0.10 INCH OR MORE: 3
MIN 32 OR BELOW: 0 0.50 INCH OR MORE: 2
MIN 0 OR BELOW: 0 1.00 INCH OR MORE: 1
[HDD (BASE 65) ]
TOTAL THIS MO. 171 CLEAR (SCALE 0-3) 14
DPTR FM NORMAL -56 PTCLDY (SCALE 4-7) 13
TOTAL FM JUL 1 204 CLOUDY (SCALE 8-10) 3
DPTR FM NORMAL -131
[CDD (BASE 65) ]
TOTAL THIS MO. 14
DPTR FM NORMAL -14 [PRESSURE DATA]
TOTAL FM JAN 1 485 HIGHEST SLP 30.29 ON 18
DPTR FM NORMAL 150 LOWEST SLP 29.59 ON 7
[REMARKS]
#FINAL-09-21#