000
CXUS53 KAPX 131134
CLMHTL
CLIMATE REPORT
NATIONAL WEATHER SERVICE
734 AM EDT WED SEP 13 2023
...................................
...THE HOUGHTON LAKE MI CLIMATE SUMMARY FOR THE MONTH OF AUGUST 2023...
CLIMATE NORMAL PERIOD: 1991 TO 2020
CLIMATE RECORD PERIOD: 1913 TO 2023
WEATHER OBSERVED NORMAL DEPART LAST YEAR`S
VALUE DATE(S) VALUE FROM VALUE
NORMAL
..............................................................
TEMPERATURE (F)
HIGHEST 89 08/20 MM MM
LOWEST 37 08/31 MM MM
AVG. MAXIMUM 75.8 78.3 -2.5
AVG. MINIMUM 51.4 53.3 -1.9
MEAN 63.6 65.8 -2.2
DAYS MAX >= 90 0 0.6 -0.6
DAYS MAX <= 32 0 0.0 0.0
DAYS MIN <= 32 0 0.1 -0.1
DAYS MIN <= 0 0 0.0 0.0
PRECIPITATION (INCHES)
TOTALS 3.29 2.86 0.43
DAYS >= .01 13 9.5 3.5
DAYS >= .10 5 6.1 -1.1
DAYS >= .50 3 1.9 1.1
DAYS >= 1.00 1 0.6 0.4
GREATEST
24 HR. TOTAL 1.32 08/17 TO 08/18
SNOWFALL (INCHES)
RECORDS
24 HR TOTAL MM
TOTALS 0.0 0.0 0.0
DAYS >= TRACE 0 0.0 0.0
DAYS >= 1.0 0 0.0 0.0
GREATEST
SNOW DEPTH 0
24 HR TOTAL MM
DEGREE DAYS
HEATING TOTAL 89 66 23
SINCE 7/1 119 106 13
COOLING TOTAL 50 91 -41
SINCE 1/1 227 307 -80
..............................................................
WIND (MPH)
AVERAGE WIND SPEED 6.7
HIGHEST WIND SPEED/DIRECTION 31/310 DATE 08/03
HIGHEST GUST SPEED/DIRECTION 44/310 DATE 08/03
SKY COVER
AVERAGE SKY COVER 0.45
AVERAGE RH (PERCENT) 77
- INDICATES NEGATIVE NUMBERS.
R INDICATES RECORD WAS SET OR TIED.
MM INDICATES DATA IS MISSING.
T INDICATES TRACE AMOUNT.
$$