000
CXUS53 KIND 011726
CLMHUF
CLIMATE REPORT
NATIONAL WEATHER SERVICE INDIANAPOLIS IN
1226 PM EST FRI DEC 01 2023
...................................
...THE TERRE HAUTE IN CLIMATE SUMMARY FOR THE MONTH OF NOVEMBER 2023...
CLIMATE NORMAL PERIOD 1991 TO 2020
CLIMATE RECORD PERIOD 9999 TO 9999
WEATHER OBSERVED NORMAL DEPART LAST YEAR`S
VALUE DATE(S) VALUE FROM VALUE DATE(S)
NORMAL
................................................................
TEMPERATURE (F)
HIGHEST 80 11/08 76 11/04
LOWEST 16 11/28 14 11/20
AVG. MAXIMUM 57.7 52.6 5.1 54.7
AVG. MINIMUM 32.4 33.7 -1.3 33.0
MEAN 45.1 43.1 2.0 43.9
DAYS MAX >= 90 0 0.0 0.0 0
DAYS MAX <= 32 1 0.8 0.2 0
DAYS MIN <= 32 17 14.2 2.8 16
DAYS MIN <= 0 0 0.0 0.0 0
PRECIPITATION (INCHES)
TOTALS 0.66R 3.05 -2.39 1.46
DAILY AVG. 0.02 0.10 -0.08 0.05
DAYS >= .01 4 8.9 -4.9 7
DAYS >= .10 4 4.9 -0.9 3
DAYS >= .50 0 2.1 -2.1 2
DAYS >= 1.00 0 0.7 -0.7 0
GREATEST
24 HR. TOTAL 0.30 11/20 TO 11/21
DEGREE DAYS
HEATING TOTAL 591 656 -65 626
SINCE 7/1 874 1062 -188 MM
COOLING TOTAL 3 0 3 0
SINCE 1/1 1107 1076 31 MM
................................................................
WIND (MPH)
AVERAGE WIND SPEED 6.8
HIGHEST WIND SPEED/DIRECTION 25/210 DATE 11/06
25/250 11/08
HIGHEST GUST SPEED/DIRECTION 37/220 DATE 11/06
37/260 11/08
SKY COVER
AVERAGE SKY COVER 0.27
AVERAGE RH (PERCENT) 66
WEATHER CONDITIONS. NUMBER OF DAYS WITH
THUNDERSTORM 0 MIXED PRECIP 1
HEAVY RAIN 0 RAIN 6
LIGHT RAIN 6 FREEZING RAIN 0
LT FREEZING RAIN 0 HAIL 0
HEAVY SNOW 0 SNOW 0
LIGHT SNOW 0 SLEET 0
FOG 7 FOG W/VIS <= 1/4 MILE 2
HAZE 2
- INDICATES NEGATIVE NUMBERS.
R INDICATES RECORD WAS SET OR TIED.
MM INDICATES DATA IS MISSING.
T INDICATES TRACE AMOUNT.
$$