000
CXUS51 KCAR 010700
CF6HUL
PRELIMINARY LOCAL CLIMATOLOGICAL DATA (WS FORM: F-6)
STATION: HOULTON ME
MONTH: JUNE
YEAR: 2022
LATITUDE: 46 7 N
LONGITUDE: 67 48 W
TEMPERATURE IN F: :PCPN: SNOW: WIND :SUNSHINE: SKY :PK WND
================================================================================
1 2 3 4 5 6A 6B 7 8 9 10 11 12 13 14 15 16 17 18
12Z AVG MX 2MIN
DY MAX MIN AVG DEP HDD CDD WTR SNW DPTH SPD SPD DIR MIN PSBL S-S WX SPD DR
================================================================================
1 68 33 51 -5 14 0 0.00 M M 5.0 20 10 M M 0 24 30
2 73 39 56 0 9 0 0.00 M M 3.6 15 30 M M 0 20 20
3 72 42 57 0 8 0 T M M 4.0 14 230 M M 4 21 210
4 71 49 60 3 5 0 1.37 M M 5.4 13 100 M M 8 13 18 40
5 66 46 56 -1 9 0 0.26 M M 5.8 15 280 M M 7 13 20 250
6 66 44 55 -3 10 0 0.00 M M 4.3 10 40 M M 6 1 15 270
7 77 41 59 1 6 0 0.00 M M 5.4 14 230 M M 0 22 190
8 62 56 59 1 6 0 0.28 M M 7.0 16 180 M M 8 1 29 200
9 64 55 60 2 5 0 0.09 M M 5.3 14 120 M M 10 12 21 90
10 71 54 63 4 2 0 T M M 11.3 24 230 M M 6 32 250
11 78 53 66 7 0 1 0.00 M M 6.1 15 250 M M 2 20 280
12 79 47 63 4 2 0 0.00 M M 3.1 12 190 M M 1 17 190
13 67 58 63 3 2 0 0.04 M M 5.6 12 210 M M 8 13 20 180
14 69 52 61 1 4 0 0.23 M M 5.8 15 60 M M 9 12 21 350
15 79 47 63 3 2 0 0.00 M M 3.1 10 30 M M 4 12 14 350
16 78 54 66 6 0 1 T M M 10.3 20 220 M M 3 29 190
17 72 55 64 3 1 0 0.21 M M 8.7 16 190 M M 9 13 24 190
18 61 49 55 -6 10 0 0.08 M M 7.6 21 360 M M 9 1 29 10
19 49 45 47 -14 18 0 0.41 M M 12.8 20 360 M M 10 1 25 340
20 58 37 48 -14 17 0 0.02 M M 8.0 18 10 M M 7 1 23 340
21 71 34 53 -9 12 0 0.00 M M 3.3 10 150 M M 0 1 15 140
22 72 48 60 -2 5 0 0.00 M M 6.9 17 220 M M 0 25 180
23 75 50 63 1 2 0 0.00 M M 6.6 17 220 M M 5 23 220
24 76 55 66 3 0 1 0.07 M M 2.4 13 40 M M 5 1 17 60
25 86 52 69 6 0 4 0.00 M M 4.1 15 30 M M 1 18 30
26 87 49 68 5 0 3 0.00 M M 4.7 13 160 M M 1 18 160
27 76 62 69 5 0 4 0.10 M M 7.9 15 220 M M 5 1 23 180
28 75 47 61 -3 4 0 0.00 M M 4.1 13 260 M M 4 1 17 290
29 80 43 62 -2 3 0 0.00 M M 5.2 15 240 M M 2 18 240
30 75 48 62 -2 3 0 0.01 M M 6.0 16 360 M M 4 21 10
================================================================================
SM 2153 1444 159 14 3.17 M 179.4 M 138
================================================================================
AV 71.8 48.1 6.0 FASTST M M 5 MAX(MPH)
MISC ----> 24 230 32 250
================================================================================
NOTES:
# LAST OF SEVERAL OCCURRENCES
COLUMN 17 PEAK WIND IN M.P.H.
PRELIMINARY LOCAL CLIMATOLOGICAL DATA (WS FORM: F-6) , PAGE 2
STATION: HOULTON ME
MONTH: JUNE
YEAR: 2022
LATITUDE: 46 7 N
LONGITUDE: 67 48 W
[TEMPERATURE DATA] [PRECIPITATION DATA] SYMBOLS USED IN COLUMN 16
AVERAGE MONTHLY: 60.0 TOTAL FOR MONTH: 3.17 1 = FOG OR MIST
DPTR FM NORMAL: -0.2 DPTR FM NORMAL: -0.87 2 = FOG REDUCING VISIBILITY
HIGHEST: 87 ON 26 GRTST 24HR 1.63 ON 4- 5 TO 1/4 MILE OR LESS
LOWEST: 33 ON 1 3 = THUNDER
SNOW, ICE PELLETS, HAIL 4 = ICE PELLETS
TOTAL MONTH: M 5 = HAIL
GRTST 24HR M ON M 6 = FREEZING RAIN OR DRIZZLE
GRTST DEPTH: M ON M 7 = DUSTSTORM OR SANDSTORM:
VSBY 1/2 MILE OR LESS
8 = SMOKE OR HAZE
[NO. OF DAYS WITH] [WEATHER - DAYS WITH] 9 = BLOWING SNOW
X = TORNADO
MAX 32 OR BELOW: 0 0.01 INCH OR MORE: 13
MAX 90 OR ABOVE: 0 0.10 INCH OR MORE: 7
MIN 32 OR BELOW: 0 0.50 INCH OR MORE: 1
MIN 0 OR BELOW: 0 1.00 INCH OR MORE: 1
[HDD (BASE 65) ]
TOTAL THIS MO. 159 CLEAR (SCALE 0-3) 11
DPTR FM NORMAL -18 PTCLDY (SCALE 4-7) 13
TOTAL FM JUL 1 8434 CLOUDY (SCALE 8-10) 6
DPTR FM NORMAL -601
[CDD (BASE 65) ]
TOTAL THIS MO. 14
DPTR FM NORMAL -20 [PRESSURE DATA]
TOTAL FM JAN 1 25 HIGHEST SLP 30.19 ON 29
DPTR FM NORMAL -14 LOWEST SLP 29.36 ON 18
[REMARKS]
#FINAL-06-22#