000
CXUS51 KCAR 010600
CF6HUL
PRELIMINARY LOCAL CLIMATOLOGICAL DATA (WS FORM: F-6)
STATION: HOULTON ME
MONTH: JUNE
YEAR: 2021
LATITUDE: 46 7 N
LONGITUDE: 67 48 W
TEMPERATURE IN F: :PCPN: SNOW: WIND :SUNSHINE: SKY :PK WND
================================================================================
1 2 3 4 5 6A 6B 7 8 9 10 11 12 13 14 15 16 17 18
12Z AVG MX 2MIN
DY MAX MIN AVG DEP HDD CDD WTR SNW DPTH SPD SPD DIR MIN PSBL S-S WX SPD DR
================================================================================
1 73 48 61 5 4 0 0.05 M M 7.3 17 230 M M 4 1 22 260
2 80 46 63 7 2 0 0.00 M M 6.4 18 260 M M 3 27 240
3 72 52 62 5 3 0 0.02 M M 6.9 16 180 M M 5 23 190
4 80 54 67 10 0 2 T M M 7.0 16 280 M M 5 1 22 240
5 79 54 67 10 0 2 0.45 M M 8.2 21 220 M M 3 13 27 210
6 80 60 70 12 0 5 0.01 M M 4.2 12 10 M M 5 14 20
7 93 66 80 22 0 15 0.00 M M 8.3 22 230 M M 1 8 31 210
8 92 68 80 22 0 15 T M M 6.1 16 280 M M 2 8 22 280
9 78 53 66 8 0 1 0.00 M M 8.1 21 360 M M 1 27 320
10 64 38 51 -8 14 0 0.00 M M 8.6 23 360 M M 0 8 31 340
11 71 37 54 -5 11 0 0.00 M M 6.2 18 220 M M 4 24 210
12 76 43 60 1 5 0 0.00 M M 4.0 16 290 M M 2 22 250
13 75 39 57 -3 8 0 0.00 M M 3.5 14 350 M M 0 20 10
14 78 50 64 4 1 0 T M M 8.1 22 210 M M 3 33 210
15 68 57 63 3 2 0 0.09 M M 5.4 14 150 M M 9 1 19 210
16 70 49 60 0 5 0 0.02 M M 7.0 17 260 M M 6 1 24 250
17 69 45 57 -4 8 0 T M M 7.9 18 280 M M 5 26 290
18 81 48 65 4 0 0 0.00 M M 7.4 21 240 M M 0 29 250
19 75 58 67 6 0 2 0.26 M M 6.5 14 150 M M 7 13 20 150
20 79 52 66 4 0 1 T M M 4.5 15 260 M M 3 1 21 260
21 85 52 69 7 0 4 T M M 7.1 18 190 M M 2 18 30 150
22 75 53 64 2 1 0 0.40 M M 6.6 15 20 M M 10 1 17 10
23 67 42 55 -7 10 0 0.04 M M 6.8 17 280 M M 4 1 24 270
24 77 40 59 -4 6 0 0.00 M M 8.4 20 220 M M 0 25 220
25 71 51 61 -2 4 0 T M M 7.5 15 200 M M 5 1 24 180
26 71 60 66 3 0 1 0.22 M M 6.8 14 220 M M 9 1 21 190
27 85 70 78 14 0 13 T M M 9.6 18 220 M M 5 25 180
28 83 70 77 13 0 12 T M M 4.6 14 360 M M 8 16 360
29 89 67 78 14 0 13 0.00 M M 5.9 16 270 M M 4 1 22 270
30 80 66 73 9 0 8 0.62 M M 2.7 12 310 M M 7 1 14 310
================================================================================
SM 2316 1588 84 94 2.18 M 197.6 M 122
================================================================================
AV 77.2 52.9 6.6 FASTST M M 4 MAX(MPH)
MISC ----> 23 360 33 210
================================================================================
NOTES:
# LAST OF SEVERAL OCCURRENCES
COLUMN 17 PEAK WIND IN M.P.H.
PRELIMINARY LOCAL CLIMATOLOGICAL DATA (WS FORM: F-6) , PAGE 2
STATION: HOULTON ME
MONTH: JUNE
YEAR: 2021
LATITUDE: 46 7 N
LONGITUDE: 67 48 W
[TEMPERATURE DATA] [PRECIPITATION DATA] SYMBOLS USED IN COLUMN 16
AVERAGE MONTHLY: 65.1 TOTAL FOR MONTH: 2.18 1 = FOG OR MIST
DPTR FM NORMAL: 4.9 DPTR FM NORMAL: -1.86 2 = FOG REDUCING VISIBILITY
HIGHEST: 93 ON 7 GRTST 24HR 0.62 ON 30-30 TO 1/4 MILE OR LESS
LOWEST: 37 ON 11 3 = THUNDER
SNOW, ICE PELLETS, HAIL 4 = ICE PELLETS
TOTAL MONTH: M 5 = HAIL
GRTST 24HR M ON M 6 = FREEZING RAIN OR DRIZZLE
GRTST DEPTH: M ON M 7 = DUSTSTORM OR SANDSTORM:
VSBY 1/2 MILE OR LESS
8 = SMOKE OR HAZE
[NO. OF DAYS WITH] [WEATHER - DAYS WITH] 9 = BLOWING SNOW
X = TORNADO
MAX 32 OR BELOW: 0 0.01 INCH OR MORE: 11
MAX 90 OR ABOVE: 2 0.10 INCH OR MORE: 5
MIN 32 OR BELOW: 0 0.50 INCH OR MORE: 1
MIN 0 OR BELOW: 0 1.00 INCH OR MORE: 0
[HDD (BASE 65) ]
TOTAL THIS MO. 84 CLEAR (SCALE 0-3) 12
DPTR FM NORMAL -93 PTCLDY (SCALE 4-7) 15
TOTAL FM JUL 1 8033 CLOUDY (SCALE 8-10) 3
DPTR FM NORMAL -1002
[CDD (BASE 65) ]
TOTAL THIS MO. 94
DPTR FM NORMAL 60 [PRESSURE DATA]
TOTAL FM JAN 1 107 HIGHEST SLP M ON M
DPTR FM NORMAL 68 LOWEST SLP 29.51 ON 22
[REMARKS]
#FINAL-06-21#