000
CXUS56 KTFX 050148
CF6HVR
PRELIMINARY LOCAL CLIMATOLOGICAL DATA (WS FORM: F-6)
STATION: HAVRE MT
MONTH: APRIL
YEAR: 2021
LATITUDE: 48 32 N
LONGITUDE: 109 46 W
TEMPERATURE IN F: :PCPN: SNOW: WIND :SUNSHINE: SKY :PK WND
================================================================================
1 2 3 4 5 6A 6B 7 8 9 10 11 12 13 14 15 16 17 18
12Z AVG MX 2MIN
DY MAX MIN AVG DEP HDD CDD WTR SNW DPTH SPD SPD DIR MIN PSBL S-S WX SPD DR
================================================================================
1 72 27 50 11 15 0 0.00 0.0 0 14.6 32 240 M M 0 40 230
2 70 42 56 16 9 0 0.00 0.0 0 9.5 23 250 M M 1 32 220
3 68 41 55 15 10 0 0.00 0.0 0 6.3 13 290 M M 0 16 310
4 71 42 57 17 8 0 T 0.0 0 12.4 31 260 M M 4 40 260
5 54 31 43 2 22 0 0.04 T 0 3.8 15 10 M M 2 21 10
6 64 26 45 4 20 0 0.00 0.0 0 9.0 20 230 M M 0 28 250
7 71 33 52 11 13 0 0.00 0.0 0 14.7 30 230 M M 0 37 220
8 55 22 39 -3 26 0 0.00 0.0 0 14.8 36 320 M M 4 48 320
9 59 20 40 -2 25 0 0.00 0.0 0 12.7 29 250 M M 0 46 220
10 58 32 45 3 20 0 0.00 0.0 0 15.1 35 280 M M 4 51 260
11 39 25 32 -11 33 0 T T 0 14.8 24 330 M M 9 38 330
12 43 25 34 -9 31 0 0.00 0.0 0 11.2 24 20 M M 10 35 20
13 40 24 32 -11 33 0 0.04 1.2 0 8.0 22 50 M M 10 18 28 20
14 38 27 33 -11 32 0 T T 1 9.4 15 80 M M 10 18 20 70
15 48 26 37 -7 28 0 0.00 0.0 0 7.1 15 90 M M 8 20 60
16 64 19 42 -2 23 0 0.00 0.0 0 7.3 20 20 M M 4 12 28 330
17 70 23 47 3 18 0 0.00 0.0 0 8.8 18 300 M M 0 25 310
18 46 30 38 -7 27 0 0.16 T 0 12.0 26 80 M M 6 1 33 80
19 43 26 35 -10 30 0 T T T 12.3 26 330 M M 8 8 37 330
20 50 26 38 -7 27 0 0.00 0.0 0 4.7 12 220 M M 3 18 350
21 61 20 41 -5 24 0 0.00 0.0 0 8.0 21 220 M M 0 28 220
22 49 24 37 -9 28 0 0.06 0.3 0 10.0 26 360 M M 6 18 35 360
23 40 27 34 -12 31 0 T T T 3.8 10 230 M M 9 18 13 260
24 43 27 35 -11 30 0 0.02 T 0 11.6 18 100 M M 9 23 80
25 45 33 39 -8 26 0 0.07 T 0 8.9 20 90 M M 9 1 23 90
26 60 34 47 0 18 0 0.06 0.0 0 6.3 20 250 M M 8 1 27 260
27 66 30 48 1 17 0 0.00 0.0 0 11.2 22 220 M M 0 31 240
28 70 44 57 9 8 0 0.00 0.0 0 12.9 23 300 M M 3 37 210
29 75 46 61 13 4 0 0.00 0.0 0 9.7 23 260 M M 4 30 260
30 82 48 65 17 0 0 0.00 0.0 0 19.6 35 270 M M 0 48 260
================================================================================
SM 1714 900 636 0 0.45 1.5 310.5 M 131
================================================================================
AV 57.1 30.0 10.4 FASTST M M 4 MAX(MPH)
MISC ----> 36 320 51 260
================================================================================
NOTES:
# LAST OF SEVERAL OCCURRENCES
COLUMN 17 PEAK WIND IN M.P.H.
PRELIMINARY LOCAL CLIMATOLOGICAL DATA (WS FORM: F-6) , PAGE 2
STATION: HAVRE MT
MONTH: APRIL
YEAR: 2021
LATITUDE: 48 32 N
LONGITUDE: 109 46 W
[TEMPERATURE DATA] [PRECIPITATION DATA] SYMBOLS USED IN COLUMN 16
AVERAGE MONTHLY: 43.6 TOTAL FOR MONTH: 0.45 1 = FOG OR MIST
DPTR FM NORMAL: -0.4 DPTR FM NORMAL: -0.56 2 = FOG REDUCING VISIBILITY
HIGHEST: 82 ON 30 GRTST 24HR 0.16 ON 18-18 TO 1/4 MILE OR LESS
LOWEST: 19 ON 16 3 = THUNDER
SNOW, ICE PELLETS, HAIL 4 = ICE PELLETS
TOTAL MONTH: 1.5 INCHES 5 = HAIL
GRTST 24HR 1.2 ON 13-13 6 = FREEZING RAIN OR DRIZZLE
GRTST DEPTH: 1 ON 14 7 = DUSTSTORM OR SANDSTORM:
VSBY 1/2 MILE OR LESS
8 = SMOKE OR HAZE
[NO. OF DAYS WITH] [WEATHER - DAYS WITH] 9 = BLOWING SNOW
X = TORNADO
MAX 32 OR BELOW: 0 0.01 INCH OR MORE: 7
MAX 90 OR ABOVE: 0 0.10 INCH OR MORE: 1
MIN 32 OR BELOW: 21 0.50 INCH OR MORE: 0
MIN 0 OR BELOW: 0 1.00 INCH OR MORE: 0
[HDD (BASE 65) ]
TOTAL THIS MO. 636 CLEAR (SCALE 0-3) 11
DPTR FM NORMAL 4 PTCLDY (SCALE 4-7) 12
TOTAL FM JUL 1 7174 CLOUDY (SCALE 8-10) 7
DPTR FM NORMAL -518
[CDD (BASE 65) ]
TOTAL THIS MO. 0
DPTR FM NORMAL 0 [PRESSURE DATA]
TOTAL FM JAN 1 0 HIGHEST SLP 30.57 ON 13
DPTR FM NORMAL 0 LOWEST SLP 29.61 ON 10
[REMARKS]
#FINAL-04-21#