000
CXUS53 KICT 012215
CF6ICT
PRELIMINARY LOCAL CLIMATOLOGICAL DATA (WS FORM: F-6)
STATION: WICHITA EISENHOWER NATIONAL
MONTH: MAY
YEAR: 2022
LATITUDE: 37 39 N
LONGITUDE: 97 25 W
TEMPERATURE IN F: :PCPN: SNOW: WIND :SUNSHINE: SKY :PK WND
================================================================================
1 2 3 4 5 6A 6B 7 8 9 10 11 12 13 14 15 16 17 18
12Z AVG MX 2MIN
DY MAX MIN AVG DEP HDD CDD WTR SNW DPTH SPD SPD DIR MIN PSBL S-S WX SPD DR
================================================================================
1 74 41 58 -3 7 0 0.00 0.0 0 6.3 15 110 M M 3 8 22 120
2 64 44 54 -8 11 0 1.38 0.0 0 15.2 32 330 M M 9 13 42 330
3 60 42 51 -11 14 0 0.00 0.0 0 11.7 28 350 M M 9 37 330
4 56 49 53 -9 12 0 1.77 0.0 0 10.2 21 280 M M 10 13 31 70
5 61 50 56 -6 9 0 0.61 0.0 0 10.4 26 300 M M 9 13 36 290
6 67 51 59 -4 6 0 T 0.0 0 7.4 17 330 M M 7 1 23 320
7 79 52 66 3 0 1 0.00 0.0 0 14.7 26 130 M M 3 38 120
8 87 69 78 14 0 13 0.00 0.0 0 15.4 26 170 M M 8 18 37 170
9 91 74 83 19 0 18 0.00 0.0 0 22.5 31 180 M M 1 8 42 180
10 94 74 84 20 0 19 0.00 0.0 0 16.8 25 190 M M 2 18 33 180
11 88 70 79 14 0 14 0.00 0.0 0 16.9 26 190 M M 7 18 35 180
12 91 70 81 16 0 16 T 0.0 0 18.9 30 180 M M 5 138 40 170
13 83 67 75 9 0 10 T 0.0 0 11.7 26 30 M M 7 3 38 250
14 88 65 77 11 0 12 0.00 0.0 0 5.5 16 150 M M 5 3 23 180
15 78 65 72 6 0 7 0.00 0.0 0 9.6 24 60 M M 3 1 29 60
16 80 53 67 0 0 2 0.00 0.0 0 6.2 14 130 M M 2 20 130
17 86 61 74 7 0 9 0.35 0.0 0 17.3 44 340 M M 7 13 58 330
18 88 61 75 7 0 10 T 0.0 0 7.4 15 60 M M 5 3 22 30
19 89 68 79 11 0 14 T 0.0 0 13.7 25 180 M M 9 3 35 180
20 77 60 69 1 0 4 0.00 0.0 0 16.9 29 340 M M 6 37 180
21 65 44 55 -14 10 0 0.00 0.0 0 16.5 28 10 M M 5 38 30
22 69 43 56 -13 9 0 0.00 0.0 0 7.0 17 70 M M 2 23 50
23 63 49 56 -13 9 0 0.54 0.0 0 9.8 17 100 M M 8 1 25 120
24 66 53 60 -10 5 0 2.99 0.0 0 12.1 24 90 M M 10 1 35 110
25 56 52 54 -16 11 0 1.27 0.0 0 13.7 21 340 M M 10 1 32 330
26 69 51 60 -10 5 0 0.01 0.0 0 15.1 26 330 M M 7 1 36 340
27 84 50 67 -4 0 2 0.00 0.0 0 7.9 17 160 M M 1 22 190
28 87 63 75 4 0 10 0.08 0.0 0 21.2 35 170 M M 5 13 45 180
29 90 71 81 9 0 16 0.00 0.0 0 23.5 35 160 M M 6 46 180
30 89 72 81 9 0 16 0.05 0.0 0 21.8 35 190 M M 6 38 49 180
31 77 59 68 -4 0 3 3.90 T 0 11.0 26 60 M M 8 1235 32 60
================================================================================
SM 2396 1793 108 196 12.95 T 414.3 M 185
================================================================================
AV 77.3 57.8 13.4 FASTST M M 6 MAX(MPH)
MISC ----> 44 340 58 330
================================================================================
NOTES:
# LAST OF SEVERAL OCCURRENCES
COLUMN 17 PEAK WIND IN M.P.H.
PRELIMINARY LOCAL CLIMATOLOGICAL DATA (WS FORM: F-6) , PAGE 2
STATION: WICHITA EISENHOWER NATIONAL
MONTH: MAY
YEAR: 2022
LATITUDE: 37 39 N
LONGITUDE: 97 25 W
[TEMPERATURE DATA] [PRECIPITATION DATA] SYMBOLS USED IN COLUMN 16
AVERAGE MONTHLY: 67.6 TOTAL FOR MONTH: 12.95 1 = FOG OR MIST
DPTR FM NORMAL: 0.9 DPTR FM NORMAL: 7.78 2 = FOG REDUCING VISIBILITY
HIGHEST: 94 ON 10 GRTST 24HR 3.90 ON 31-31 TO 1/4 MILE OR LESS
LOWEST: 41 ON 1 3 = THUNDER
SNOW, ICE PELLETS, HAIL 4 = ICE PELLETS
TOTAL MONTH: T 5 = HAIL
GRTST 24HR T ON 31-31 6 = FREEZING RAIN OR DRIZZLE
GRTST DEPTH: 0 7 = DUSTSTORM OR SANDSTORM:
VSBY 1/2 MILE OR LESS
8 = SMOKE OR HAZE
[NO. OF DAYS WITH] [WEATHER - DAYS WITH] 9 = BLOWING SNOW
X = TORNADO
MAX 32 OR BELOW: 0 0.01 INCH OR MORE: 11
MAX 90 OR ABOVE: 4 0.10 INCH OR MORE: 8
MIN 32 OR BELOW: 0 0.50 INCH OR MORE: 7
MIN 0 OR BELOW: 0 1.00 INCH OR MORE: 5
[HDD (BASE 65) ]
TOTAL THIS MO. 108 CLEAR (SCALE 0-3) 7
DPTR FM NORMAL 29 PTCLDY (SCALE 4-7) 15
TOTAL FM JUL 1 4077 CLOUDY (SCALE 8-10) 9
DPTR FM NORMAL -332
[CDD (BASE 65) ]
TOTAL THIS MO. 196
DPTR FM NORMAL 64 [PRESSURE DATA]
TOTAL FM JAN 1 240 HIGHEST SLP 30.41 ON 22
DPTR FM NORMAL 81 LOWEST SLP 29.18 ON 20
[REMARKS]
#FINAL-05-22#