000
CXUS53 KICT 010937
CLMICT
CLIMATE REPORT
NATIONAL WEATHER SERVICE WICHITA KANSAS
337 AM CST FRI DEC 01 2023
...................................
...THE WICHITA EISENHOWER NATIONAL CLIMATE SUMMARY FOR THE MONTH OF NOVEMBER 2023...
CLIMATE NORMAL PERIOD 1991 TO 2020
CLIMATE RECORD PERIOD 1888 TO 2023
WEATHER OBSERVED NORMAL DEPART LAST YEAR`S
VALUE DATE(S) VALUE FROM VALUE DATE(S)
NORMAL
................................................................
TEMPERATURE (F)
RECORD
HIGH 86 11/02/2012
11/08/2006
LOW 1 11/26/1975
HIGHEST 76 11/07 79 11/01
LOWEST 13 11/27 15 11/18
11/19
AVG. MAXIMUM 58.4 57.0 1.4 55.0
AVG. MINIMUM 34.8 34.7 0.1 32.4
MEAN 46.6 45.8 0.8 43.7
DAYS MAX >= 90 0 0.0 0.0 0
DAYS MAX <= 32 1 0.5 0.5 1
DAYS MIN <= 32 11 12.9 -1.9 18
DAYS MIN <= 0 0 0.0 0.0 0
PRECIPITATION (INCHES)
RECORD
MAXIMUM 6.69 1909
MINIMUM 0.00 1989
TOTALS 2.90 1.36 1.54 2.95
DAILY AVG. 0.10 0.05 0.05 0.10
DAYS >= .01 5 5.1 -0.1 4
DAYS >= .10 4 2.5 1.5 2
DAYS >= .50 3 0.7 2.3 1
DAYS >= 1.00 1 0.4 0.6 0
GREATEST
24 HR. TOTAL 1.43 11/19 TO 11/20
SNOWFALL (INCHES)
RECORDS
TOTAL 9.0 1888
TOTALS 7.8 0.8 7.0 0.4
SINCE 7/1 7.8 1.0 6.8 MM
SNOWDEPTH AVG. 1 -1
DAYS >= 1.0 1 0.2 0.8 0
GREATEST
SNOW DEPTH 7R 11/26 -1 11/28
11/29
11/15
24 HR TOTAL 7.8 11/25 TO 11/25 0.4
DEGREE DAYS
HEATING TOTAL 545 576 -31 638
SINCE 7/1 766 840 -74 MM
COOLING TOTAL 0 2 -2 9
SINCE 1/1 2003 1773 230 MM
................................................................
WIND (MPH)
AVERAGE WIND SPEED 9.3
HIGHEST WIND SPEED/DIRECTION 30/190 DATE 11/16
30/340 11/21
HIGHEST GUST SPEED/DIRECTION 43/340 DATE 11/21
SKY COVER
POSSIBLE SUNSHINE (PERCENT) MM
AVERAGE SKY COVER 0.40
NUMBER OF DAYS FAIR 14
NUMBER OF DAYS PC 12
NUMBER OF DAYS CLOUDY 4
AVERAGE RH (PERCENT) 68
WEATHER CONDITIONS. NUMBER OF DAYS WITH
THUNDERSTORM 1 MIXED PRECIP 0
HEAVY RAIN 0 RAIN 2
LIGHT RAIN 4 FREEZING RAIN 0
LT FREEZING RAIN 0 HAIL 0
HEAVY SNOW 1 SNOW 1
LIGHT SNOW 2 SLEET 0
FOG 11 FOG W/VIS <= 1/4 MILE 4
HAZE 1
- INDICATES NEGATIVE NUMBERS.
R INDICATES RECORD WAS SET OR TIED.
MM INDICATES DATA IS MISSING.
T INDICATES TRACE AMOUNT.
$$