000
CXUS54 KFWD 010830
CF6ILE
PRELIMINARY LOCAL CLIMATOLOGICAL DATA (WS FORM: F-6)
STATION: KILLEEN SKYLARK
MONTH: NOVEMBER
YEAR: 2022
LATITUDE: 31 4 N
LONGITUDE: 97 41 W
TEMPERATURE IN F: :PCPN: SNOW: WIND :SUNSHINE: SKY :PK WND
================================================================================
1 2 3 4 5 6A 6B 7 8 9 10 11 12 13 14 15 16 17 18
12Z AVG MX 2MIN
DY MAX MIN AVG DEP HDD CDD WTR SNW DPTH SPD SPD DIR MIN PSBL S-S WX SPD DR
================================================================================
1 75 52 64 1 1 0 T M M 7.1 13 130 M M 0 M M
2 77 56 67 5 0 2 0.00 M M 6.9 12 160 M M 1 12 M M
3 82 67 75 13 0 10 0.00 M M 13.1 22 160 M M 1 1 36 160
4 85 53 69 7 0 4 0.19 M M 13.9 24 170 M M 3 13 35 170
5 70 47 59 -2 6 0 0.00 M M 6.8 13 160 M M 1 21 170
6 85 50 68 7 0 3 0.00 M M 8.7 17 180 M M 0 24 200
7 79 70 75 14 0 10 0.07 M M 5.5 10 160 M M 6 1 M M
8 76 64 70 10 0 5 0.00 M M 5.8 12 130 M M 3 1 M M
9 80 66 73 13 0 8 0.00 M M 9.5 17 130 M M 0 1 23 130
10 78 63 71 11 0 6 0.00 M M 8.2 13 170 M M 2 1 M M
11 68 40 54 -5 11 0 0.69 M M 11.2 26 280 M M 7 123 36 270
12 55 35 45 -14 20 0 0.00 M M 9.6 16 360 M M 0 22 360
13 56 28 42 -16 23 0 0.00 M M 4.6 10 100 M M 0 8 M M
14 49 43 46 -12 19 0 0.15 M M 8.4 16 360 M M 10 12 23 360
15 49 37 43 -15 22 0 T M M 9.3 15 340 M M 5 8 23 330
16 52 39 46 -11 19 0 0.00 M M 5.4 8 50 M M 5 M M
17 61 38 50 -7 15 0 0.00 M M 4.5 9 180 M M 3 M M
18 58 41 50 -6 15 0 T M M 3.5 14 20 M M 9 M M
19 43 35 39 -17 26 0 0.13 M M 8.1 14 20 M M 10 M M
20 44 29 37 -19 28 0 0.07 M M 3.3 6 80 M M 6 M M
21 44 39 42 -13 23 0 0.08 M M 2.0 7 170 M M 10 1 M M
22 57 42 50 -5 15 0 T M M 1.9 7 190 M M 10 1 M M
23 61 51 56 2 9 0 0.08 M M 4.2 9 140 M M 10 1 M M
24 64 56 60 6 5 0 0.95 M M 6.8 14 40 M M 9 123 M M
25 55 53 54 0 11 0 0.05 M M 10.9 17 30 M M 10 1 23 30
26 55 42 49 -4 16 0 0.02 M M 9.3 20 270 M M 4 1 25 260
27 66 41 54 1 11 0 0.00 M M 4.5 7 320 M M 0 M M
28 74 37 56 3 9 0 0.00 M M 6.7 13 160 M M 1 20 170
29 85 50 68 16 0 3 0.00 M M 10.3 18 340 M M 4 37 350
30 54 35 45 -7 20 0 0.00 M M 12.6 25 350 M M 0 37 350
================================================================================
SM 1937 1399 324 51 2.48 M 222.5 M 130
================================================================================
AV 64.6 46.6 7.4 FASTST M M 4 MAX(MPH)
MISC ----> 26 280 # 37 350
================================================================================
NOTES:
# LAST OF SEVERAL OCCURRENCES
COLUMN 17 PEAK WIND IN M.P.H.
PRELIMINARY LOCAL CLIMATOLOGICAL DATA (WS FORM: F-6) , PAGE 2
STATION: KILLEEN SKYLARK
MONTH: NOVEMBER
YEAR: 2022
LATITUDE: 31 4 N
LONGITUDE: 97 41 W
[TEMPERATURE DATA] [PRECIPITATION DATA] SYMBOLS USED IN COLUMN 16
AVERAGE MONTHLY: 55.6 TOTAL FOR MONTH: 2.48 1 = FOG OR MIST
DPTR FM NORMAL: -1.7 DPTR FM NORMAL: -0.40 2 = FOG REDUCING VISIBILITY
HIGHEST: 85 ON 29, 6 GRTST 24HR 0.95 ON 24-24 TO 1/4 MILE OR LESS
LOWEST: 28 ON 13 3 = THUNDER
SNOW, ICE PELLETS, HAIL 4 = ICE PELLETS
TOTAL MONTH: M 5 = HAIL
GRTST 24HR M ON M 6 = FREEZING RAIN OR DRIZZLE
GRTST DEPTH: M ON M 7 = DUSTSTORM OR SANDSTORM:
VSBY 1/2 MILE OR LESS
8 = SMOKE OR HAZE
[NO. OF DAYS WITH] [WEATHER - DAYS WITH] 9 = BLOWING SNOW
X = TORNADO
MAX 32 OR BELOW: 0 0.01 INCH OR MORE: 11
MAX 90 OR ABOVE: 0 0.10 INCH OR MORE: 5
MIN 32 OR BELOW: 2 0.50 INCH OR MORE: 2
MIN 0 OR BELOW: 0 1.00 INCH OR MORE: 0
[HDD (BASE 65) ]
TOTAL THIS MO. 324 CLEAR (SCALE 0-3) 14
DPTR FM NORMAL 62 PTCLDY (SCALE 4-7) 8
TOTAL FM JUL 1 364 CLOUDY (SCALE 8-10) 8
DPTR FM NORMAL 32
[CDD (BASE 65) ]
TOTAL THIS MO. 51
DPTR FM NORMAL 18 [PRESSURE DATA]
TOTAL FM JAN 1 3450 HIGHEST SLP 30.53 ON 20
DPTR FM NORMAL 907 LOWEST SLP 29.67 ON 29
[REMARKS]
#FINAL-11-22#