000
CXUS51 KPHI 010815
CF6ILG
PRELIMINARY LOCAL CLIMATOLOGICAL DATA (WS FORM: F-6)
STATION: WILMINGTON DE
MONTH: OCTOBER
YEAR: 2022
LATITUDE: 39 40 N
LONGITUDE: 75 36 W
TEMPERATURE IN F: :PCPN: SNOW: WIND :SUNSHINE: SKY :PK WND
================================================================================
1 2 3 4 5 6A 6B 7 8 9 10 11 12 13 14 15 16 17 18
12Z AVG MX 2MIN
DY MAX MIN AVG DEP HDD CDD WTR SNW DPTH SPD SPD DIR MIN PSBL S-S WX SPD DR
================================================================================
1 62 55 59 -4 6 0 0.79 0.0 0 18.0 30 50 M M 10 1 40 50
2 60 48 54 -9 11 0 1.59 0.0 0 15.2 25 30 M M 10 1 32 20
3 52 47 50 -12 15 0 0.38 0.0 0 14.1 25 360 M M 10 1 32 350
4 55 47 51 -11 14 0 0.41 0.0 0 13.1 22 330 M M 10 1 29 330
5 63 53 58 -3 7 0 0.01 0.0 0 9.1 18 10 M M 10 1 26 30
6 77 47 62 1 3 0 0.00 0.0 0 3.5 9 290 M M 0 1 12 300
7 79 53 66 5 0 1 0.04 0.0 0 7.4 21 330 M M 3 27 330
8 61 42 52 -8 13 0 T 0.0 0 9.9 18 290 M M 3 24 320
9 64 38 51 -9 14 0 0.00 0.0 0 7.1 17 250 M M 0 24 270
10 70 40 55 -4 10 0 0.00 0.0 0 4.0 13 290 M M 0 17 300
11 74 44 59 0 6 0 0.00 0.0 0 2.9 12 220 M M 0 15 210
12 70 43 57 -2 8 0 0.00 0.0 0 6.0 15 160 M M 2 18 160
13 69 57 63 5 2 0 0.10 0.0 0 10.7 18 160 M M 10 1 23 350
14 71 47 59 1 6 0 0.00 0.0 0 4.6 15 330 M M 5 19 320
15 75 43 59 2 6 0 0.00 0.0 0 6.4 20 190 M M 0 28 190
16 72 45 59 2 6 0 0.00 0.0 0 4.0 13 190 M M 2 15 170
17 70 46 58 1 7 0 0.26 0.0 0 7.9 18 170 M M 6 123 22 170
18 58 41 50 -6 15 0 0.00 0.0 0 8.1 16 290 M M 4 19 250
19 56 37 47 -9 18 0 0.00 0.0 0 9.2 22 250 M M 2 31 230
20 62 40 51 -5 14 0 0.00 0.0 0 8.2 21 210 M M 0 26 230
21 65 37 51 -4 14 0 0.00 0.0 0 3.8 10 160 M M 0 14 140
22 68 36 52 -3 13 0 0.00 0.0 0 3.8 10 150 M M 0 13 150
23 64 44 54 0 11 0 0.30 0.0 0 10.7 22 30 M M 9 18 29 30
24 61 55 58 4 7 0 0.14 0.0 0 7.6 15 30 M M 10 1 17 30
25 67 60 64 10 1 0 0.01 0.0 0 2.6 8 130 M M 10 1 10 120
26 66 58 62 9 3 0 0.02 0.0 0 4.9 13 270 M M 9 12 16 270
27 66 48 57 4 8 0 0.00 0.0 0 10.8 22 340 M M 0 25 330
28 60 45 53 0 12 0 0.00 0.0 0 9.2 17 50 M M 2 23 50
29 63 38 51 -1 14 0 0.00 0.0 0 6.5 13 50 M M 3 15 40
30 64 38 51 -1 14 0 0.00 0.0 0 3.1 9 150 M M 4 10 150
31 65 43 54 2 11 0 0.15 0.0 0 4.2 12 170 M M 8 12 16 150
================================================================================
SM 2029 1415 289 1 4.20 0.0 236.6 M 142
================================================================================
AV 65.5 45.6 7.6 FASTST M M 5 MAX(MPH)
MISC ----> 30 50 40 50
================================================================================
NOTES:
# LAST OF SEVERAL OCCURRENCES
COLUMN 17 PEAK WIND IN M.P.H.
PRELIMINARY LOCAL CLIMATOLOGICAL DATA (WS FORM: F-6) , PAGE 2
STATION: WILMINGTON DE
MONTH: OCTOBER
YEAR: 2022
LATITUDE: 39 40 N
LONGITUDE: 75 36 W
[TEMPERATURE DATA] [PRECIPITATION DATA] SYMBOLS USED IN COLUMN 16
AVERAGE MONTHLY: 55.5 TOTAL FOR MONTH: 4.20 1 = FOG OR MIST
DPTR FM NORMAL: -1.7 DPTR FM NORMAL: 0.52 2 = FOG REDUCING VISIBILITY
HIGHEST: 79 ON 7 GRTST 24HR 1.63 ON 2- 3 TO 1/4 MILE OR LESS
LOWEST: 36 ON 22 3 = THUNDER
SNOW, ICE PELLETS, HAIL 4 = ICE PELLETS
TOTAL MONTH: 0.0 INCH 5 = HAIL
GRTST 24HR 0.0 6 = FREEZING RAIN OR DRIZZLE
GRTST DEPTH: 0 7 = DUSTSTORM OR SANDSTORM:
VSBY 1/2 MILE OR LESS
8 = SMOKE OR HAZE
[NO. OF DAYS WITH] [WEATHER - DAYS WITH] 9 = BLOWING SNOW
X = TORNADO
MAX 32 OR BELOW: 0 0.01 INCH OR MORE: 13
MAX 90 OR ABOVE: 0 0.10 INCH OR MORE: 9
MIN 32 OR BELOW: 0 0.50 INCH OR MORE: 2
MIN 0 OR BELOW: 0 1.00 INCH OR MORE: 1
[HDD (BASE 65) ]
TOTAL THIS MO. 289 CLEAR (SCALE 0-3) 15
DPTR FM NORMAL 23 PTCLDY (SCALE 4-7) 5
TOTAL FM JUL 1 321 CLOUDY (SCALE 8-10) 11
DPTR FM NORMAL 17
[CDD (BASE 65) ]
TOTAL THIS MO. 1
DPTR FM NORMAL -21 [PRESSURE DATA]
TOTAL FM JAN 1 1409 HIGHEST SLP 30.51 ON 28
DPTR FM NORMAL 181 LOWEST SLP 29.57 ON 17
[REMARKS]
#FINAL-10-22#