000
CXUS51 KPHI 020243
CLMILG
CLIMATE REPORT
NATIONAL WEATHER SERVICE MOUNT HOLLY NJ
1043 PM EDT SAT JUL 01 2023
...................................
...THE WILMINGTON DE CLIMATE SUMMARY FOR THE MONTH OF JUNE 2023...
CLIMATE NORMAL PERIOD: 1991 TO 2020
CLIMATE RECORD PERIOD: 1894 TO 2023
WEATHER OBSERVED NORMAL DEPART LAST YEAR`S
VALUE DATE(S) VALUE FROM VALUE DATE(S)
NORMAL
................................................................
TEMPERATURE (F)
RECORD
HIGH 102 06/24/1894
LOW 40 06/01/1945
HIGHEST 97 93 4 95
LOWEST 50 49 1 50
AVG. MAXIMUM 82.4 82.2 0.2 82.5
AVG. MINIMUM 60.3 63.0 -2.7 61.9
MEAN 71.3 72.6 -1.3 72.2
DAYS MAX >= 90 2 3.9 -1.9 3
DAYS MAX <= 32 0 0.0 0.0 0
DAYS MIN <= 32 0 0.0 0.0 0
DAYS MIN <= 0 0 0.0 0.0 0
PRECIPITATION (INCHES)
RECORD
MAXIMUM 13.66 2013
MINIMUM 0.21 1988
TOTALS 11.91 4.67 7.24 4.58
DAILY AVG. 0.40 0.16 0.24 0.15
DAYS >= .01 10 11.0 -1.0 11
DAYS >= .10 7 7.0 0.0 8
DAYS >= .50 5 3.2 1.8 3
DAYS >= 1.00 4 1.4 2.6 2
GREATEST
24 HR. TOTAL 4.72 06/26 TO 06/27 1.80
SNOWFALL (INCHES)
RECORDS
TOTAL 0.0
24 HR TOTAL MM
TOTALS 0.0 0.0 0.0 0.0
SINCE 7/1 0.4 20.2 -19.8 MM
SNOWDEPTH AVG. 0 0
DAYS >= 1.0 0 0.0 0.0 0
GREATEST
SNOW DEPTH 0 0 MM
24 HR TOTAL 0.0 MM
DEGREE DAYS
HEATING TOTAL 0 13 -13 0
SINCE 7/1 3905 4643 -738 MM
COOLING TOTAL 198 241 -43 222
SINCE 1/1 272 328 -56 MM
................................................................
WIND (MPH)
AVERAGE WIND SPEED 8.1
HIGHEST WIND SPEED/DIRECTION 35/270 DATE 06/26
HIGHEST GUST SPEED/DIRECTION 50/280 DATE 06/26
SKY COVER
POSSIBLE SUNSHINE (PERCENT) MM
AVERAGE SKY COVER 0.37
NUMBER OF DAYS FAIR 16
NUMBER OF DAYS PC 11
NUMBER OF DAYS CLOUDY 3
AVERAGE RH (PERCENT) 63
WEATHER CONDITIONS. NUMBER OF DAYS WITH
THUNDERSTORM 8 MIXED PRECIP 0
HEAVY RAIN 6 RAIN 7
LIGHT RAIN 13 FREEZING RAIN 0
LT FREEZING RAIN 0 HEAVY SNOW 0
SNOW 0 LIGHT SNOW 0
SLEET 0 FOG 13
FOG W/VIS <= 1/4 MILE 2 HAZE 13
- INDICATES NEGATIVE NUMBERS.
R INDICATES RECORD WAS SET OR TIED.
MM INDICATES DATA IS MISSING.
T INDICATES TRACE AMOUNT.
$$