000
CXUS55 KLBF 011510
CF6IML
PRELIMINARY LOCAL CLIMATOLOGICAL DATA (WS FORM: F-6)
STATION: IMPERIAL
MONTH: JANUARY
YEAR: 2023
LATITUDE: 40 31 N
LONGITUDE: 101 37 W
TEMPERATURE IN F: :PCPN: SNOW: WIND :SUNSHINE: SKY :PK WND
================================================================================
1 2 3 4 5 6A 6B 7 8 9 10 11 12 13 14 15 16 17 18
12Z AVG MX 2MIN
DY MAX MIN AVG DEP HDD CDD WTR SNW DPTH SPD SPD DIR MIN PSBL S-S WX SPD DR
================================================================================
1 37 30 34 6 31 0 0.00 M M 7.4 14 70 M M 3 17 60
2 33 27 30 2 35 0 0.35 M M 12.4 21 350 M M 10 126 35 50
3 29 18 24 -4 41 0 0.49 M M 16.6 33 350 M M 6 12 42 350
4 32 18 25 -3 40 0 T M M 15.0 26 320 M M 3 38 300
5 30 5 18 -10 47 0 0.00 M M 5.6 16 310 M M 0 18 24 280
6 27 4 16 -12 49 0 0.00 M M 5.8 15 340 M M 2 18 18 350
7 32 18 25 -4 40 0 0.00 M M 4.8 13 280 M M 5 128 17 280
8 32 10 21 -8 44 0 0.00 M M 4.0 13 280 M M 0 18 16 290
9 43 13 28 -1 37 0 0.00 M M 7.9 20 300 M M 1 18 29 300
10 42 21 32 3 33 0 0.00 M M 6.2 14 280 M M 1 17 290
11 35 20 28 -1 37 0 0.04 M M 11.6 24 360 M M 7 1 35 360
12 35 17 26 -3 39 0 0.00 M M 9.9 14 320 M M 1 21 320
13 36 10 23 -6 42 0 0.00 M M 3.7 12 280 M M 0 18 14 280
14 36 21 29 0 36 0 0.00 M M 3.5 12 340 M M 0 18 15 310
15 36 15 26 -3 39 0 0.09 M M 6.4 16 360 M M 5 18 27 290
16 41 27 34 5 31 0 0.01 M M 10.3 21 280 M M 3 36 270
17 32 19 26 -3 39 0 0.13 M M 8.2 20 70 M M 9 128 31 80
18 30 23 27 -2 38 0 0.22 M M 18.7 30 340 M M 10 128 40 330
19 30 13 22 -7 43 0 0.01 M M 12.7 22 320 M M 2 1 32 300
20 28 9 19 -10 46 0 0.00 M M 7.9 13 350 M M 2 M M
21 31 20 26 -3 39 0 0.00 M M 10.8 18 320 M M 8 27 300
22 29 12 21 -8 44 0 0.00 M M 7.8 15 290 M M 0 23 290
23 34 11 23 -6 42 0 0.00 M M 8.2 25 180 M M 5 32 180
24 32 11 22 -7 43 0 0.00 M M 13.3 21 180 M M 4 1 30 310
25 31 16 24 -5 41 0 T M M 12.9 21 330 M M 8 30 320
26 35 25 30 1 35 0 0.00 M M 14.5 29 270 M M 6 42 260
27 37 20 29 0 36 0 0.00 M M 13.0 28 300 M M 5 42 290
28 30 1 16 -13 49 0 T M M 16.9 26 20 M M 8 18 40 30
29 2 -1 1 -28 64 0 T M M 9.8 18 30 M M 10 8 22 20
30 4 -4 0 -30 65 0 T M M 4.3 9 250 M M 9 8 12 220
31 17 0 9 -21 56 0 0.00 M M 7.5 15 280 M M 2 22 280
================================================================================
SM 958 449 1301 0 1.34 M 297.6 M 135
================================================================================
AV 30.9 14.5 9.6 FASTST M M 4 MAX(MPH)
MISC ----> 33 350 # 42 350
================================================================================
NOTES:
# LAST OF SEVERAL OCCURRENCES
COLUMN 17 PEAK WIND IN M.P.H.
PRELIMINARY LOCAL CLIMATOLOGICAL DATA (WS FORM: F-6) , PAGE 2
STATION: IMPERIAL
MONTH: JANUARY
YEAR: 2023
LATITUDE: 40 31 N
LONGITUDE: 101 37 W
[TEMPERATURE DATA] [PRECIPITATION DATA] SYMBOLS USED IN COLUMN 16
AVERAGE MONTHLY: 22.7 TOTAL FOR MONTH: 1.34 1 = FOG OR MIST
DPTR FM NORMAL: -6.2 DPTR FM NORMAL: 1.09 2 = FOG REDUCING VISIBILITY
HIGHEST: 43 ON 9 GRTST 24HR 1.27 ON 2- 3 TO 1/4 MILE OR LESS
LOWEST: -4 ON 30 3 = THUNDER
SNOW, ICE PELLETS, HAIL 4 = ICE PELLETS
TOTAL MONTH: M 5 = HAIL
GRTST 24HR M ON M 6 = FREEZING RAIN OR DRIZZLE
GRTST DEPTH: M ON M 7 = DUSTSTORM OR SANDSTORM:
VSBY 1/2 MILE OR LESS
8 = SMOKE OR HAZE
[NO. OF DAYS WITH] [WEATHER - DAYS WITH] 9 = BLOWING SNOW
X = TORNADO
MAX 32 OR BELOW: 18 0.01 INCH OR MORE: 8
MAX 90 OR ABOVE: 0 0.10 INCH OR MORE: 4
MIN 32 OR BELOW: 31 0.50 INCH OR MORE: 0
MIN 0 OR BELOW: 3 1.00 INCH OR MORE: 0
[HDD (BASE 65) ]
TOTAL THIS MO. 1301 CLEAR (SCALE 0-3) 13
DPTR FM NORMAL 183 PTCLDY (SCALE 4-7) 13
TOTAL FM JUL 1 3805 CLOUDY (SCALE 8-10) 5
DPTR FM NORMAL 259
[CDD (BASE 65) ]
TOTAL THIS MO. 0
DPTR FM NORMAL 0 [PRESSURE DATA]
TOTAL FM JAN 1 0 HIGHEST SLP 30.57 ON 29
DPTR FM NORMAL 0 LOWEST SLP 29.44 ON 15
[REMARKS]
#FINAL-01-23#