000
CXUS53 KLBF 010735
CLMIML
CLIMATE REPORT
NATIONAL WEATHER SERVICE NORTH PLATTE NE
235 AM CDT THU JUN 01 2023
...................................
...THE IMPERIAL CLIMATE SUMMARY FOR THE MONTH OF MAY 2023...
CLIMATE NORMAL PERIOD 1991 TO 2020
CLIMATE RECORD PERIOD 1893 TO 2023
WEATHER OBSERVED NORMAL DEPART LAST YEAR`S
VALUE DATE(S) VALUE FROM VALUE DATE(S)
NORMAL
................................................................
TEMPERATURE (F)
RECORD
HIGH 102 05/29/1934
05/06/1916
LOW 15 05/01/1909
05/02/1907
HIGHEST 84 05/04 90 -6 97 05/11
LOWEST 30 05/02 32 -2 29 05/03
AVG. MAXIMUM 73.5 73.0 0.5 75.6
AVG. MINIMUM 49.5 45.9 3.6 43.5
MEAN 61.5 59.4 2.1 59.6
DAYS MAX >= 90 0 2.6 -2.6 6
DAYS MAX <= 32 0 0.0 0.0 0
DAYS MIN <= 32 1 1.4 -0.4 2
DAYS MIN <= 0 0 0.0 0.0 0
PRECIPITATION (INCHES)
RECORD
MAXIMUM 9.18 1935
MINIMUM 0.09 1966
TOTALS 9.09 2.92 6.17 2.72
DAILY AVG. 0.29 0.09 0.20 0.09
DAYS >= .01 15 12.0 3.0 11
DAYS >= .10 13 6.2 6.8 5
DAYS >= .50 5 2.0 3.0 2
DAYS >= 1.00 3 0.6 2.4 1
GREATEST
24 HR. TOTAL 4.35 05/10 TO 05/11 1.79 05/01 TO 05/02
SNOWFALL (INCHES)
TOTALS MM
DEGREE DAYS
HEATING TOTAL 112 218 -106 219
SINCE 7/1 6428 5935 493 MM
COOLING TOTAL 10 45 -35 57
SINCE 1/1 18 47 -29 MM
................................................................
WIND (MPH)
HIGHEST WIND SPEED/DIRECTION 44/320 DATE 05/05
HIGHEST GUST SPEED/DIRECTION 63/180 DATE 05/05
AVERAGE RH (PERCENT) 70
WEATHER CONDITIONS. NUMBER OF DAYS WITH
THUNDERSTORM 15 MIXED PRECIP 0
HEAVY RAIN 3 RAIN 10
LIGHT RAIN 16 FREEZING RAIN 0
LT FREEZING RAIN 0 HAIL 0
HEAVY SNOW 0 SNOW 0
LIGHT SNOW 0 SLEET 0
FOG 20 FOG W/VIS <= 1/4 MILE 3
HAZE 12
- INDICATES NEGATIVE NUMBERS.
R INDICATES RECORD WAS SET OR TIED.
MM INDICATES DATA IS MISSING.
T INDICATES TRACE AMOUNT.
$$