000
CXUS53 KIND 010700
CF6IND
PRELIMINARY LOCAL CLIMATOLOGICAL DATA (WS FORM: F-6)
STATION: INDIANAPOLIS IN
MONTH: DECEMBER
YEAR: 2022
LATITUDE: 39 43 N
LONGITUDE: 86 17 W
TEMPERATURE IN F: :PCPN: SNOW: WIND :SUNSHINE: SKY :PK WND
================================================================================
1 2 3 4 5 6A 6B 7 8 9 10 11 12 13 14 15 16 17 18
12Z AVG MX 2MIN
DY MAX MIN AVG DEP HDD CDD WTR SNW DPTH SPD SPD DIR MIN PSBL S-S WX SPD DR
================================================================================
1 37 18 28 -10 37 0 0.00 0.0 0 8.3 18 270 M M 3 24 280
2 57 33 45 8 20 0 T 0.0 0 17.2 38 200 M M 9 49 200
3 54 23 39 2 26 0 T 0.0 0 15.6 40 290 M M 4 54 300
4 40 18 29 -8 36 0 0.00 0.0 0 6.4 14 210 M M 4 19 200
5 45 24 35 -1 30 0 T 0.0 0 7.6 13 160 M M 7 1 16 170
6 50 40 45 9 20 0 0.03 0.0 0 4.1 10 100 M M 10 1 13 100
7 47 39 43 7 22 0 T 0.0 0 5.1 12 330 M M 10 18 13 310
8 44 39 42 7 23 0 0.06 0.0 0 8.9 16 90 M M 10 18 23 90
9 45 38 42 7 23 0 0.10 0.0 0 8.1 18 90 M M 10 1 25 90
10 43 39 41 6 24 0 T 0.0 0 6.9 14 250 M M 10 12 16 250
11 43 39 41 7 24 0 0.00 0.0 0 5.9 14 300 M M 10 1 17 310
12 45 34 40 6 25 0 0.00 0.0 0 9.2 16 70 M M 8 22 90
13 43 32 38 4 27 0 0.00 0.0 0 13.0 21 110 M M 7 27 110
14 52 40 46 12 19 0 0.97 0.0 0 14.1 21 120 M M 10 1 29 110
15 53 33 43 10 22 0 0.14 T 0 12.9 38 250 M M 9 1 47 250
16 35 29 32 -1 33 0 T T 0 14.9 25 230 M M 10 33 230
17 34 24 29 -4 36 0 T T 0 16.1 30 260 M M 9 37 230
18 30 18 24 -9 41 0 T T T 12.4 22 270 M M 5 26 300
19 33 16 25 -7 40 0 0.00 0.0 0 3.8 8 70 M M 6 10 240
20 44 25 35 3 30 0 0.00 0.0 0 5.1 10 340 M M 6 14 330
21 41 23 32 0 33 0 0.00 0.0 0 7.3 15 110 M M 7 18 20 110
22 41 -1 20 -12 45 0 0.17 0.8 0 12.1 36 300 M M 10 19 46 300
23 1 -9 -4 -35 69 0 0.03 0.7 1 27.1 38 250 M M 9 9 50 250
24 15 0 8 -23 57 0 T 0.1 1 22.8 32 250 M M 7 9 42 250
25 16 4 10 -21 55 0 0.00 0.0 1 14.8 25 270 M M 2 31 270
26 23 15 19 -12 46 0 T T 1 6.0 13 150 M M 10 16 17 160
27 29 21 25 -6 40 0 0.00 0.0 1 9.0 21 190 M M 10 1 29 190
28 49 26 38 8 27 0 0.00 0.0 1 15.7 31 210 M M 5 41 210
29 58 45 52 22 13 0 T 0.0 0 16.3 24 190 M M 9 31 180
30 57 50 54 24 11 0 0.96 0.0 0 10.7 22 190 M M 10 1 28 210
31 50 39 45 15 20 0 0.17 0.0 0 6.0 13 330 M M 9 12 16 320
================================================================================
SM 1254 814 974 0 2.63 1.6 343.4 M 245
================================================================================
AV 40.5 26.3 11.1 FASTST M M 8 MAX(MPH)
MISC ----> 40 290 54 300
================================================================================
NOTES:
# LAST OF SEVERAL OCCURRENCES
COLUMN 17 PEAK WIND IN M.P.H.
PRELIMINARY LOCAL CLIMATOLOGICAL DATA (WS FORM: F-6) , PAGE 2
STATION: INDIANAPOLIS IN
MONTH: DECEMBER
YEAR: 2022
LATITUDE: 39 43 N
LONGITUDE: 86 17 W
[TEMPERATURE DATA] [PRECIPITATION DATA] SYMBOLS USED IN COLUMN 16
AVERAGE MONTHLY: 33.4 TOTAL FOR MONTH: 2.63 1 = FOG OR MIST
DPTR FM NORMAL: 0.1 DPTR FM NORMAL: -0.29 2 = FOG REDUCING VISIBILITY
HIGHEST: 58 ON 29 GRTST 24HR 1.07 ON 14-15 TO 1/4 MILE OR LESS
LOWEST: -9 ON 23 3 = THUNDER
SNOW, ICE PELLETS, HAIL 4 = ICE PELLETS
TOTAL MONTH: 1.6 INCHES 5 = HAIL
GRTST 24HR 0.8 ON 22-22 6 = FREEZING RAIN OR DRIZZLE
GRTST DEPTH: 1 ON 28,27 7 = DUSTSTORM OR SANDSTORM:
VSBY 1/2 MILE OR LESS
8 = SMOKE OR HAZE
[NO. OF DAYS WITH] [WEATHER - DAYS WITH] 9 = BLOWING SNOW
X = TORNADO
MAX 32 OR BELOW: 6 0.01 INCH OR MORE: 9
MAX 90 OR ABOVE: 0 0.10 INCH OR MORE: 6
MIN 32 OR BELOW: 18 0.50 INCH OR MORE: 2
MIN 0 OR BELOW: 3 1.00 INCH OR MORE: 0
[HDD (BASE 65) ]
TOTAL THIS MO. 974 CLEAR (SCALE 0-3) 2
DPTR FM NORMAL -9 PTCLDY (SCALE 4-7) 10
TOTAL FM JUL 1 1970 CLOUDY (SCALE 8-10) 19
DPTR FM NORMAL -36
[CDD (BASE 65) ]
TOTAL THIS MO. 0
DPTR FM NORMAL 0 [PRESSURE DATA]
TOTAL FM JAN 1 1330 HIGHEST SLP M ON M
DPTR FM NORMAL 191 LOWEST SLP 29.04 ON 31
[REMARKS]
#FINAL-12-22#