026
CXUS54 KFWD 010731
CF6INJ
PRELIMINARY LOCAL CLIMATOLOGICAL DATA (WS FORM: F-6)
STATION: HILLSBORO
MONTH: JULY
YEAR: 2020
LATITUDE: 32 0 N
LONGITUDE: 97 6 W
TEMPERATURE IN F: :PCPN: SNOW: WIND :SUNSHINE: SKY :PK WND
================================================================================
1 2 3 4 5 6A 6B 7 8 9 10 11 12 13 14 15 16 17 18
12Z AVG MX 2MIN
DY MAX MIN AVG DEP HDD CDD WTR SNW DPTH SPD SPD DIR MIN PSBL S-S WX SPD DR
================================================================================
1 93 78 86 4 0 21 0.00 0.0 0 12.4 17 170 M M 4 29 190
2 96 78 87 5 0 22 0.00 0.0 0 7.9 15 270 M M 4 13 M M
3 98 74 86 4 0 21 0.00 0.0 0 6.4 12 130 M M 0 20 130
4 98 71 85 3 0 20 0.00 0.0 0 5.4 13 240 M M 0 M M
5 96 77 87 5 0 22 0.00 0.0 0 5.8 9 160 M M 2 M M
6 93 74 84 2 0 19 0.01 0.0 0 4.8 13 210 M M 5 M M
7 86 72 79 -3 0 14 3.04 0.0 0 5.5 27 120 M M 5 3 43 120
8 93 75 84 1 0 19 0.00 0.0 0 9.0 14 160 M M 4 18 150
9 94 77 86 3 0 21 0.00 0.0 0 10.9 16 180 M M 3 21 190
10 94 75 85 2 0 20 0.00 0.0 0 7.6 13 180 M M 2 17 180
11 96 78 87 4 0 22 0.00 0.0 0 7.6 13 180 M M 0 M M
12 98 77 88 5 0 23 0.00 0.0 0 8.0 20 30 M M 0 29 30
13 98 79 89 6 0 24 0.00 0.0 0 7.8 10 200 M M 0 18 190
14 100 76 88 5 0 23 0.00 0.0 0 12.6 18 170 M M 0 22 170
15 96 78 87 4 0 22 0.00 0.0 0 12.5 18 190 M M 0 25 180
16 96 77 87 4 0 22 0.00 0.0 0 9.3 14 200 M M 0 17 190
17 95 76 86 2 0 21 0.00 0.0 0 6.5 12 100 M M 0 16 130
18 92 74 83 -1 0 18 0.00 0.0 0 8.5 13 130 M M 3 18 140
19 94 75 85 1 0 20 0.00 0.0 0 6.9 10 140 M M 1 M M
20 94 75 85 1 0 20 0.00 0.0 0 6.7 10 110 M M 1 21 110
21 88 74 81 -3 0 16 0.00 0.0 0 5.6 12 110 M M 4 M M
22 94 75 85 1 0 20 0.00 0.0 0 7.3 12 100 M M 4 16 120
23 94 76 85 1 0 20 0.00 0.0 0 6.4 13 90 M M 2 17 90
24 95 76 86 2 0 21 0.00 0.0 0 7.0 13 90 M M 2 20 70
25 92 74 83 -1 0 18 0.00 0.0 0 8.2 14 110 M M 5 18 80
26 93 76 85 1 0 20 0.00 0.0 0 7.8 16 180 M M 5 16 80
27 93 74 84 0 0 19 0.00 0.0 0 5.2 12 80 M M 6 M M
28 85 76 81 -3 0 16 0.00 0.0 0 6.1 14 270 M M 4 17 270
29 97 76 87 3 0 22 0.02 0.0 0 11.0 18 170 M M 1 30 180
30 98 77 88 4 0 23 0.00 0.0 0 13.8 21 200 M M 0 27 200
31 92 76 84 0 0 19 0.00 0.0 0 9.0 17 170 M M 4 21 170
================================================================================
SM 2921 2346 0 628 3.07 0.0 249.5 M 71
================================================================================
AV 94.2 75.7 8.0 FASTST M M 2 MAX(MPH)
MISC ----> # 27 120 # 43 120
================================================================================
NOTES:
# LAST OF SEVERAL OCCURRENCES
COLUMN 17 PEAK WIND IN M.P.H.
PRELIMINARY LOCAL CLIMATOLOGICAL DATA (WS FORM: F-6) , PAGE 2
STATION: HILLSBORO
MONTH: JULY
YEAR: 2020
LATITUDE: 32 0 N
LONGITUDE: 97 6 W
[TEMPERATURE DATA] [PRECIPITATION DATA] SYMBOLS USED IN COLUMN 16
AVERAGE MONTHLY: 85.0 TOTAL FOR MONTH: 3.07 1 = FOG OR MIST
DPTR FM NORMAL: 1.7 DPTR FM NORMAL: 1.48 2 = FOG REDUCING VISIBILITY
HIGHEST: 100 ON 14 GRTST 24HR 3.04 ON 7- 7 TO 1/4 MILE OR LESS
LOWEST: 71 ON 4 3 = THUNDER
SNOW, ICE PELLETS, HAIL 4 = ICE PELLETS
TOTAL MONTH: 0.0 INCH 5 = HAIL
GRTST 24HR 0.0 6 = FREEZING RAIN OR DRIZZLE
GRTST DEPTH: 0 7 = DUSTSTORM OR SANDSTORM:
VSBY 1/2 MILE OR LESS
8 = SMOKE OR HAZE
[NO. OF DAYS WITH] [WEATHER - DAYS WITH] 9 = BLOWING SNOW
X = TORNADO
MAX 32 OR BELOW: 0 0.01 INCH OR MORE: 3
MAX 90 OR ABOVE: 28 0.10 INCH OR MORE: 1
MIN 32 OR BELOW: 0 0.50 INCH OR MORE: 1
MIN 0 OR BELOW: 0 1.00 INCH OR MORE: 1
[HDD (BASE 65) ]
TOTAL THIS MO. 0 CLEAR (SCALE 0-3) 18
DPTR FM NORMAL 0 PTCLDY (SCALE 4-7) 13
TOTAL FM JUL 1 0 CLOUDY (SCALE 8-10) 0
DPTR FM NORMAL 0
[CDD (BASE 65) ]
TOTAL THIS MO. 628
DPTR FM NORMAL 61 [PRESSURE DATA]
TOTAL FM JAN 1 1598 HIGHEST SLP M ON M
DPTR FM NORMAL 195 LOWEST SLP M ON M
[REMARKS]
#FINAL-07-20#