000
CXUS53 KDLH 020126
CF6INL
PRELIMINARY LOCAL CLIMATOLOGICAL DATA (WS FORM: F-6)
STATION: INTERNATIONAL FALLS
MONTH: OCTOBER
YEAR: 2022
LATITUDE: 48 34 N
LONGITUDE: 93 23 W
TEMPERATURE IN F: :PCPN: SNOW: WIND :SUNSHINE: SKY :PK WND
================================================================================
1 2 3 4 5 6A 6B 7 8 9 10 11 12 13 14 15 16 17 18
12Z AVG MX 2MIN
DY MAX MIN AVG DEP HDD CDD WTR SNW DPTH SPD SPD DIR MIN PSBL S-S WX SPD DR
================================================================================
1 61 48 55 7 10 0 0.00 0.0 0 7.5 13 100 M M 8 17 120
2 64 43 54 7 11 0 0.00 0.0 0 5.2 13 140 M M 4 18 140
3 71 54 63 16 2 0 0.01 0.0 0 4.1 12 200 M M 5 20 190
4 65 55 60 14 5 0 T 0.0 0 2.2 6 140 M M 10 M M
5 70 47 59 13 6 0 0.12 0.0 0 7.2 17 310 M M 7 138 26 320
6 50 36 43 -3 22 0 T T 0 12.6 24 340 M M 10 35 340
7 48 33 41 -4 24 0 0.00 0.0 0 6.2 15 280 M M 6 22 280
8 59 32 46 1 19 0 0.00 0.0 0 6.5 16 300 M M 4 23 270
9 54 27 41 -3 24 0 0.00 0.0 0 2.3 10 80 M M 3 17 20
10 63 25 44 0 21 0 0.00 0.0 0 4.2 14 230 M M 0 22 210
11 75 42 59 16 6 0 0.00 0.0 0 10.1 23 210 M M 1 35 220
12 51 35 43 0 22 0 0.02 0.0 0 9.0 23 300 M M 8 37 300
13 38 32 35 -7 30 0 0.13 0.0 0 9.0 16 260 M M 10 1 27 280
14 42 30 36 -6 29 0 0.05 1.8 2 4.8 10 40 M M 7 1 16 120
15 47 32 40 -2 25 0 0.13 0.8 1 9.2 21 310 M M 10 1 32 310
16 38 28 33 -8 32 0 0.02 T 0 14.8 26 330 M M 10 18 35 310
17 32 25 29 -12 36 0 T T T 13.3 21 360 M M 10 8 31 40
18 38 20 29 -11 36 0 0.00 0.0 0 7.7 16 360 M M 4 21 360
19 47 18 33 -7 32 0 0.00 0.0 0 3.4 9 290 M M 2 16 270
20 55 21 38 -1 27 0 0.00 0.0 0 4.0 10 240 M M 0 17 230
21 61 43 52 13 13 0 0.00 0.0 0 6.8 17 280 M M 2 27 280
22 57 42 50 12 15 0 0.02 0.0 0 5.8 16 90 M M 5 23 100
23 75 42 59 21 6 0 T 0.0 0 10.1 21 120 M M 2 3 30 120
24 70 43 57 19 8 0 0.21 0.0 0 12.4 26 220 M M 8 13 44 200
25 42 34 38 1 27 0 T T 0 8.9 16 260 M M 10 18 25 250
26 39 24 32 -5 33 0 0.00 0.0 0 5.1 15 310 M M 8 22 320
27 56 20 38 2 27 0 T 0.0 0 8.8 20 210 M M 5 32 200
28 61 42 52 16 13 0 0.00 0.0 0 10.4 21 220 M M 1 31 210
29 63 32 48 13 17 0 0.00 0.0 0 4.2 12 210 M M 0 18 210
30 59 27 43 8 22 0 0.00 0.0 0 2.0 8 320 M M 0 1 12 300
31 64 30 47 13 18 0 0.00 0.0 0 5.0 16 230 M M 0 27 220
================================================================================
SM 1715 1062 618 0 0.71 2.6 222.8 M 160
================================================================================
AV 55.3 34.3 7.2 FASTST M M 5 MAX(MPH)
MISC ----> # 26 330 44 200
================================================================================
NOTES:
# LAST OF SEVERAL OCCURRENCES
COLUMN 17 PEAK WIND IN M.P.H.
PRELIMINARY LOCAL CLIMATOLOGICAL DATA (WS FORM: F-6) , PAGE 2
STATION: INTERNATIONAL FALLS
MONTH: OCTOBER
YEAR: 2022
LATITUDE: 48 34 N
LONGITUDE: 93 23 W
[TEMPERATURE DATA] [PRECIPITATION DATA] SYMBOLS USED IN COLUMN 16
AVERAGE MONTHLY: 44.8 TOTAL FOR MONTH: 0.71 1 = FOG OR MIST
DPTR FM NORMAL: 3.7 DPTR FM NORMAL: -1.51 2 = FOG REDUCING VISIBILITY
HIGHEST: 75 ON 23,11 GRTST 24HR 0.21 ON 23-24 TO 1/4 MILE OR LESS
LOWEST: 18 ON 19 3 = THUNDER
SNOW, ICE PELLETS, HAIL 4 = ICE PELLETS
TOTAL MONTH: 2.6 INCHES 5 = HAIL
GRTST 24HR 1.8 ON 14-14 6 = FREEZING RAIN OR DRIZZLE
GRTST DEPTH: 2 ON 14 7 = DUSTSTORM OR SANDSTORM:
VSBY 1/2 MILE OR LESS
8 = SMOKE OR HAZE
[NO. OF DAYS WITH] [WEATHER - DAYS WITH] 9 = BLOWING SNOW
X = TORNADO
MAX 32 OR BELOW: 1 0.01 INCH OR MORE: 9
MAX 90 OR ABOVE: 0 0.10 INCH OR MORE: 4
MIN 32 OR BELOW: 16 0.50 INCH OR MORE: 0
MIN 0 OR BELOW: 0 1.00 INCH OR MORE: 0
[HDD (BASE 65) ]
TOTAL THIS MO. 618 CLEAR (SCALE 0-3) 11
DPTR FM NORMAL -122 PTCLDY (SCALE 4-7) 13
TOTAL FM JUL 1 969 CLOUDY (SCALE 8-10) 7
DPTR FM NORMAL -295
[CDD (BASE 65) ]
TOTAL THIS MO. 0
DPTR FM NORMAL 0 [PRESSURE DATA]
TOTAL FM JAN 1 191 HIGHEST SLP 30.58 ON 7
DPTR FM NORMAL 17 LOWEST SLP 29.25 ON 21
[REMARKS]
#FINAL-10-22#