000
CXUS55 KDVN 011000
CF6IOW
PRELIMINARY LOCAL CLIMATOLOGICAL DATA (WS FORM: F-6)
STATION: IOWA CITY IA
MONTH: SEPTEMBER
YEAR: 2022
LATITUDE: 41 37 N
LONGITUDE: 91 33 W
TEMPERATURE IN F: :PCPN: SNOW: WIND :SUNSHINE: SKY :PK WND
================================================================================
1 2 3 4 5 6A 6B 7 8 9 10 11 12 13 14 15 16 17 18
12Z AVG MX 2MIN
DY MAX MIN AVG DEP HDD CDD WTR SNW DPTH SPD SPD DIR MIN PSBL S-S WX SPD DR
================================================================================
1 90 62 76 5 0 11 0.00 M M 6.5 17 170 M M 3 26 200
2 91 67 79 9 0 14 0.00 M M 6.7 17 140 M M 2 23 130
3 81 69 75 5 0 10 0.00 M M 7.5 15 60 M M 5 22 60
4 73 64 69 -1 0 4 0.00 M M 8.2 14 60 M M 10 20 40
5 77 64 71 1 0 6 0.00 M M 5.8 12 50 M M 9 16 80
6 81 61 71 2 0 6 0.00 M M 1.9 9 60 M M 6 12 13 100
7 86 58 72 3 0 7 0.00 M M 3.2 14 360 M M 2 1 23 350
8 86 57 72 3 0 7 0.00 M M 5.0 16 160 M M 1 12 25 180
9 88 58 73 5 0 8 0.00 M M 6.2 17 170 M M 1 27 180
10 72 58 65 -3 0 0 1.08 M M 7.9 18 20 M M 8 12 25 340
11 75 58 67 -1 0 2 0.24 M M 10.9 22 350 M M 3 1 31 320
12 73 56 65 -2 0 0 T M M 7.8 20 320 M M 7 27 320
13 80 50 65 -2 0 0 0.00 M M 3.2 10 320 M M 0 15 330
14 84 49 67 0 0 2 0.00 M M 5.0 14 120 M M 0 1 20 130
15 86 58 72 6 0 7 0.00 M M 5.6 17 190 M M 0 18 23 150
16 87 60 74 8 0 9 0.00 M M 5.8 18 190 M M 1 25 110
17 75 66 71 5 0 6 0.58 M M 8.2 17 200 M M 7 13 27 200
18 86 65 76 11 0 11 0.01 M M 6.0 25 190 M M 5 3 35 200
19 85 63 74 9 0 9 0.00 M M 6.2 13 130 M M 0 19 50
20 97 68 83 19 0 18 0.00 M M 7.1 21 200 M M 0 1 29 230
21 85 59 72 8 0 7 0.00 M M 11.0 23 350 M M 2 32 350
22 69 50 60 -4 5 0 0.00 M M 7.6 17 20 M M 0 23 30
23 57 49 53 -10 12 0 0.02 M M 8.1 18 150 M M 6 1 25 140
24 76 52 64 1 1 0 0.00 M M 6.9 17 290 M M 6 1 25 290
25 77 53 65 3 0 0 0.00 M M 12.6 29 290 M M 1 38 320
26 70 46 58 -4 7 0 0.00 M M 11.6 25 300 M M 0 39 290
27 68 41 55 -7 10 0 0.00 M M 8.2 18 330 M M 1 28 340
28 65 40 53 -8 12 0 0.00 M M 4.9 12 50 M M 0 16 10
29 68 39 54 -7 11 0 0.00 M M 3.9 13 130 M M 0 18 120
30 73 38 56 -4 9 0 0.00 M M 3.2 14 150 M M 0 19 160
================================================================================
SM 2361 1678 67 144 1.93 M 202.7 M 86
================================================================================
AV 78.7 55.9 6.8 FASTST M M 3 MAX(MPH)
MISC ----> 29 290 39 290
================================================================================
NOTES:
# LAST OF SEVERAL OCCURRENCES
COLUMN 17 PEAK WIND IN M.P.H.
PRELIMINARY LOCAL CLIMATOLOGICAL DATA (WS FORM: F-6) , PAGE 2
STATION: IOWA CITY IA
MONTH: SEPTEMBER
YEAR: 2022
LATITUDE: 41 37 N
LONGITUDE: 91 33 W
[TEMPERATURE DATA] [PRECIPITATION DATA] SYMBOLS USED IN COLUMN 16
AVERAGE MONTHLY: 67.3 TOTAL FOR MONTH: 1.93 1 = FOG OR MIST
DPTR FM NORMAL: 1.5 DPTR FM NORMAL: -1.31 2 = FOG REDUCING VISIBILITY
HIGHEST: 97 ON 20 GRTST 24HR 1.32 ON 10-11 TO 1/4 MILE OR LESS
LOWEST: 38 ON 30 3 = THUNDER
SNOW, ICE PELLETS, HAIL 4 = ICE PELLETS
TOTAL MONTH: M 5 = HAIL
GRTST 24HR M ON M 6 = FREEZING RAIN OR DRIZZLE
GRTST DEPTH: M ON M 7 = DUSTSTORM OR SANDSTORM:
VSBY 1/2 MILE OR LESS
8 = SMOKE OR HAZE
[NO. OF DAYS WITH] [WEATHER - DAYS WITH] 9 = BLOWING SNOW
X = TORNADO
MAX 32 OR BELOW: 0 0.01 INCH OR MORE: 5
MAX 90 OR ABOVE: 3 0.10 INCH OR MORE: 3
MIN 32 OR BELOW: 0 0.50 INCH OR MORE: 2
MIN 0 OR BELOW: 0 1.00 INCH OR MORE: 1
[HDD (BASE 65) ]
TOTAL THIS MO. 67 CLEAR (SCALE 0-3) 19
DPTR FM NORMAL -17 PTCLDY (SCALE 4-7) 9
TOTAL FM JUL 1 67 CLOUDY (SCALE 8-10) 2
DPTR FM NORMAL -23
[CDD (BASE 65) ]
TOTAL THIS MO. 144
DPTR FM NORMAL 34 [PRESSURE DATA]
TOTAL FM JAN 1 1188 HIGHEST SLP 30.55 ON 28
DPTR FM NORMAL 159 LOWEST SLP 29.79 ON 24
[REMARKS]
#FINAL-09-22#