000
CXUS52 TJSJ 010451
CF6IST
PRELIMINARY LOCAL CLIMATOLOGICAL DATA (WS FORM: F-6)
STATION: CYRIL E. KING AP/ST THOMAS
MONTH: NOVEMBER
YEAR: 2021
LATITUDE: 18 19 N
LONGITUDE: 64 58 W
TEMPERATURE IN F: :PCPN: SNOW: WIND :SUNSHINE: SKY :PK WND
================================================================================
1 2 3 4 5 6A 6B 7 8 9 10 11 12 13 14 15 16 17 18
12Z AVG MX 2MIN
DY MAX MIN AVG DEP HDD CDD WTR SNW DPTH SPD SPD DIR MIN PSBL S-S WX SPD DR
================================================================================
1 88 76 82 0 0 17 0.02 M M 8.2 15 50 M M 2 22 30
2 88 76 82 0 0 17 T M M 8.4 16 70 M M 1 22 50
3 85 76 81 -1 0 16 0.41 M M 5.5 22 100 M M 3 8 26 100
4 87 77 82 0 0 17 0.19 M M 8.7 21 120 M M 3 18 26 120
5 86 76 81 -1 0 16 0.08 M M 9.7 20 120 M M 2 25 130
6 86 77 82 0 0 17 0.00 M M 9.5 17 130 M M 1 23 130
7 85 75 80 -2 0 15 0.01 M M 6.2 12 130 M M 2 16 50
8 85 74 80 -2 0 15 0.00 M M 5.8 12 130 M M 2 15 150
9 85 75 80 -2 0 15 0.05 M M 6.6 18 130 M M 7 24 110
10 87 78 83 1 0 18 T M M 7.3 20 130 M M 8 24 130
11 88 75 82 0 0 17 0.03 M M 8.7 21 60 M M 3 8 26 90
12 89 77 83 1 0 18 0.00 M M 9.8 18 60 M M 2 27 60
13 88 76 82 0 0 17 0.26 M M 9.5 18 100 M M 2 18 24 80
14 87 76 82 0 0 17 0.09 M M 8.6 24 80 M M 3 31 90
15 88 77 83 1 0 18 T M M 8.2 18 90 M M 1 22 90
16 86 76 81 -1 0 16 0.00 M M 10.7 20 100 M M 2 28 90
17 87 75 81 -1 0 16 0.32 M M 14.6 25 70 M M 5 18 36 60
18 85 75 80 -1 0 15 0.37 M M 13.3 18 60 M M 6 1 29 70
19 87 76 82 1 0 17 0.00 M M 8.0 17 80 M M 0 21 80
20 78 75 77 -4 0 12 0.00 M M 8.1 14 80 M M 0 M M
21 85 77 81 0 0 16 T M M 8.6 16 140 M M 3 21 140
22 84 74 79 -2 0 14 0.04 M M 5.8 15 110 M M 2 20 110
23 84 75 80 -1 0 15 0.00 M M 6.8 13 150 M M 3 17 150
24 86 73 80 -1 0 15 0.00 M M 4.7 13 320 M M 1 22 350
25 84 74 79 -2 0 14 0.18 M M 7.9 23 30 M M 4 18 31 50
26 85 77 81 0 0 16 T M M 12.8 25 20 M M 2 39 70
27 88 76 82 1 0 17 0.00 M M 11.7 21 30 M M 1 29 30
28 85 76 81 0 0 16 0.03 M M 7.8 16 140 M M 1 20 140
29 86 76 81 0 0 16 T M M 8.1 16 130 M M 2 21 130
30 86 76 81 0 0 16 0.00 0.0 0 8.8 17 130 M M 1 21 130
================================================================================
SM 2578 2272 0 481 2.08 0.0 258.3 M 75
================================================================================
AV 85.9 75.7 8.6 FASTST M M 3 MAX(MPH)
MISC ----> # 25 70 39 70
================================================================================
NOTES:
# LAST OF SEVERAL OCCURRENCES
COLUMN 17 PEAK WIND IN M.P.H.
PRELIMINARY LOCAL CLIMATOLOGICAL DATA (WS FORM: F-6) , PAGE 2
STATION: CYRIL E. KING AP/ST THOMAS
MONTH: NOVEMBER
YEAR: 2021
LATITUDE: 18 19 N
LONGITUDE: 64 58 W
[TEMPERATURE DATA] [PRECIPITATION DATA] SYMBOLS USED IN COLUMN 16
AVERAGE MONTHLY: 80.8 TOTAL FOR MONTH: 2.08 1 = FOG OR MIST
DPTR FM NORMAL: -0.8 DPTR FM NORMAL: -3.98 2 = FOG REDUCING VISIBILITY
HIGHEST: 89 ON 12 GRTST 24HR 0.48 ON 17-18 TO 1/4 MILE OR LESS
LOWEST: 73 ON 24 3 = THUNDER
SNOW, ICE PELLETS, HAIL 4 = ICE PELLETS
TOTAL MONTH: 0.0 INCH 5 = HAIL
GRTST 24HR 0.0 6 = FREEZING RAIN OR DRIZZLE
GRTST DEPTH: 0 7 = DUSTSTORM OR SANDSTORM:
VSBY 1/2 MILE OR LESS
8 = SMOKE OR HAZE
[NO. OF DAYS WITH] [WEATHER - DAYS WITH] 9 = BLOWING SNOW
X = TORNADO
MAX 32 OR BELOW: 0 0.01 INCH OR MORE: 14
MAX 90 OR ABOVE: 0 0.10 INCH OR MORE: 6
MIN 32 OR BELOW: 0 0.50 INCH OR MORE: 0
MIN 0 OR BELOW: 0 1.00 INCH OR MORE: 0
[HDD (BASE 65) ]
TOTAL THIS MO. 0 CLEAR (SCALE 0-3) 23
DPTR FM NORMAL 0 PTCLDY (SCALE 4-7) 7
TOTAL FM JUL 1 0 CLOUDY (SCALE 8-10) 0
DPTR FM NORMAL 0
[CDD (BASE 65) ]
TOTAL THIS MO. 481
DPTR FM NORMAL -17 [PRESSURE DATA]
TOTAL FM JAN 1 5814 HIGHEST SLP M ON M
DPTR FM NORMAL 116 LOWEST SLP 29.86 ON 22
[REMARKS]
#FINAL-11-21#