000
CXUS52 TJSJ 010427
CF6IST
PRELIMINARY LOCAL CLIMATOLOGICAL DATA (WS FORM: F-6)
STATION: CYRIL E. KING AP/ST THOMAS
MONTH: MARCH
YEAR: 2020
LATITUDE: 18 19 N
LONGITUDE: 64 58 W
TEMPERATURE IN F: :PCPN: SNOW: WIND :SUNSHINE: SKY :PK WND
================================================================================
1 2 3 4 5 6A 6B 7 8 9 10 11 12 13 14 15 16 17 18
12Z AVG MX 2MIN
DY MAX MIN AVG DEP HDD CDD WTR SNW DPTH SPD SPD DIR MIN PSBL S-S WX SPD DR
================================================================================
1 84 73 79 0 0 14 0.03 0.0 0 5.9 15 90 M M 4 18 20 30
2 82 74 78 -1 0 13 0.11 0.0 0 6.5 20 80 M M 6 18 24 80
3 85 73 79 0 0 14 T 0.0 0 9.3 18 130 M M 2 24 110
4 84 74 79 0 0 14 T 0.0 0 10.0 18 130 M M 1 22 120
5 85 74 80 1 0 15 0.00 0.0 0 10.8 21 130 M M 1 26 130
6 85 74 80 1 0 15 0.00 0.0 0 9.8 18 110 M M 2 24 120
7 84 73 79 0 0 14 0.08 0.0 0 8.5 17 90 M M 5 18 21 90
8 83 73 78 -1 0 13 0.23 0.0 0 7.4 18 40 M M 9 1 31 40
9 79 73 76 -3 0 11 0.27 0.0 0 14.0 23 70 M M 9 18 33 30
10 83 74 79 0 0 14 0.07 0.0 0 11.1 18 40 M M 4 1 27 40
11 84 74 79 0 0 14 T 0.0 0 10.5 21 130 M M 4 25 120
12 84 74 79 0 0 14 0.03 0.0 0 9.0 17 130 M M 1 8 24 120
13 84 74 79 0 0 14 0.13 0.0 0 6.5 15 70 M M 3 21 70
14 85 73 79 0 0 14 0.03 0.0 0 7.3 23 340 M M 4 35 10
15 84 75 80 1 0 15 T 0.0 0 10.2 22 10 M M 4 37 360
16 84 73 79 0 0 14 0.03 0.0 0 8.8 21 330 M M 6 31 320
17 86 75 81 2 0 16 0.20 0.0 0 12.0 22 30 M M 5 18 31 60
18 87 74 81 2 0 16 0.06 0.0 0 10.8 22 90 M M 4 1 25 50
19 86 75 81 2 0 16 0.07 0.0 0 11.6 22 70 M M 5 28 80
20 85 73 79 -1 0 14 0.32 0.0 0 15.0 24 70 M M 4 1 33 90
21 83 73 78 -2 0 13 0.16 0.0 0 17.1 29 50 M M 7 36 30
22 86 74 80 0 0 15 0.08 0.0 0 13.2 23 80 M M 4 30 90
23 85 73 79 -1 0 14 0.61 0.0 0 12.5 24 70 M M 4 1 31 60
24 85 75 80 0 0 15 T 0.0 0 12.9 21 70 M M 7 30 30
25 84 73 79 -1 0 14 0.00 0.0 0 11.7 21 130 M M 5 28 40
26 83 70 77 -3 0 12 0.00 0.0 0 7.4 14 130 M M 0 18 130
27 83 74 79 -1 0 14 0.07 0.0 0 5.2 15 340 M M 3 20 330
28 87 74 81 1 0 16 0.01 0.0 0 8.4 16 80 M M 2 21 80
29 87 76 82 2 0 17 0.01 0.0 0 12.2 21 60 M M 1 26 80
30 85 76 81 1 0 16 T 0.0 0 12.7 20 50 M M 3 28 70
31 M M M M M M 0.00 0.0 0 5.8 6 90 M M 1 M M
================================================================================
SM 2531 2213 0 430 2.60 0.0 314.1 M 120
================================================================================
AV 84.4 73.8 10.1 FASTST M M 4 MAX(MPH)
MISC ----> # 29 50 # 37 360
================================================================================
NOTES:
# LAST OF SEVERAL OCCURRENCES
COLUMN 17 PEAK WIND IN M.P.H.
PRELIMINARY LOCAL CLIMATOLOGICAL DATA (WS FORM: F-6) , PAGE 2
STATION: CYRIL E. KING AP/ST THOMAS
MONTH: MARCH
YEAR: 2020
LATITUDE: 18 19 N
LONGITUDE: 64 58 W
[TEMPERATURE DATA] [PRECIPITATION DATA] SYMBOLS USED IN COLUMN 16
AVERAGE MONTHLY: 79.1 TOTAL FOR MONTH: 2.60 1 = FOG OR MIST
DPTR FM NORMAL: -0.3 DPTR FM NORMAL: 1.18 2 = FOG REDUCING VISIBILITY
HIGHEST: 87 ON 29,28 GRTST 24HR 0.61 ON 23-23 TO 1/4 MILE OR LESS
LOWEST: 70 ON 26 3 = THUNDER
SNOW, ICE PELLETS, HAIL 4 = ICE PELLETS
TOTAL MONTH: 0.0 INCH 5 = HAIL
GRTST 24HR 0.0 6 = FREEZING RAIN OR DRIZZLE
GRTST DEPTH: 0 7 = DUSTSTORM OR SANDSTORM:
VSBY 1/2 MILE OR LESS
8 = SMOKE OR HAZE
[NO. OF DAYS WITH] [WEATHER - DAYS WITH] 9 = BLOWING SNOW
X = TORNADO
MAX 32 OR BELOW: 0 0.01 INCH OR MORE: 20
MAX 90 OR ABOVE: 0 0.10 INCH OR MORE: 8
MIN 32 OR BELOW: 0 0.50 INCH OR MORE: 1
MIN 0 OR BELOW: 0 1.00 INCH OR MORE: 0
[HDD (BASE 65) ]
TOTAL THIS MO. 0 CLEAR (SCALE 0-3) 12
DPTR FM NORMAL 0 PTCLDY (SCALE 4-7) 17
TOTAL FM JUL 1 0 CLOUDY (SCALE 8-10) 2
DPTR FM NORMAL 0
[CDD (BASE 65) ]
TOTAL THIS MO. 430
DPTR FM NORMAL -15 [PRESSURE DATA]
TOTAL FM JAN 1 1293 HIGHEST SLP M ON M
DPTR FM NORMAL 34 LOWEST SLP 29.87 ON 12
[REMARKS]
#FINAL-03-20#