000
CXUS52 TJSJ 010444
CF6ISX
PRELIMINARY LOCAL CLIMATOLOGICAL DATA (WS FORM: F-6)
STATION: HENRY E. ROHLSEN AP/ST CROIX
MONTH: AUGUST
YEAR: 2022
LATITUDE: 17 42 N
LONGITUDE: 64 48 W
TEMPERATURE IN F: :PCPN: SNOW: WIND :SUNSHINE: SKY :PK WND
================================================================================
1 2 3 4 5 6A 6B 7 8 9 10 11 12 13 14 15 16 17 18
12Z AVG MX 2MIN
DY MAX MIN AVG DEP HDD CDD WTR SNW DPTH SPD SPD DIR MIN PSBL S-S WX SPD DR
================================================================================
1 91 82 87 4 0 22 T M M 13.4 22 60 M M 5 26 70
2 90 80 85 2 0 20 T M M 12.7 20 100 M M 4 8 25 100
3 92 80 86 3 0 21 T M M 13.6 25 70 M M 3 32 90
4 92 78 85 2 0 20 0.18 M M 14.0 24 100 M M M 32 100
5 91 79 85 2 0 20 T M M 14.8 24 90 M M 3 30 80
6 92 81 87 4 0 22 0.04 M M 14.3 23 80 M M 3 8 31 70
7 93 78 86 3 0 21 0.02 M M 15.8 24 80 M M 5 1 31 70
8 91 82 87 4 0 22 T M M 16.4 24 60 M M 4 31 70
9 94 81 88 4 0 23 0.00 M M 13.7 22 60 M M 3 28 80
10 92 80 86 2 0 21 T M M 13.2 22 100 M M 3 26 110
11 92 79 86 2 0 21 0.01 M M 12.8 23 100 M M 3 28 110
12 92 79 86 2 0 21 0.00 M M 10.9 18 100 M M 2 26 80
13 94 76 85 1 0 20 T M M 9.4 17 60 M M 2 24 60
14 92 80 86 2 0 21 0.29 M M 7.8 20 80 M M 3 23 60
15 90 79 85 1 0 20 0.00 M M 6.1 13 150 M M 3 16 160
16 91 78 85 1 0 20 0.00 M M 4.9 13 140 M M 3 17 120
17 91 78 85 1 0 20 0.70 M M 5.5 20 90 M M 3 18 24 80
18 91 78 85 1 0 20 0.00 M M 11.1 21 80 M M 3 25 100
19 89 80 85 1 0 20 0.41 M M 10.1 23 80 M M 4 8 29 100
20 91 78 85 1 0 20 0.12 M M 12.7 23 100 M M 4 18 27 90
21 90 78 84 0 0 19 0.07 M M 8.8 17 150 M M 4 18 24 150
22 89 77 83 -1 0 18 0.19 M M 5.7 16 140 M M 4 18 22 130
23 89 77 83 -1 0 18 T M M 8.4 15 110 M M 2 19 130
24 91 80 86 2 0 21 0.05 M M 11.7 23 100 M M 2 27 90
25 90 79 85 1 0 20 0.01 M M 9.9 26 80 M M 3 31 80
26 90 78 84 1 0 19 0.04 M M 11.7 21 110 M M 2 25 70
27 91 79 85 2 0 20 0.02 M M 11.2 20 80 M M 3 27 90
28 92 78 85 2 0 20 T M M 10.3 21 100 M M 3 24 100
29 93 79 86 3 0 21 T M M 9.7 18 110 M M 3 24 110
30 93 80 87 4 0 22 T M M 9.5 20 100 M M 2 24 120
31 92 78 85 2 0 20 T 0.0 0 7.9 16 120 M M 2 20 120
================================================================================
SM 2831 2449 0 633 2.15 0.0 338.0 M 93
================================================================================
AV 91.3 79.0 10.9 FASTST M M 3 MAX(MPH)
MISC ----> 26 80 # 32 90
================================================================================
NOTES:
# LAST OF SEVERAL OCCURRENCES
COLUMN 17 PEAK WIND IN M.P.H.
PRELIMINARY LOCAL CLIMATOLOGICAL DATA (WS FORM: F-6) , PAGE 2
STATION: HENRY E. ROHLSEN AP/ST CROIX
MONTH: AUGUST
YEAR: 2022
LATITUDE: 17 42 N
LONGITUDE: 64 48 W
[TEMPERATURE DATA] [PRECIPITATION DATA] SYMBOLS USED IN COLUMN 16
AVERAGE MONTHLY: 85.2 TOTAL FOR MONTH: 2.15 1 = FOG OR MIST
DPTR FM NORMAL: 1.8 DPTR FM NORMAL: -1.08 2 = FOG REDUCING VISIBILITY
HIGHEST: 94 ON 13, 9 GRTST 24HR 0.70 ON 17-17 TO 1/4 MILE OR LESS
LOWEST: 76 ON 13 3 = THUNDER
SNOW, ICE PELLETS, HAIL 4 = ICE PELLETS
TOTAL MONTH: 0.0 INCH 5 = HAIL
GRTST 24HR 0.0 6 = FREEZING RAIN OR DRIZZLE
GRTST DEPTH: 0 7 = DUSTSTORM OR SANDSTORM:
VSBY 1/2 MILE OR LESS
8 = SMOKE OR HAZE
[NO. OF DAYS WITH] [WEATHER - DAYS WITH] 9 = BLOWING SNOW
X = TORNADO
MAX 32 OR BELOW: 0 0.01 INCH OR MORE: 14
MAX 90 OR ABOVE: 28 0.10 INCH OR MORE: 6
MIN 32 OR BELOW: 0 0.50 INCH OR MORE: 1
MIN 0 OR BELOW: 0 1.00 INCH OR MORE: 0
[HDD (BASE 65) ]
TOTAL THIS MO. 0 CLEAR (SCALE 0-3) 14
DPTR FM NORMAL 0 PTCLDY (SCALE 4-7) 16
TOTAL FM JUL 1 0 CLOUDY (SCALE 8-10) 1
DPTR FM NORMAL 0
[CDD (BASE 65) ]
TOTAL THIS MO. 633
DPTR FM NORMAL 61 [PRESSURE DATA]
TOTAL FM JAN 1 4055 HIGHEST SLP M ON M
DPTR FM NORMAL 269 LOWEST SLP 29.89 ON 22
[REMARKS]
#FINAL-08-22#