157
CXHW53 PHFO 011250
CF6ITO
PRELIMINARY LOCAL CLIMATOLOGICAL DATA (WS FORM: F-6)
STATION: HILO HI
MONTH: JULY
YEAR: 2020
LATITUDE: 19 43 N
LONGITUDE: 155 4 W
TEMPERATURE IN F: :PCPN: SNOW: WIND :SUNSHINE: SKY :PK WND
================================================================================
1 2 3 4 5 6A 6B 7 8 9 10 11 12 13 14 15 16 17 18
12Z AVG MX 2MIN
DY MAX MIN AVG DEP HDD CDD WTR SNW DPTH SPD SPD DIR MIN PSBL S-S WX SPD DR
================================================================================
1 87 73 80 4 0 15 0.03 0.0 M 6.9 13 20 M M M 1 17 30
2 86 71 79 3 0 14 0.11 0.0 M 6.3 13 70 M M M 20 50
3 88 72 80 4 0 15 0.04 0.0 M 7.3 17 120 M M M 1 22 80
4 88 73 81 5 0 16 0.20 0.0 M 6.4 16 100 M M M 1 21 90
5 85 73 79 3 0 14 0.23 0.0 M 6.9 16 90 M M M 1 20 80
6 86 70 78 2 0 13 0.19 0.0 M 5.9 18 80 M M M 24 100
7 86 71 79 3 0 14 0.19 0.0 M 6.8 15 70 M M M 1 19 40
8 85 71 78 2 0 13 0.36 0.0 M 6.8 18 60 M M M 1 23 80
9 83 71 77 1 0 12 0.11 0.0 M 5.2 14 80 M M M 17 80
10 86 72 79 3 0 14 0.05 0.0 M 7.7 18 100 M M M 1 23 80
11 85 71 78 2 0 13 0.42 0.0 M 5.6 16 70 M M M 18 20 50
12 84 71 78 2 0 13 0.18 0.0 M 4.3 10 50 M M M 15 30
13 85 71 78 2 0 13 0.02 0.0 M 5.5 13 50 M M M 16 50
14 82 73 78 2 0 13 0.91 0.0 M 5.0 13 80 M M M 1 17 230
15 85 72 79 3 0 14 0.07 0.0 M 5.4 12 40 M M M 1 17 40
16 86 71 79 3 0 14 0.20 0.0 M 5.1 13 100 M M M 1 17 50
17 87 72 80 4 0 15 0.06 0.0 M 6.1 15 90 M M M 1 21 110
18 86 70 78 2 0 13 0.13 0.0 M 6.7 17 60 M M M 18 21 50
19 86 74 80 4 0 15 0.01 0.0 M 5.2 18 80 M M M 21 70
20 M M M M M M M M M M M M M M M M M
21 87 69 78 2 0 13 T 0.0 M 6.6 14 60 M M M 19 60
22 87 70 79 3 0 14 0.00 0.0 M 6.3 15 90 M M M 20 70
23 87 71 79 3 0 14 0.19 0.0 M 6.7 16 90 M M M 20 90
24 86 71 79 3 0 14 0.46 0.0 M 5.8 14 30 M M M 1 19 30
25 86 74 80 4 0 15 0.05 0.0 M 9.2 20 330 M M M 26 340
26 93 76 85 9 0 20 T 0.0 M 10.8 23 130 M M M 1 32 350
27 87 74 81 5 0 16 0.47 0.0 M 6.5 16 70 M M M 1 21 100
28 85 71 78 2 0 13 0.12 0.0 M 6.9 15 60 M M M 20 60
29 85 71 78 2 0 13 0.32 0.0 M 7.5 15 60 M M M 1 19 50
30 86 72 79 3 0 14 0.06 0.0 M 6.4 15 50 M M M 19 60
31 86 70 78 2 0 13 0.09 0.0 M 8.0 17 80 M M M 22 80
================================================================================
SM 2581 2151 0 422 5.27 0.0 195.8 M M
================================================================================
AV 86.0 71.7 6.5 FASTST M M 0 MAX(MPH)
MISC ----> # 23 130 # 32 350
================================================================================
NOTES:
# LAST OF SEVERAL OCCURRENCES
COLUMN 17 PEAK WIND IN M.P.H.
PRELIMINARY LOCAL CLIMATOLOGICAL DATA (WS FORM: F-6) , PAGE 2
STATION: HILO HI
MONTH: JULY
YEAR: 2020
LATITUDE: 19 43 N
LONGITUDE: 155 4 W
[TEMPERATURE DATA] [PRECIPITATION DATA] SYMBOLS USED IN COLUMN 16
AVERAGE MONTHLY: 78.9 TOTAL FOR MONTH: 5.27 1 = FOG OR MIST
DPTR FM NORMAL: 2.8 DPTR FM NORMAL: -5.54 2 = FOG REDUCING VISIBILITY
HIGHEST: 93 ON 26 GRTST 24HR 0.91 ON 14-14 TO 1/4 MILE OR LESS
LOWEST: 69 ON 21 3 = THUNDER
SNOW, ICE PELLETS, HAIL 4 = ICE PELLETS
TOTAL MONTH: 0.0 INCH 5 = HAIL
GRTST 24HR 0.0 6 = FREEZING RAIN OR DRIZZLE
GRTST DEPTH: M ON M 7 = DUSTSTORM OR SANDSTORM:
VSBY 1/2 MILE OR LESS
8 = SMOKE OR HAZE
[NO. OF DAYS WITH] [WEATHER - DAYS WITH] 9 = BLOWING SNOW
X = TORNADO
MAX 32 OR BELOW: 0 0.01 INCH OR MORE: 27
MAX 90 OR ABOVE: 1 0.10 INCH OR MORE: 17
MIN 32 OR BELOW: 0 0.50 INCH OR MORE: 1
MIN 0 OR BELOW: 0 1.00 INCH OR MORE: 0
[HDD (BASE 65) ]
TOTAL THIS MO. 0 CLEAR (SCALE 0-3) 0
DPTR FM NORMAL 0 PTCLDY (SCALE 4-7) 0
TOTAL FM JUL 1 0 CLOUDY (SCALE 8-10) 0
DPTR FM NORMAL 0
[CDD (BASE 65) ]
TOTAL THIS MO. 422
DPTR FM NORMAL 79 [PRESSURE DATA]
TOTAL FM JAN 1 2375 HIGHEST SLP 30.11 ON 7
DPTR FM NORMAL 658 LOWEST SLP 29.82 ON 26
[REMARKS]
#FINAL-07-20#