000
CXUS53 KEAX 010836
CF6IXD
PRELIMINARY LOCAL CLIMATOLOGICAL DATA (WS FORM: F-6)
STATION: NEW CENTURY AIR CENTER KS
MONTH: JANUARY
YEAR: 2023
LATITUDE: 38 49 N
LONGITUDE: 94 54 W
TEMPERATURE IN F: :PCPN: SNOW: WIND :SUNSHINE: SKY :PK WND
================================================================================
1 2 3 4 5 6A 6B 7 8 9 10 11 12 13 14 15 16 17 18
12Z AVG MX 2MIN
DY MAX MIN AVG DEP HDD CDD WTR SNW DPTH SPD SPD DIR MIN PSBL S-S WX SPD DR
================================================================================
1 61 30 46 16 19 0 0.00 M M 6.0 14 40 M M 1 12 20 40
2 59 41 50 20 15 0 1.85 M M 7.8 18 80 M M 7 123 24 70
3 57 33 45 15 20 0 0.00 M M 15.8 25 240 M M 8 12 35 230
4 46 30 38 8 27 0 0.00 M M 13.2 22 280 M M 4 29 250
5 44 27 36 6 29 0 0.00 M M 10.2 20 290 M M 2 25 300
6 48 21 35 5 30 0 0.00 M M 5.8 15 70 M M 1 21 50
7 39 29 34 4 31 0 T M M 10.4 18 30 M M 10 25 40
8 48 21 35 5 30 0 0.00 M M 4.7 13 190 M M 1 18 17 180
9 58 27 43 13 22 0 0.00 M M 9.8 24 210 M M 0 31 200
10 56 29 43 13 22 0 0.00 M M 4.4 10 310 M M 0 16 90
11 55 29 42 12 23 0 T M M 7.0 24 30 M M 1 1 34 20
12 38 25 32 2 33 0 T M M 18.7 31 340 M M 10 1 39 340
13 34 20 27 -2 38 0 0.00 M M 7.0 18 340 M M 5 23 340
14 45 19 32 3 33 0 0.00 M M 11.7 18 150 M M 0 26 180
15 57 36 47 18 18 0 T M M 16.8 26 140 M M 2 38 160
16 59 38 49 20 16 0 T M M 14.3 28 210 M M 2 42 190
17 45 28 37 8 28 0 0.00 M M 6.4 13 340 M M 2 18 16 50
18 41 37 39 10 26 0 0.46 M M 10.4 21 220 M M 9 12 30 60
19 38 26 32 3 33 0 T M M 14.4 28 280 M M 9 1 37 280
20 45 26 36 6 29 0 0.00 M M 3.6 10 310 M M 3 14 330
21 38 25 32 2 33 0 0.16 M M 3.7 8 70 M M 8 1 11 70
22 33 26 30 0 35 0 0.06 M M 7.3 13 310 M M 10 18 17 330
23 42 19 31 1 34 0 0.00 M M 6.6 15 250 M M 2 1 25 240
24 39 24 32 2 33 0 0.06 M M 1.6 8 160 M M 5 1 10 160
25 34 23 29 -1 36 0 0.09 M M 12.7 21 310 M M 10 1 29 320
26 29 14 22 -8 43 0 0.00 M M 8.5 20 300 M M 5 26 290
27 50 26 38 8 27 0 0.00 M M 10.1 23 200 M M 5 36 200
28 54 21 38 8 27 0 0.00 M M 14.5 23 350 M M 5 33 340
29 23 12 18 -12 47 0 0.00 M M 18.4 25 10 M M 9 29 20
30 20 9 15 -15 50 0 0.00 M M 11.9 24 340 M M 5 30 10
31 25 7 16 -14 49 0 0.00 M M 4.0 9 200 M M 0 13 220
================================================================================
SM 1360 778 936 0 2.68 M 297.7 M 141
================================================================================
AV 43.9 25.1 9.6 FASTST M M 5 MAX(MPH)
MISC ----> 31 340 42 190
================================================================================
NOTES:
# LAST OF SEVERAL OCCURRENCES
COLUMN 17 PEAK WIND IN M.P.H.
PRELIMINARY LOCAL CLIMATOLOGICAL DATA (WS FORM: F-6) , PAGE 2
STATION: NEW CENTURY AIR CENTER KS
MONTH: JANUARY
YEAR: 2023
LATITUDE: 38 49 N
LONGITUDE: 94 54 W
[TEMPERATURE DATA] [PRECIPITATION DATA] SYMBOLS USED IN COLUMN 16
AVERAGE MONTHLY: 34.5 TOTAL FOR MONTH: 2.68 1 = FOG OR MIST
DPTR FM NORMAL: 4.7 DPTR FM NORMAL: 1.63 2 = FOG REDUCING VISIBILITY
HIGHEST: 61 ON 1 GRTST 24HR 1.85 ON 2- 2 TO 1/4 MILE OR LESS
LOWEST: 7 ON 31 3 = THUNDER
SNOW, ICE PELLETS, HAIL 4 = ICE PELLETS
TOTAL MONTH: M 5 = HAIL
GRTST 24HR M ON M 6 = FREEZING RAIN OR DRIZZLE
GRTST DEPTH: M ON M 7 = DUSTSTORM OR SANDSTORM:
VSBY 1/2 MILE OR LESS
8 = SMOKE OR HAZE
[NO. OF DAYS WITH] [WEATHER - DAYS WITH] 9 = BLOWING SNOW
X = TORNADO
MAX 32 OR BELOW: 4 0.01 INCH OR MORE: 6
MAX 90 OR ABOVE: 0 0.10 INCH OR MORE: 3
MIN 32 OR BELOW: 26 0.50 INCH OR MORE: 1
MIN 0 OR BELOW: 0 1.00 INCH OR MORE: 1
[HDD (BASE 65) ]
TOTAL THIS MO. 936 CLEAR (SCALE 0-3) 14
DPTR FM NORMAL -156 PTCLDY (SCALE 4-7) 9
TOTAL FM JUL 1 2904 CLOUDY (SCALE 8-10) 8
DPTR FM NORMAL -148
[CDD (BASE 65) ]
TOTAL THIS MO. 0
DPTR FM NORMAL 0 [PRESSURE DATA]
TOTAL FM JAN 1 0 HIGHEST SLP 30.54 ON 31
DPTR FM NORMAL 0 LOWEST SLP 29.39 ON 16
[REMARKS]
#FINAL-01-23#