000
CXUS55 KEAX 041832
CF6IXD
PRELIMINARY LOCAL CLIMATOLOGICAL DATA (WS FORM: F-6)
STATION: NEW CENTURY AIR CENTER KS
MONTH: SEPTEMBER
YEAR: 2020
LATITUDE: 38 49 N
LONGITUDE: 94 54 W
TEMPERATURE IN F: :PCPN: SNOW: WIND :SUNSHINE: SKY :PK WND
================================================================================
1 2 3 4 5 6A 6B 7 8 9 10 11 12 13 14 15 16 17 18
12Z AVG MX 2MIN
DY MAX MIN AVG DEP HDD CDD WTR SNW DPTH SPD SPD DIR MIN PSBL S-S WX SPD DR
================================================================================
1 84 66 75 1 0 10 0.02 M M 7.4 18 200 M M 6 1 26 200
2 86 65 76 3 0 11 0.00 M M 3.6 10 140 M M 3 128 15 130
3 86 59 73 0 0 8 0.00 M M 8.5 18 350 M M 3 12 23 340
4 83 53 68 -5 0 3 0.00 M M 5.1 10 140 M M 0 16 150
5 91 65 78 6 0 13 0.00 M M 6.5 13 210 M M 2 18 180
6 93 74 84 12 0 19 0.00 M M 16.1 28 210 M M 0 37 200
7 93 71 82 10 0 17 0.00 M M 9.8 22 180 M M 1 30 200
8 72 51 62 -9 3 0 0.02 M M 14.0 22 10 M M 10 13 31 10
9 55 50 53 -18 12 0 T M M 12.0 17 10 M M 10 1 24 20
10 57 53 55 -15 10 0 1.01 M M 9.8 16 360 M M 10 1 20 10
11 64 54 59 -11 6 0 0.05 M M 3.6 8 360 M M 10 1 10 250
12 78 60 69 0 0 4 0.02 M M 7.4 15 200 M M 7 8 25 190
13 77 53 65 -4 0 0 0.00 M M 5.3 12 10 M M 0 15 10
14 80 56 68 -1 0 3 0.00 M M 5.7 14 110 M M 0 21 60
15 80 54 67 -1 0 2 0.00 M M 4.1 9 160 M M 0 12 190
16 83 58 71 3 0 6 0.00 M M 3.0 13 350 M M 0 1 17 360
17 73 53 63 -4 2 0 0.00 M M 7.1 13 360 M M 0 20 10
18 74 50 62 -5 3 0 0.00 M M 5.9 13 50 M M 0 17 50
19 71 53 62 -4 3 0 0.00 M M 8.5 15 150 M M 0 20 140
20 75 52 64 -2 1 0 0.00 M M 8.7 14 150 M M 0 19 160
21 79 56 68 2 0 3 0.00 M M 6.7 13 160 M M 0 17 160
22 75 56 66 1 0 1 0.00 M M 5.8 12 150 M M 1 17 170
23 78 59 69 4 0 4 0.00 M M 5.2 12 160 M M 6 1 15 190
24 81 53 67 3 0 2 0.00 M M 7.7 16 190 M M 0 24 200
25 86 60 73 9 0 8 0.00 M M 12.2 21 180 M M 0 28 170
26 90 62 76 12 0 11 0.00 M M 13.7 26 190 M M 0 35 190
27 70 52 61 -2 4 0 1.19 M M 9.4 30 20 M M 8 13 68 360
28 68 48 58 -5 7 0 0.00 M M 10.3 24 330 M M 2 8 34 320
29 72 44 58 -4 7 0 0.00 M M 9.3 18 260 M M 1 25 260
30 75 49 62 0 3 0 0.00 M M 12.0 28 350 M M 0 37 350
================================================================================
SM 2329 1689 61 125 2.31 M 244.4 M 80
================================================================================
AV 77.6 56.3 8.1 FASTST M M 3 MAX(MPH)
MISC ----> 30 20 68 360
================================================================================
NOTES:
# LAST OF SEVERAL OCCURRENCES
COLUMN 17 PEAK WIND IN M.P.H.
PRELIMINARY LOCAL CLIMATOLOGICAL DATA (WS FORM: F-6) , PAGE 2
STATION: NEW CENTURY AIR CENTER KS
MONTH: SEPTEMBER
YEAR: 2020
LATITUDE: 38 49 N
LONGITUDE: 94 54 W
[TEMPERATURE DATA] [PRECIPITATION DATA] SYMBOLS USED IN COLUMN 16
AVERAGE MONTHLY: 67.0 TOTAL FOR MONTH: 2.31 1 = FOG OR MIST
DPTR FM NORMAL: -1.0 DPTR FM NORMAL: -2.37 2 = FOG REDUCING VISIBILITY
HIGHEST: 93 ON 7, 6 GRTST 24HR 1.19 ON 27-27 TO 1/4 MILE OR LESS
LOWEST: 44 ON 29 3 = THUNDER
SNOW, ICE PELLETS, HAIL 4 = ICE PELLETS
TOTAL MONTH: M 5 = HAIL
GRTST 24HR M ON M 6 = FREEZING RAIN OR DRIZZLE
GRTST DEPTH: M ON M 7 = DUSTSTORM OR SANDSTORM:
VSBY 1/2 MILE OR LESS
8 = SMOKE OR HAZE
[NO. OF DAYS WITH] [WEATHER - DAYS WITH] 9 = BLOWING SNOW
X = TORNADO
MAX 32 OR BELOW: 0 0.01 INCH OR MORE: 6
MAX 90 OR ABOVE: 4 0.10 INCH OR MORE: 2
MIN 32 OR BELOW: 0 0.50 INCH OR MORE: 2
MIN 0 OR BELOW: 0 1.00 INCH OR MORE: 2
[HDD (BASE 65) ]
TOTAL THIS MO. 61 CLEAR (SCALE 0-3) 22
DPTR FM NORMAL 3 PTCLDY (SCALE 4-7) 4
TOTAL FM JUL 1 61 CLOUDY (SCALE 8-10) 4
DPTR FM NORMAL 2
[CDD (BASE 65) ]
TOTAL THIS MO. 125
DPTR FM NORMAL -21 [PRESSURE DATA]
TOTAL FM JAN 1 1358 HIGHEST SLP 30.33 ON 14
DPTR FM NORMAL 30 LOWEST SLP 29.64 ON 7
[REMARKS]
#FINAL-09-20#