000
CXUS54 KMEG 052111
CLMJBR
CLIMATE REPORT
NATIONAL WEATHER SERVICE MEMPHIS TN
411 PM CDT FRI APR 05 2024
...................................
...THE JONESBORO CLIMATE SUMMARY FOR THE MONTH OF MARCH 2024...
CLIMATE NORMAL PERIOD 1991 TO 2020
CLIMATE RECORD PERIOD 1897 TO 2024
WEATHER OBSERVED NORMAL DEPART LAST YEAR`S
VALUE DATE(S) VALUE FROM VALUE DATE(S)
NORMAL
................................................................
TEMPERATURE (F)
RECORD
HIGH 95 03/24/1929
LOW 0 03/28/2020
HIGHEST 79 03/04 62 17 77 03/23
03/31
LOWEST 29 03/19 37 -8 24 03/19
AVG. MAXIMUM 65.7 60.9 4.8 60.7
AVG. MINIMUM 44.4 41.2 3.2 43.4
MEAN 55.0 51.1 3.9 52.0
DAYS MAX >= 90 0 0.0 0.0 0
DAYS MAX <= 32 0 0.3 -0.3 0
DAYS MIN <= 32 1 6.3 -5.3 4
DAYS MIN <= 0 0 0.0 0.0 0
PRECIPITATION (INCHES)
RECORD
MAXIMUM 13.22 2016
MINIMUM 0.32 1966
TOTALS 3.00 4.73 -1.73 5.52
DAILY AVG. 0.10 0.15 -0.05 0.23
DAYS >= .01 8 11.2 -3.2 10
DAYS >= .10 5 7.3 -2.3 7
DAYS >= .50 2 3.3 -1.3 3
DAYS >= 1.00 1 1.3 -0.3 2
GREATEST
24 HR. TOTAL 1.36 03/14 TO 03/15
SNOWFALL (INCHES)
RECORDS
TOTAL 21.0 1965
TOTALS MM MM MM MM
SINCE 7/1 MM MM MM MM
SNOWDEPTH AVG. MM MM
DAYS >= 1.0 MM MM MM MM
GREATEST
SNOW DEPTH MM MM MM
24 HR TOTAL MM
DEGREE DAYS
HEATING TOTAL 308 441 -133 281
SINCE 7/1 2789 3239 -450 2672
COOLING TOTAL 12 9 3 2
SINCE 1/1 17 10 7 2
................................................................
WIND (MPH)
AVERAGE WIND SPEED 8.8
HIGHEST WIND SPEED/DIRECTION 39/150 DATE 03/25
HIGHEST GUST SPEED/DIRECTION 56/150 DATE 03/25
SKY COVER
POSSIBLE SUNSHINE (PERCENT) MM
AVERAGE SKY COVER 0.31
NUMBER OF DAYS FAIR 18
NUMBER OF DAYS PC 8
NUMBER OF DAYS CLOUDY 3
AVERAGE RH (PERCENT) 65
WEATHER CONDITIONS. NUMBER OF DAYS WITH
THUNDERSTORM 4 MIXED PRECIP 0
HEAVY RAIN 2 RAIN 5
LIGHT RAIN 10 FREEZING RAIN 0
LT FREEZING RAIN 0 HAIL 0
HEAVY SNOW 0 SNOW 0
LIGHT SNOW 0 SLEET 0
FOG 11 FOG W/VIS <= 1/4 MILE 2
HAZE 2
- INDICATES NEGATIVE NUMBERS.
R INDICATES RECORD WAS SET OR TIED.
MM INDICATES DATA IS MISSING.
T INDICATES TRACE AMOUNT.
$$