000
CXUS54 KMEG 042359
CLMJBR
CLIMATE REPORT
NATIONAL WEATHER SERVICE MEMPHIS TN
659 PM CDT SUN JUN 04 2023
...................................
...THE JONESBORO CLIMATE SUMMARY FOR THE MONTH OF MAY 2023...
CLIMATE NORMAL PERIOD 1991 TO 2020
CLIMATE RECORD PERIOD 1897 TO 2023
WEATHER OBSERVED NORMAL DEPART LAST YEAR`S
VALUE DATE(S) VALUE FROM VALUE DATE(S)
NORMAL
................................................................
TEMPERATURE (F)
RECORD
HIGH 101 05/28/1911
LOW 29 05/06/1927
HIGHEST 91 05/15 81 10 94 05/12
LOWEST 47 05/01 59 -12 49 05/01
05/03
AVG. MAXIMUM 82.9 80.7 2.2 81.3
AVG. MINIMUM 61.8 60.0 1.8 60.6
MEAN 72.4 70.4 2.0 70.9
DAYS MAX >= 90 1 3.2 -2.2 9
DAYS MAX <= 32 0 0.0 0.0 0
DAYS MIN <= 32 0 0.0 0.0 0
DAYS MIN <= 0 0 0.0 0.0 0
PRECIPITATION (INCHES)
RECORD
MAXIMUM 10.82 2016
MINIMUM 0.22 2005
TOTALS 2.61 5.21 -2.60 3.94
DAILY AVG. 0.08 0.17 -0.09 0.13
DAYS >= .01 9 12.3 -3.3 9
DAYS >= .10 5 7.9 -2.9 8
DAYS >= .50 1 3.5 -2.5 3
DAYS >= 1.00 1 1.8 -0.8 1
GREATEST
24 HR. TOTAL 1.19 05/08 TO 05/09
SNOWFALL (INCHES)
RECORDS
TOTAL MM MM
TOTALS MM MM MM MM
SINCE 7/1 MM MM MM MM
SNOWDEPTH AVG. MM MM
DAYS >= 1.0 MM MM MM MM
GREATEST
SNOW DEPTH MM MM
24 HR TOTAL MM
DEGREE DAYS
HEATING TOTAL 20 33 -13 23
SINCE 7/1 2837 3448 -611 3218
COOLING TOTAL 253 198 55 213
SINCE 1/1 289 257 32 261
................................................................
WIND (MPH)
AVERAGE WIND SPEED 7.2
HIGHEST WIND SPEED/DIRECTION 30/200 DATE 05/11
HIGHEST GUST SPEED/DIRECTION 43/190 DATE 05/11
SKY COVER
POSSIBLE SUNSHINE (PERCENT) MM
AVERAGE SKY COVER 0.26
NUMBER OF DAYS FAIR 21
NUMBER OF DAYS PC 9
NUMBER OF DAYS CLOUDY 1
AVERAGE RH (PERCENT) 61
WEATHER CONDITIONS. NUMBER OF DAYS WITH
THUNDERSTORM 4 MIXED PRECIP 0
HEAVY RAIN 6 RAIN 4
LIGHT RAIN 10 FREEZING RAIN 0
LT FREEZING RAIN 0 HAIL 0
HEAVY SNOW 0 SNOW 0
LIGHT SNOW 0 SLEET 0
FOG 10 FOG W/VIS <= 1/4 MILE 0
HAZE 3
- INDICATES NEGATIVE NUMBERS.
R INDICATES RECORD WAS SET OR TIED.
MM INDICATES DATA IS MISSING.
T INDICATES TRACE AMOUNT.
$$