000
CXUS55 KGGW 010810
CF6JDN
PRELIMINARY LOCAL CLIMATOLOGICAL DATA (WS FORM: F-6)
STATION: JORDAN ASOS MT
MONTH: AUGUST
YEAR: 2021
LATITUDE: 47 19 N
LONGITUDE: 106 50 W
TEMPERATURE IN F: :PCPN: SNOW: WIND :SUNSHINE: SKY :PK WND
================================================================================
1 2 3 4 5 6A 6B 7 8 9 10 11 12 13 14 15 16 17 18
12Z AVG MX 2MIN
DY MAX MIN AVG DEP HDD CDD WTR SNW DPTH SPD SPD DIR MIN PSBL S-S WX SPD DR
================================================================================
1 98 57 78 5 0 13 0.00 M M 6.4 17 120 M M 0 28 130
2 99 64 82 9 0 17 0.00 M M 9.2 17 70 M M 0 25 50
3 91 66 79 6 0 14 0.00 M M 6.6 22 320 M M 0 30 300
4 95 63 79 6 0 14 0.12 M M 7.4 18 30 M M 0 28 330
5 92 62 77 4 0 12 0.01 M M 7.1 16 100 M M 0 22 90
6 94 68 81 8 0 16 0.00 M M 9.1 21 190 M M 0 29 180
7 94 64 79 7 0 14 0.00 M M 8.1 20 300 M M 0 26 270
8 102 57 80 8 0 15 0.00 M M 11.6 39 340 M M 0 53 340
9 74 53 64 -8 1 0 0.14 M M 11.6 26 300 M M 0 39 310
10 89 51 70 -2 0 5 0.00 M M 14.3 30 310 M M 0 41 280
11 95 54 75 3 0 10 0.00 M M 13.5 26 360 M M 0 35 10
12 82 56 69 -2 0 4 0.05 M M 6.5 16 350 M M 0 27 330
13 91 48 70 -1 0 5 0.00 M M 4.7 16 260 M M 0 21 250
14 100 49 75 4 0 10 0.00 M M 4.0 15 230 M M 0 19 240
15 100 58 79 9 0 14 0.00 M M 8.8 25 270 M M 0 32 270
16 104 56 80 10 0 15 0.00 M M 9.2 30 240 M M 0 40 250
17 97 59 78 8 0 13 0.00 M M 12.8 43 10 M M 0 56 20
18 61 54 58 -12 7 0 0.05 M M 14.9 29 360 M M 0 37 330
19 60 54 57 -12 8 0 0.21 M M 3.4 10 330 M M 0 14 310
20 64 50 57 -12 8 0 0.20 M M 9.8 20 330 M M 0 26 350
21 75 45 60 -8 5 0 0.01 M M 9.3 18 120 M M 0 24 140
22 80 53 67 -1 0 2 0.46 M M 10.9 29 290 M M 0 41 280
23 91 52 72 4 0 7 0.00 M M 9.1 30 330 M M 0 41 330
24 74 51 63 -4 2 0 0.00 M M 13.8 25 300 M M 0 38 320
25 78 46 62 -5 3 0 0.00 M M 10.6 21 90 M M 0 30 100
26 85 49 67 0 0 2 0.74 M M 7.8 37 260 M M 0 49 260
27 77 52 65 -1 0 0 0.03 M M 6.2 18 280 M M 0 24 280
28 74 52 63 -3 2 0 0.04 M M 7.9 25 320 M M 0 31 320
29 84 48 66 0 0 1 0.00 M M 4.9 17 210 M M 0 27 220
30 91 48 70 5 0 5 0.00 M M 4.1 15 180 M M 0 21 140
31 92 65 79 14 0 14 0.00 M M 8.9 23 130 M M 0 30 130
================================================================================
SM 2683 1704 36 222 2.06 M 272.5 M 0
================================================================================
AV 86.5 55.0 8.8 FASTST M M 0 MAX(MPH)
MISC ----> 43 10 56 20
================================================================================
NOTES:
# LAST OF SEVERAL OCCURRENCES
COLUMN 17 PEAK WIND IN M.P.H.
PRELIMINARY LOCAL CLIMATOLOGICAL DATA (WS FORM: F-6) , PAGE 2
STATION: JORDAN ASOS MT
MONTH: AUGUST
YEAR: 2021
LATITUDE: 47 19 N
LONGITUDE: 106 50 W
[TEMPERATURE DATA] [PRECIPITATION DATA] SYMBOLS USED IN COLUMN 16
AVERAGE MONTHLY: 70.8 TOTAL FOR MONTH: 2.06 1 = FOG OR MIST
DPTR FM NORMAL: 1.1 DPTR FM NORMAL: 0.98 2 = FOG REDUCING VISIBILITY
HIGHEST: 104 ON 16 GRTST 24HR 0.77 ON 26-27 TO 1/4 MILE OR LESS
LOWEST: 45 ON 21 3 = THUNDER
SNOW, ICE PELLETS, HAIL 4 = ICE PELLETS
TOTAL MONTH: M 5 = HAIL
GRTST 24HR M ON M 6 = FREEZING RAIN OR DRIZZLE
GRTST DEPTH: M ON M 7 = DUSTSTORM OR SANDSTORM:
VSBY 1/2 MILE OR LESS
8 = SMOKE OR HAZE
[NO. OF DAYS WITH] [WEATHER - DAYS WITH] 9 = BLOWING SNOW
X = TORNADO
MAX 32 OR BELOW: 0 0.01 INCH OR MORE: 12
MAX 90 OR ABOVE: 17 0.10 INCH OR MORE: 6
MIN 32 OR BELOW: 0 0.50 INCH OR MORE: 1
MIN 0 OR BELOW: 0 1.00 INCH OR MORE: 0
[HDD (BASE 65) ]
TOTAL THIS MO. 36 CLEAR (SCALE 0-3) 31
DPTR FM NORMAL -1 PTCLDY (SCALE 4-7) 0
TOTAL FM JUL 1 36 CLOUDY (SCALE 8-10) 0
DPTR FM NORMAL -14
[CDD (BASE 65) ]
TOTAL THIS MO. 222
DPTR FM NORMAL 39 [PRESSURE DATA]
TOTAL FM JAN 1 866 HIGHEST SLP M ON M
DPTR FM NORMAL 409 LOWEST SLP 29.49 ON 17
[REMARKS]
#FINAL-08-21#