000
CXUS51 KOKX 010910
CF6JFK
PRELIMINARY LOCAL CLIMATOLOGICAL DATA (WS FORM: F-6)
STATION: KENNEDY NY
MONTH: APRIL
YEAR: 2021
LATITUDE: 40 39 N
LONGITUDE: 73 47 W
TEMPERATURE IN F: :PCPN: SNOW: WIND :SUNSHINE: SKY :PK WND
================================================================================
1 2 3 4 5 6A 6B 7 8 9 10 11 12 13 14 15 16 17 18
12Z AVG MX 2MIN
DY MAX MIN AVG DEP HDD CDD WTR SNW DPTH SPD SPD DIR MIN PSBL S-S WX SPD DR
================================================================================
1 57 38 48 2 17 0 0.03 0.0 0 20.3 30 310 M M 9 1 37 310
2 38 29 34 -13 31 0 T T 0 15.7 28 320 M M 7 35 320
3 52 31 42 -5 23 0 0.00 0.0 0 11.5 21 340 M M 3 24 310
4 57 39 48 0 17 0 0.00 0.0 0 6.9 22 330 M M 5 28 330
5 70 47 59 11 6 0 0.00 0.0 0 18.6 32 320 M M 2 38 320
6 70 46 58 10 7 0 0.00 0.0 0 11.1 21 300 M M 2 27 320
7 67 46 57 9 8 0 0.00 0.0 0 7.2 15 190 M M 5 17 180
8 63 44 54 5 11 0 0.00 0.0 0 6.9 15 200 M M 2 18 200
9 51 44 48 -1 17 0 0.00 0.0 0 6.3 13 160 M M 8 1 16 180
10 62 48 55 5 10 0 0.06 0.0 0 4.8 12 170 M M 9 12 16 180
11 60 48 54 4 11 0 0.44 0.0 0 10.9 26 90 M M 10 12 33 100
12 52 45 49 -1 16 0 0.49 0.0 0 9.1 23 40 M M 10 1 30 50
13 64 43 54 4 11 0 0.06 0.0 0 8.8 17 20 M M 6 21 350
14 64 45 55 4 10 0 0.00 0.0 0 9.5 16 190 M M 7 19 240
15 56 45 51 0 14 0 0.82 0.0 0 10.1 24 320 M M 10 1 29 340
16 53 39 46 -6 19 0 0.09 0.0 0 12.6 25 300 M M 8 18 32 300
17 57 43 50 -2 15 0 0.00 0.0 0 9.1 15 310 M M 8 23 310
18 61 47 54 2 11 0 0.00 0.0 0 9.7 21 190 M M 8 24 190
19 63 45 54 2 11 0 0.00 0.0 0 7.1 16 230 M M 6 19 170
20 67 45 56 3 9 0 0.00 0.0 0 15.5 30 190 M M 4 37 190
21 60 39 50 -3 15 0 0.07 0.0 0 21.4 35 320 M M 7 13 41 330
22 50 36 43 -10 22 0 0.00 0.0 0 21.2 30 270 M M 5 39 270
23 64 39 52 -2 13 0 0.00 0.0 0 15.8 28 260 M M 3 37 280
24 68 44 56 2 9 0 0.00 0.0 M 11.4 23 180 M M 5 27 180
25 64 49 57 3 8 0 0.50 0.0 0 12.5 25 320 M M 8 1 33 320
26 61 41 51 -4 14 0 0.00 0.0 0 19.0 30 320 M M 2 36 320
27 57 45 51 -4 14 0 T 0.0 0 6.1 20 330 M M 7 22 330
28 73 50 62 7 3 0 T 0.0 0 5.8 23 10 M M 8 28 360
29 66 54 60 4 5 0 0.10 0.0 M 8.5 22 210 M M 10 1 28 230
30 69 46 58 2 7 0 0.02 0.0 M 24.8 41 300 M M 8 51 310
================================================================================
SM 1816 1300 384 0 2.68 T 358.2 M 192
================================================================================
AV 60.5 43.3 11.9 FASTST M M 6 MAX(MPH)
MISC ----> 41 300 51 310
================================================================================
NOTES:
# LAST OF SEVERAL OCCURRENCES
COLUMN 17 PEAK WIND IN M.P.H.
PRELIMINARY LOCAL CLIMATOLOGICAL DATA (WS FORM: F-6) , PAGE 2
STATION: KENNEDY NY
MONTH: APRIL
YEAR: 2021
LATITUDE: 40 39 N
LONGITUDE: 73 47 W
[TEMPERATURE DATA] [PRECIPITATION DATA] SYMBOLS USED IN COLUMN 16
AVERAGE MONTHLY: 51.9 TOTAL FOR MONTH: 2.68 1 = FOG OR MIST
DPTR FM NORMAL: 0.6 DPTR FM NORMAL: -1.19 2 = FOG REDUCING VISIBILITY
HIGHEST: 73 ON 28 GRTST 24HR 0.82 ON 15-15 TO 1/4 MILE OR LESS
LOWEST: 29 ON 2 3 = THUNDER
SNOW, ICE PELLETS, HAIL 4 = ICE PELLETS
TOTAL MONTH: T 5 = HAIL
GRTST 24HR T ON 2- 2 6 = FREEZING RAIN OR DRIZZLE
GRTST DEPTH: 0 7 = DUSTSTORM OR SANDSTORM:
VSBY 1/2 MILE OR LESS
8 = SMOKE OR HAZE
[NO. OF DAYS WITH] [WEATHER - DAYS WITH] 9 = BLOWING SNOW
X = TORNADO
MAX 32 OR BELOW: 0 0.01 INCH OR MORE: 11
MAX 90 OR ABOVE: 0 0.10 INCH OR MORE: 5
MIN 32 OR BELOW: 2 0.50 INCH OR MORE: 2
MIN 0 OR BELOW: 0 1.00 INCH OR MORE: 0
[HDD (BASE 65) ]
TOTAL THIS MO. 384 CLEAR (SCALE 0-3) 6
DPTR FM NORMAL -31 PTCLDY (SCALE 4-7) 16
TOTAL FM JUL 1 4314 CLOUDY (SCALE 8-10) 8
DPTR FM NORMAL -338
[CDD (BASE 65) ]
TOTAL THIS MO. 0
DPTR FM NORMAL -3 [PRESSURE DATA]
TOTAL FM JAN 1 0 HIGHEST SLP M ON M
DPTR FM NORMAL -3 LOWEST SLP 29.35 ON 30
[REMARKS]
#FINAL-04-21#