000
CXUS51 KOKX 011423 RRB
CLMJFK
NYCCLMJFK 000
TTAA00 OKX 011421
CLIMATE REPORT
NATIONAL WEATHER SERVICE NEW YORK, NY
919 AM EST THU FEB 01 2024
...................................
...THE KENNEDY NY CLIMATE SUMMARY FOR THE MONTH OF JANUARY 2024...
CLIMATE NORMAL PERIOD 1991 TO 2020
CLIMATE RECORD PERIOD 1948 TO 2024
WEATHER OBSERVED NORMAL DEPART LAST YEAR`S
VALUE DATE(S) VALUE FROM VALUE DATE(S)
NORMAL
................................................................
TEMPERATURE (F)
RECORD
HIGH 71 01/06/2007
LOW -2 01/21/1985
HIGHEST 56 01/13 MM MM 61 01/04
LOWEST 18 01/17 MM MM 29 01/15
01/20
01/16
AVG. MAXIMUM 41.3 39.5 1.8 47.6
AVG. MINIMUM 30.7 26.2 4.5 35.9
MEAN 36.0 32.8 3.2 41.8
DAYS MAX >= 90 0 0.0 0.0 0
DAYS MAX <= 32 5 6.6 -1.6 0
DAYS MIN <= 32 16 21.7 -5.7 9
DAYS MIN <= 0 0 0.0 0.0 0
PRECIPITATION (INCHES)
RECORD
MAXIMUM 8.33 1979
MINIMUM 0.21 1956
TOTALS 5.84 3.23 2.61 3.91
DAILY AVG. 0.19 0.10 0.09 0.13
DAYS >= .01 15 10.7 4.3 14
DAYS >= .10 9 6.0 3.0 8
DAYS >= .50 4 2.1 1.9 2
DAYS >= 1.00 2 0.7 1.3 0
GREATEST
24 HR. TOTAL 1.87 01/09 TO 01/10 1.20 01/25 TO 01/26
STORM TOTAL 1.59 0.97
(MM/DD(HH)) MM
SNOWFALL (INCHES)
RECORDS
TOTAL 31.3 2016
24 HR TOTAL MM
TOTALS 2.4 7.5 -5.1 T
LIQUID EQUIV 0.20 0.70 -0.50 T
SINCE 7/1 2.4 12.4 -10.0
LIQUID 7/1 0.24 1.20 MM
DAYS >= TRACE 11 4.6 6.4 4
DAYS >= 1.0 1 1.5 -0.5 0
GREATEST
SNOW DEPTH 2 01/16 0 MM
24 HR TOTAL MM MM
STORM TOTAL 1.3 0.0
(MM/DD(HH)) MM
DEGREE DAYS
HEATING TOTAL 894 996 -102 715
SINCE 7/1 2381 2663 -282 MM
COOLING TOTAL 0 0 0 0
SINCE 1/1 0 0 0 MM
................................................................
WIND (MPH)
AVERAGE WIND SPEED 12.7
HIGHEST WIND SPEED/DIRECTION 40/150 DATE 01/09
HIGHEST GUST SPEED/DIRECTION 54/160 DATE 01/09
SKY COVER
POSSIBLE SUNSHINE (PERCENT) MM
AVERAGE SKY COVER 0.70
NUMBER OF DAYS FAIR 5
NUMBER OF DAYS PC 8
NUMBER OF DAYS CLOUDY 18
AVERAGE RH (PERCENT) 69
WEATHER CONDITIONS. NUMBER OF DAYS WITH
THUNDERSTORM 0 MIXED PRECIP 0
HEAVY RAIN 2 RAIN 6
LIGHT RAIN 11 FREEZING RAIN 0
LT FREEZING RAIN 1 HAIL 0
HEAVY SNOW 0 SNOW 0
LIGHT SNOW 10 SLEET 2
FOG 16 FOG W/VIS <= 1/4 MILE 3
HAZE 1
- INDICATES NEGATIVE NUMBERS.
R INDICATES RECORD WAS SET OR TIED.
MM INDICATES DATA IS MISSING.
T INDICATES TRACE AMOUNT.
$$