000
CXUS53 KJKL 011653
CLSJKL
CLIMATE REPORT
NATIONAL WEATHER SERVICE JACKSON KY
1153 AM EST WED MAR 01 2023
...................................
...THE JACKSON KY CLIMATE SUMMARY FOR THE SEASON, FROM
12/1/2022 TO 2/28/2023...
CLIMATE NORMAL PERIOD 1991 TO 2020
CLIMATE RECORD PERIOD 1981 TO 2023
WEATHER OBSERVED NORMAL DEPART LAST YEAR`S
VALUE DATE(S) VALUE FROM VALUE DATE(S)
NORMAL
................................................................
TEMPERATURE (F)
RECORD
HIGH 80 02/23/2018
02/21/2018
02/20/2018
LOW -18 01/19/1994
01/21/1985
01/20/1985
HIGHEST 80R 02/22 MM MM 72 12/03
01/01
LOWEST -3 12/23 MM MM 6 01/29
AVG. MAXIMUM 52.5 46.9 5.6 50.9
AVG. MINIMUM 36.0 29.9 6.1 32.1
MEAN 44.3 38.4 5.9 41.5
DAYS MAX >= 90 0 0.0 0.0 0
DAYS MAX <= 32 5 14.2 -9.2 6
DAYS MIN <= 32 37 54.8 -17.8 54
DAYS MIN <= 0 2 0.5 1.5 0
PRECIPITATION (INCHES)
RECORD
MAXIMUM 20.60 2019
MINIMUM 6.06 2007
TOTALS 13.09 12.49 0.60 16.03
DAILY AVG. 0.15 0.14 0.01 0.18
DAYS >= .01 40 42.1 -2.1 35
DAYS >= .10 24 24.9 -0.9 22
DAYS >= .50 9 8.2 0.8 11
DAYS >= 1.00 2 3.0 -1.0 5
GREATEST
24 HR. TOTAL 3.84 02/16 TO 02/17 3.42
SNOWFALL (INCHES)
RECORDS
TOTAL 50.3 2010
24 HR TOTAL 15.7 01/22/2016 TO 01/22/2016
TOTALS 3.1 18.2 -15.1 15.8
SINCE 7/1 3.1 19.0 -15.9 15.8
SNOWDEPTH AVG. T T
DAYS >= 1.0 1 5.6 -4.6 0
GREATEST
24 HR TOTAL 1.1 12/23 TO 12/23 7.7
DEGREE DAYS
HEATING TOTAL 1858 2400 -542 2093
SINCE 7/1 2636 3184 -548 2832
COOLING TOTAL 3 1 2 0
SINCE 1/1 3 0 3 0
................................................................
WIND (MPH)
AVERAGE WIND SPEED 5.3
RESULTANT WIND SPEED/DIRECTION 2/200
HIGHEST WIND SPEED/DIRECTION 30/190 DATE 02/27
HIGHEST GUST SPEED/DIRECTION 50/200 DATE 02/27
SKY COVER
POSSIBLE SUNSHINE (PERCENT) MM
NUMBER OF DAYS FAIR 32
NUMBER OF DAYS PC 31
NUMBER OF DAYS CLOUDY 27
AVERAGE RH (PERCENT) 66
WEATHER CONDITIONS. NUMBER OF DAYS WITH
THUNDERSTORM 5 MIXED PRECIP 0
HEAVY RAIN 13 RAIN 16
LIGHT RAIN 40 FREEZING RAIN 1
LT FREEZING RAIN 1 HAIL 0
HEAVY SNOW 1 SNOW 2
LIGHT SNOW 14 SLEET 5
FOG 39 FOG W/VIS <= 1/4 MILE 16
HAZE 0
- INDICATES NEGATIVE NUMBERS.
R INDICATES RECORD WAS SET OR TIED.
MM INDICATES DATA IS MISSING.
T INDICATES TRACE AMOUNT.
$$
CARICO