000
CXUS51 KCTP 010800
CF6JST
PRELIMINARY LOCAL CLIMATOLOGICAL DATA (WS FORM: F-6)
STATION: JOHNSTOWN
MONTH: MARCH
YEAR: 2022
LATITUDE: 40 18 N
LONGITUDE: 78 50 W
TEMPERATURE IN F: :PCPN: SNOW: WIND :SUNSHINE: SKY :PK WND
================================================================================
1 2 3 4 5 6A 6B 7 8 9 10 11 12 13 14 15 16 17 18
12Z AVG MX 2MIN
DY MAX MIN AVG DEP HDD CDD WTR SNW DPTH SPD SPD DIR MIN PSBL S-S WX SPD DR
================================================================================
1 52 31 42 10 23 0 0.02 M M 11.9 28 310 M M 8 36 310
2 47 32 40 8 25 0 0.01 M M 9.6 21 250 M M 7 18 30 250
3 46 17 32 0 33 0 0.15 M M 12.9 24 320 M M 5 1 33 330
4 38 13 26 -7 39 0 0.00 M M 4.4 15 280 M M 0 19 280
5 58 30 44 11 21 0 0.00 M M 7.3 15 180 M M 0 20 150
6 62 46 54 21 11 0 0.05 M M 16.5 30 240 M M 9 42 250
7 62 32 47 13 18 0 0.24 M M 17.0 37 280 M M 9 18 51 270
8 33 28 31 -3 34 0 0.01 M M 12.0 32 300 M M 7 1 41 270
9 34 30 32 -2 33 0 0.38 M M 7.3 14 290 M M 8 128 19 190
10 46 24 35 1 30 0 0.00 M M 5.1 10 160 M M 3 1 14 160
11 56 32 44 9 21 0 0.01 M M 7.4 23 310 M M 4 1 28 320
12 34 12 23 -12 42 0 0.09 M M 19.4 33 300 M M 10 1289 45 290
13 34 8 21 -14 44 0 T M M 14.4 25 280 M M 6 189 35 300
14 54 33 44 8 21 0 0.00 M M 10.8 22 260 M M 0 29 260
15 57 44 51 15 14 0 T M M 8.8 22 270 M M 4 29 270
16 65 43 54 18 11 0 0.00 M M 7.3 16 190 M M 0 25 170
17 62 47 55 19 10 0 0.03 M M 4.8 10 180 M M 7 1 14 140
18 67 48 58 21 7 0 T M M 10.3 24 170 M M 2 34 150
19 63 44 54 17 11 0 0.10 M M 13.3 29 270 M M 5 1 38 250
20 45 35 40 3 25 0 0.04 M M 18.2 29 290 M M 7 1 40 300
21 59 38 49 11 16 0 0.00 M M 10.3 21 270 M M 2 29 260
22 54 36 45 7 20 0 T M M 5.5 14 110 M M 4 19 100
23 46 36 41 3 24 0 0.32 M M 12.1 23 150 M M 7 1 34 160
24 63 44 54 15 11 0 0.06 M M 8.0 18 290 M M 7 12 28 280
25 45 36 41 2 24 0 0.05 M M 13.7 22 250 M M 8 1 31 270
26 36 28 32 -8 33 0 0.21 M M 14.8 28 270 M M 10 128 37 270
27 28 18 23 -17 42 0 0.03 M M 18.4 29 290 M M 10 12 42 300
28 20 14 17 -23 48 0 T M M 20.3 36 300 M M 9 189 45 290
29 34 13 24 -17 41 0 T M M 9.7 18 300 M M 1 24 300
30 53 28 41 0 24 0 0.03 M M 9.6 21 170 M M 5 6 29 170
31 66 41 54 12 11 0 0.15 M M 17.3 30 270 M M 7 1 37 260
================================================================================
SM 1519 961 767 0 1.98 M 358.4 M 171
================================================================================
AV 49.0 31.0 11.6 FASTST M M 6 MAX(MPH)
MISC ----> 37 280 51 270
================================================================================
NOTES:
# LAST OF SEVERAL OCCURRENCES
COLUMN 17 PEAK WIND IN M.P.H.
PRELIMINARY LOCAL CLIMATOLOGICAL DATA (WS FORM: F-6) , PAGE 2
STATION: JOHNSTOWN
MONTH: MARCH
YEAR: 2022
LATITUDE: 40 18 N
LONGITUDE: 78 50 W
[TEMPERATURE DATA] [PRECIPITATION DATA] SYMBOLS USED IN COLUMN 16
AVERAGE MONTHLY: 40.0 TOTAL FOR MONTH: 1.98 1 = FOG OR MIST
DPTR FM NORMAL: 3.6 DPTR FM NORMAL: -1.14 2 = FOG REDUCING VISIBILITY
HIGHEST: 67 ON 18 GRTST 24HR 0.38 ON 9- 9 TO 1/4 MILE OR LESS
LOWEST: 8 ON 13 3 = THUNDER
SNOW, ICE PELLETS, HAIL 4 = ICE PELLETS
TOTAL MONTH: M 5 = HAIL
GRTST 24HR M ON M 6 = FREEZING RAIN OR DRIZZLE
GRTST DEPTH: M ON M 7 = DUSTSTORM OR SANDSTORM:
VSBY 1/2 MILE OR LESS
8 = SMOKE OR HAZE
[NO. OF DAYS WITH] [WEATHER - DAYS WITH] 9 = BLOWING SNOW
X = TORNADO
MAX 32 OR BELOW: 2 0.01 INCH OR MORE: 19
MAX 90 OR ABOVE: 0 0.10 INCH OR MORE: 7
MIN 32 OR BELOW: 17 0.50 INCH OR MORE: 0
MIN 0 OR BELOW: 0 1.00 INCH OR MORE: 0
[HDD (BASE 65) ]
TOTAL THIS MO. 767 CLEAR (SCALE 0-3) 7
DPTR FM NORMAL -121 PTCLDY (SCALE 4-7) 16
TOTAL FM JUL 1 5009 CLOUDY (SCALE 8-10) 8
DPTR FM NORMAL -514
[CDD (BASE 65) ]
TOTAL THIS MO. 0
DPTR FM NORMAL 0 [PRESSURE DATA]
TOTAL FM JAN 1 0 HIGHEST SLP 30.51 ON 4
DPTR FM NORMAL 0 LOWEST SLP 29.35 ON 31
[REMARKS]
#FINAL-03-22#