000
CXUS51 KCTP 010846
CLSJST
CLIMATE REPORT
NATIONAL WEATHER SERVICE STATE COLLEGE PA
446 AM EDT WED JUN 01 2022
...................................
...THE JOHNSTOWN CLIMATE SUMMARY FOR THE SEASON, FROM
3/1/2022 TO 5/31/2022...
CLIMATE NORMAL PERIOD 1991 TO 2020
CLIMATE RECORD PERIOD 1892 TO 2022
WEATHER OBSERVED NORMAL DEPART LAST YEAR`S
VALUE DATE(S) VALUE FROM VALUE DATE(S)
NORMAL
................................................................
TEMPERATURE (F)
RECORD
HIGH 99 05/12/1984
LOW -2 03/06/2015
03/01/1990
03/01/1990
HIGHEST 84 05/21 84 05/21
05/31
LOWEST 8 03/13 13 03/05
AVG. MAXIMUM 57.5 56.9 0.6 57.8
AVG. MINIMUM 39.6 38.4 1.2 39.0
MEAN 48.6 47.7 0.9 48.4
DAYS MAX >= 90 0 0.0 0.0 0
DAYS MAX <= 32 2 6.4 -4.4 2
DAYS MIN <= 32 31 31.0 0.0 23
DAYS MIN <= 0 0 0.1 -0.1 0
PRECIPITATION (INCHES)
RECORD
MAXIMUM 20.75 1908
MINIMUM 6.74 1976
TOTALS 11.29 10.78 0.51 9.80
DAILY AVG. 0.12 0.12 0.00 0.11
DAYS >= .01 50 44.6 5.4 37
DAYS >= .10 31 25.9 5.1 21
DAYS >= .50 6 6.6 -0.6 6
DAYS >= 1.00 1 1.2 -0.2 2
GREATEST
24 HR. TOTAL 1.55 05/06 TO 05/07 1.25 02/28 TO 03/01
STORM TOTAL 1.38 1.15
(MM/DD(HH)) MM
DEGREE DAYS
HEATING TOTAL 1530 1633 -103 1544
SINCE 7/1 5772 6266 -494 MM
COOLING TOTAL 44 38 6 41
SINCE 1/1 44 38 6 MM
FREEZE DATES
RECORD
EARLIEST 08/31/1894
LATEST 05/27/1915
EARLIEST 11/02
LATEST 04/26
................................................................
WIND (MPH)
AVERAGE WIND SPEED 9.8
RESULTANT WIND SPEED/DIRECTION 4/250
HIGHEST WIND SPEED/DIRECTION 38/240 DATE 04/16
HIGHEST GUST SPEED/DIRECTION 56/250 DATE 04/16
SKY COVER
POSSIBLE SUNSHINE (PERCENT) MM
AVERAGE SKY COVER 0.53
NUMBER OF DAYS FAIR 28
NUMBER OF DAYS PC 36
NUMBER OF DAYS CLOUDY 28
WEATHER CONDITIONS. NUMBER OF DAYS WITH
THUNDERSTORM 0 MIXED PRECIP 0
HEAVY RAIN 11 RAIN 24
LIGHT RAIN 47 FREEZING RAIN 1
LT FREEZING RAIN 1 HAIL 0
HEAVY SNOW 8 SNOW 9
LIGHT SNOW 19 SLEET 0
FOG 53 FOG W/VIS <= 1/4 MILE 15
HAZE 12
- INDICATES NEGATIVE NUMBERS.
R INDICATES RECORD WAS SET OR TIED.
MM INDICATES DATA IS MISSING.
T INDICATES TRACE AMOUNT.
$$