000
CXUS54 KFWD 010731
CF6JWY
PRELIMINARY LOCAL CLIMATOLOGICAL DATA (WS FORM: F-6)
STATION: WAXAHACHIE
MONTH: SEPTEMBER
YEAR: 2022
LATITUDE: 32 27 N
LONGITUDE: 96 54 W
TEMPERATURE IN F: :PCPN: SNOW: WIND :SUNSHINE: SKY :PK WND
================================================================================
1 2 3 4 5 6A 6B 7 8 9 10 11 12 13 14 15 16 17 18
12Z AVG MX 2MIN
DY MAX MIN AVG DEP HDD CDD WTR SNW DPTH SPD SPD DIR MIN PSBL S-S WX SPD DR
================================================================================
1 87 72 80 -1 0 15 0.13 M M 1.1 9 320 M M 4 M M
2 80 73 77 -4 0 12 0.13 M M 2.3 7 190 M M 4 1 M M
3 94 71 83 2 0 18 0.00 M M 1.2 5 50 M M 2 1 30 50
4 94 68 81 0 0 16 0.34 M M 4.7 7 280 M M 4 M M
5 92 65 79 -1 0 14 0.00 M M 3.4 9 190 M M 1 9 150
6 94 72 83 3 0 18 0.04 M M 2.5 8 200 M M 3 3 M M
7 94 70 82 2 0 17 0.00 M M 1.4 6 10 M M 3 M M
8 90 72 81 2 0 16 0.00 M M 2.5 8 90 M M 5 M M
9 89 65 77 -2 0 12 0.00 M M 1.8 7 80 M M 3 M M
10 89 64 77 -2 0 12 0.00 M M 1.6 7 60 M M 4 M M
11 83 66 75 -3 0 10 0.00 M M 7.0 15 340 M M 3 18 350
12 85 65 75 -3 0 10 0.00 M M 1.2 5 70 M M 5 M M
13 91 63 77 -1 0 12 0.00 M M 2.6 8 160 M M 5 9 120
14 89 61 75 -2 0 10 0.00 M M 2.9 8 160 M M 5 M M
15 88 59 74 -3 0 9 0.00 M M 2.5 7 130 M M 3 M M
16 91 66 79 2 0 14 0.00 M M 4.2 9 170 M M 3 M M
17 94 73 84 8 0 19 0.00 M M 7.8 13 200 M M 5 23 200
18 95 72 84 8 0 19 0.00 M M 5.6 12 160 M M 5 16 190
19 95 70 83 7 0 18 0.00 M M 2.9 8 150 M M 5 M M
20 96 70 83 8 0 18 0.00 M M 2.6 8 180 M M 5 M M
21 97 69 83 8 0 18 0.00 M M 2.3 7 180 M M 6 M M
22 97 67 82 8 0 17 0.00 M M 1.4 7 250 M M 6 M M
23 97 69 83 9 0 18 0.00 M M 3.4 9 180 M M 7 M M
24 96 74 85 11 0 20 0.00 M M 4.8 8 180 M M 5 22 170
25 96 73 85 12 0 20 0.38 M M 3.9 10 340 M M 5 53 30
26 85 61 73 0 0 8 0.00 M M 4.7 10 50 M M 0 20 30
27 88 56 72 -1 0 7 0.00 M M 2.0 7 90 M M 0 M M
28 90 56 73 1 0 8 0.00 M M 3.3 10 160 M M 2 M M
29 82 58 70 -2 0 5 0.00 M M 3.5 9 70 M M 1 17 130
30 80 51 66 -6 0 1 0.00 M M 1.2 6 40 M M 0 M M
================================================================================
SM 2718 1991 0 411 1.02 M 92.4 M 109
================================================================================
AV 90.6 66.4 3.1 FASTST M M 4 MAX(MPH)
MISC ----> 15 340 53 30
================================================================================
NOTES:
# LAST OF SEVERAL OCCURRENCES
COLUMN 17 PEAK WIND IN M.P.H.
PRELIMINARY LOCAL CLIMATOLOGICAL DATA (WS FORM: F-6) , PAGE 2
STATION: WAXAHACHIE
MONTH: SEPTEMBER
YEAR: 2022
LATITUDE: 32 27 N
LONGITUDE: 96 54 W
[TEMPERATURE DATA] [PRECIPITATION DATA] SYMBOLS USED IN COLUMN 16
AVERAGE MONTHLY: 78.5 TOTAL FOR MONTH: 1.02 1 = FOG OR MIST
DPTR FM NORMAL: 1.8 DPTR FM NORMAL: -2.03 2 = FOG REDUCING VISIBILITY
HIGHEST: 97 ON 23,22 GRTST 24HR 0.38 ON 25-25 TO 1/4 MILE OR LESS
LOWEST: 51 ON 30 3 = THUNDER
SNOW, ICE PELLETS, HAIL 4 = ICE PELLETS
TOTAL MONTH: M 5 = HAIL
GRTST 24HR M ON M 6 = FREEZING RAIN OR DRIZZLE
GRTST DEPTH: M ON M 7 = DUSTSTORM OR SANDSTORM:
VSBY 1/2 MILE OR LESS
8 = SMOKE OR HAZE
[NO. OF DAYS WITH] [WEATHER - DAYS WITH] 9 = BLOWING SNOW
X = TORNADO
MAX 32 OR BELOW: 0 0.01 INCH OR MORE: 5
MAX 90 OR ABOVE: 18 0.10 INCH OR MORE: 4
MIN 32 OR BELOW: 0 0.50 INCH OR MORE: 0
MIN 0 OR BELOW: 0 1.00 INCH OR MORE: 0
[HDD (BASE 65) ]
TOTAL THIS MO. 0 CLEAR (SCALE 0-3) 12
DPTR FM NORMAL -7 PTCLDY (SCALE 4-7) 18
TOTAL FM JUL 1 0 CLOUDY (SCALE 8-10) 0
DPTR FM NORMAL -6
[CDD (BASE 65) ]
TOTAL THIS MO. 411
DPTR FM NORMAL 53 [PRESSURE DATA]
TOTAL FM JAN 1 2914 HIGHEST SLP M ON M
DPTR FM NORMAL 619 LOWEST SLP M ON M
[REMARKS]
#FINAL-09-22#