000
CXUS54 KFWD 010730
CF6JWY
PRELIMINARY LOCAL CLIMATOLOGICAL DATA (WS FORM: F-6)
STATION: WAXAHACHIE
MONTH: MAY
YEAR: 2022
LATITUDE: 32 27 N
LONGITUDE: 96 54 W
TEMPERATURE IN F: :PCPN: SNOW: WIND :SUNSHINE: SKY :PK WND
================================================================================
1 2 3 4 5 6A 6B 7 8 9 10 11 12 13 14 15 16 17 18
12Z AVG MX 2MIN
DY MAX MIN AVG DEP HDD CDD WTR SNW DPTH SPD SPD DIR MIN PSBL S-S WX SPD DR
================================================================================
1 84 52 68 0 0 3 0.00 M M 3.8 10 100 M M 3 20 100
2 85 66 76 7 0 11 0.00 M M 12.6 23 180 M M 6 32 180
3 74 54 64 -5 1 0 0.11 M M 6.8 17 350 M M 10 1 25 250
4 86 59 73 4 0 8 0.00 M M 7.0 14 160 M M 7 1 24 160
5 77 56 67 -3 0 2 0.69 M M 7.4 22 210 M M 7 29 210
6 83 52 68 -2 0 3 0.00 M M 1.8 6 170 M M 2 M M
7 88 65 77 7 0 12 0.00 M M 5.5 10 160 M M 6 1 16 150
8 91 73 82 12 0 17 0.00 M M 12.3 18 180 M M 4 1 26 180
9 90 74 82 11 0 17 0.00 M M 13.5 18 170 M M 6 29 170
10 89 75 82 11 0 17 0.00 M M 10.3 15 180 M M 6 22 180
11 88 69 79 8 0 14 0.00 M M 8.1 13 160 M M 3 21 170
12 90 66 78 6 0 13 0.00 M M 9.0 16 170 M M 4 1 21 180
13 91 66 79 7 0 14 0.00 M M 10.4 23 200 M M 4 29 200
14 91 64 78 6 0 13 0.00 M M 5.8 39 210 M M 0 47 210
15 94 67 81 9 0 16 0.00 M M 8.4 17 70 M M 0 28 70
16 91 65 78 5 0 13 0.00 M M 3.4 8 130 M M 0 17 100
17 94 69 82 9 0 17 0.00 M M 8.2 16 170 M M 0 23 170
18 96 71 84 11 0 19 0.00 M M 12.7 23 200 M M 0 30 180
19 94 70 82 9 0 17 0.00 M M 16.4 22 180 M M 1 30 180
20 94 73 84 10 0 19 0.00 M M 16.8 23 190 M M 6 31 180
21 93 62 78 4 0 13 0.05 M M 11.4 22 360 M M 7 26 180
22 75 61 68 -6 0 3 0.00 M M 8.6 17 10 M M 6 24 10
23 82 61 72 -2 0 7 0.00 M M 3.6 8 110 M M 9 1 17 100
24 80 59 70 -5 0 5 0.64 M M 6.2 12 10 M M 10 1 24 340
25 74 57 66 -9 0 1 0.08 M M 10.0 22 270 M M 6 29 270
26 89 53 71 -4 0 6 0.00 M M 6.3 18 310 M M 0 25 310
27 91 56 74 -2 0 9 0.00 M M 0.9 3 130 M M 0 M M
28 93 64 79 3 0 14 0.00 M M 10.2 18 180 M M 0 28 180
29 93 70 82 6 0 17 0.00 M M 14.7 21 180 M M 2 30 180
30 93 74 84 8 0 19 0.00 M M 15.2 22 190 M M 6 31 190
31 95 74 85 9 0 20 0.00 M M 11.9 20 190 M M 5 25 160
================================================================================
SM 2728 1997 1 359 1.57 M 279.1 M 126
================================================================================
AV 88.0 64.4 9.0 FASTST M M 4 MAX(MPH)
MISC ----> 39 210 47 210
================================================================================
NOTES:
# LAST OF SEVERAL OCCURRENCES
COLUMN 17 PEAK WIND IN M.P.H.
PRELIMINARY LOCAL CLIMATOLOGICAL DATA (WS FORM: F-6) , PAGE 2
STATION: WAXAHACHIE
MONTH: MAY
YEAR: 2022
LATITUDE: 32 27 N
LONGITUDE: 96 54 W
[TEMPERATURE DATA] [PRECIPITATION DATA] SYMBOLS USED IN COLUMN 16
AVERAGE MONTHLY: 76.2 TOTAL FOR MONTH: 1.57 1 = FOG OR MIST
DPTR FM NORMAL: 3.6 DPTR FM NORMAL: -2.42 2 = FOG REDUCING VISIBILITY
HIGHEST: 96 ON 18 GRTST 24HR 0.69 ON 5- 5 TO 1/4 MILE OR LESS
LOWEST: 52 ON 6, 1 3 = THUNDER
SNOW, ICE PELLETS, HAIL 4 = ICE PELLETS
TOTAL MONTH: M 5 = HAIL
GRTST 24HR M ON M 6 = FREEZING RAIN OR DRIZZLE
GRTST DEPTH: M ON M 7 = DUSTSTORM OR SANDSTORM:
VSBY 1/2 MILE OR LESS
8 = SMOKE OR HAZE
[NO. OF DAYS WITH] [WEATHER - DAYS WITH] 9 = BLOWING SNOW
X = TORNADO
MAX 32 OR BELOW: 0 0.01 INCH OR MORE: 5
MAX 90 OR ABOVE: 17 0.10 INCH OR MORE: 3
MIN 32 OR BELOW: 0 0.50 INCH OR MORE: 2
MIN 0 OR BELOW: 0 1.00 INCH OR MORE: 0
[HDD (BASE 65) ]
TOTAL THIS MO. 1 CLEAR (SCALE 0-3) 12
DPTR FM NORMAL -10 PTCLDY (SCALE 4-7) 16
TOTAL FM JUL 1 1815 CLOUDY (SCALE 8-10) 3
DPTR FM NORMAL -716
[CDD (BASE 65) ]
TOTAL THIS MO. 359
DPTR FM NORMAL 114 [PRESSURE DATA]
TOTAL FM JAN 1 512 HIGHEST SLP M ON M
DPTR FM NORMAL 176 LOWEST SLP M ON M
[REMARKS]
#FINAL-05-22#