000
CXUS54 KFWD 010830
CF6JWY
PRELIMINARY LOCAL CLIMATOLOGICAL DATA (WS FORM: F-6)
STATION: WAXAHACHIE
MONTH: FEBRUARY
YEAR: 2022
LATITUDE: 32 27 N
LONGITUDE: 96 54 W
TEMPERATURE IN F: :PCPN: SNOW: WIND :SUNSHINE: SKY :PK WND
================================================================================
1 2 3 4 5 6A 6B 7 8 9 10 11 12 13 14 15 16 17 18
12Z AVG MX 2MIN
DY MAX MIN AVG DEP HDD CDD WTR SNW DPTH SPD SPD DIR MIN PSBL S-S WX SPD DR
================================================================================
1 71 51 61 15 4 0 0.00 M M 4.9 14 160 M M 7 1 20 160
2 56 32 44 -2 21 0 0.75 M M 10.1 18 340 M M 10 1 30 340
3 33 19 26 -20 39 0 0.18 M M 8.8 13 340 M M 10 18 340
4 34 19 27 -19 38 0 0.00 M M 8.2 14 340 M M 6 18 330
5 48 19 34 -12 31 0 0.00 M M 4.1 10 200 M M 0 10 170
6 55 27 41 -5 24 0 0.00 M M 2.5 15 210 M M 0 20 210
7 58 32 45 -2 20 0 0.00 M M 5.7 18 360 M M 0 26 360
8 66 33 50 3 15 0 0.00 M M 4.0 13 200 M M 0 18 240
9 69 33 51 4 14 0 0.00 M M 1.2 7 270 M M 1 M M
10 72 42 57 10 8 0 0.00 M M 0.8 8 350 M M 1 M M
11 77 46 62 15 3 0 0.00 M M 7.8 15 220 M M 1 24 220
12 57 29 43 -4 22 0 0.00 M M 13.1 22 360 M M 5 31 360
13 64 23 44 -4 21 0 0.00 M M 2.8 12 290 M M 0 18 290
14 71 33 52 4 13 0 0.00 M M 4.7 18 190 M M 0 24 190
15 71 37 54 6 11 0 0.00 M M 13.0 29 200 M M 1 36 200
16 67 60 64 16 1 0 0.16 M M 16.0 23 180 M M 10 32 170
17 66 31 49 1 16 0 0.10 M M 16.3 25 330 M M 10 33 320
18 53 25 39 -9 26 0 0.00 M M 4.8 14 340 M M 1 21 340
19 65 29 47 -2 18 0 0.00 M M 1.4 6 150 M M 0 M M
20 65 37 51 2 14 0 0.00 M M 9.8 20 180 M M 0 25 190
21 82 54 68 19 0 3 0.00 M M 11.7 20 180 M M 5 1 32 180
22 70 36 53 4 12 0 M M M 13.7 21 330 M M 3 35 180
23 36 24 30 -20 35 0 M M M 13.8 18 350 M M 10 1 27 350
24 30 24 27 -23 38 0 0.00 M M 2.9 12 350 M M 10 1 M M
25 37 22 30 -20 35 0 M M M 2.7 10 20 M M 7 17 10
26 39 34 37 -13 28 0 M M M 6.9 10 350 M M 10 1 M M
27 56 31 44 -7 21 0 0.00 M M 8.0 16 350 M M 1 1 23 350
28 66 27 47 -4 18 0 0.00 M M 1.0 5 270 M M 0 M M
================================================================================
SM 1634 909 546 3 1.19 M 200.8 M 109
================================================================================
AV 58.4 32.5 7.2 FASTST M M 4 MAX(MPH)
MISC ----> 29 200 36 200
================================================================================
NOTES:
# LAST OF SEVERAL OCCURRENCES
COLUMN 17 PEAK WIND IN M.P.H.
PRELIMINARY LOCAL CLIMATOLOGICAL DATA (WS FORM: F-6) , PAGE 2
STATION: WAXAHACHIE
MONTH: FEBRUARY
YEAR: 2022
LATITUDE: 32 27 N
LONGITUDE: 96 54 W
[TEMPERATURE DATA] [PRECIPITATION DATA] SYMBOLS USED IN COLUMN 16
AVERAGE MONTHLY: 45.4 TOTAL FOR MONTH: 1.19 1 = FOG OR MIST
DPTR FM NORMAL: -2.6 DPTR FM NORMAL: -1.74 2 = FOG REDUCING VISIBILITY
HIGHEST: 82 ON 21 GRTST 24HR 0.75 ON 2- 2 TO 1/4 MILE OR LESS
LOWEST: 19 ON 5, 4 3 = THUNDER
SNOW, ICE PELLETS, HAIL 4 = ICE PELLETS
TOTAL MONTH: M 5 = HAIL
GRTST 24HR M ON M 6 = FREEZING RAIN OR DRIZZLE
GRTST DEPTH: M ON M 7 = DUSTSTORM OR SANDSTORM:
VSBY 1/2 MILE OR LESS
8 = SMOKE OR HAZE
[NO. OF DAYS WITH] [WEATHER - DAYS WITH] 9 = BLOWING SNOW
X = TORNADO
MAX 32 OR BELOW: 1 0.01 INCH OR MORE: 4
MAX 90 OR ABOVE: 0 0.10 INCH OR MORE: 4
MIN 32 OR BELOW: 16 0.50 INCH OR MORE: 1
MIN 0 OR BELOW: 0 1.00 INCH OR MORE: 0
[HDD (BASE 65) ]
TOTAL THIS MO. 546 CLEAR (SCALE 0-3) 15
DPTR FM NORMAL 68 PTCLDY (SCALE 4-7) 6
TOTAL FM JUL 1 1492 CLOUDY (SCALE 8-10) 7
DPTR FM NORMAL -609
[CDD (BASE 65) ]
TOTAL THIS MO. 3
DPTR FM NORMAL 1 [PRESSURE DATA]
TOTAL FM JAN 1 3 HIGHEST SLP M ON M
DPTR FM NORMAL 2 LOWEST SLP M ON M
[REMARKS]
#FINAL-02-22#