000
CXUS53 KGRR 011010
CF6JXN
PRELIMINARY LOCAL CLIMATOLOGICAL DATA (WS FORM: F-6)
STATION: JACKSON
MONTH: JANUARY
YEAR: 2023
LATITUDE: 42 16 N
LONGITUDE: 84 28 W
TEMPERATURE IN F: :PCPN: SNOW: WIND :SUNSHINE: SKY :PK WND
================================================================================
1 2 3 4 5 6A 6B 7 8 9 10 11 12 13 14 15 16 17 18
12Z AVG MX 2MIN
DY MAX MIN AVG DEP HDD CDD WTR SNW DPTH SPD SPD DIR MIN PSBL S-S WX SPD DR
================================================================================
1 45 34 40 14 25 0 0.13 M M 6.5 16 230 M M 8 1 21 230
2 43 39 41 15 24 0 0.00 M M 3.8 10 90 M M 9 12 15 100
3 47 40 44 18 21 0 0.39 M M 5.9 13 80 M M 10 12 16 70
4 53 35 44 18 21 0 0.14 M M 8.2 22 220 M M 9 12 30 210
5 39 32 36 10 29 0 0.07 M M 7.9 16 220 M M 10 1 22 170
6 35 31 33 8 32 0 0.02 M M 7.7 13 240 M M 10 1 19 220
7 32 29 31 6 34 0 0.00 M M 4.8 10 290 M M 10 1 16 290
8 31 28 30 5 35 0 0.00 M M 4.9 13 240 M M 10 18 250
9 40 26 33 8 32 0 0.00 M M 9.9 16 220 M M 4 24 250
10 35 30 33 8 32 0 0.06 M M 3.8 9 80 M M 5 18 12 70
11 47 30 39 14 26 0 0.00 M M 5.4 12 100 M M 6 18 18 100
12 44 34 39 15 26 0 0.00 M M 8.9 16 320 M M 10 12 29 350
13 34 26 30 6 35 0 0.00 M M 9.3 17 340 M M 10 26 360
14 32 18 25 1 40 0 0.00 M M 4.4 13 320 M M 3 17 340
15 39 19 29 5 36 0 0.00 M M 6.5 15 110 M M 0 21 120
16 39 27 33 9 32 0 0.28 M M 9.4 16 110 M M 4 1 26 160
17 45 38 42 18 23 0 0.04 M M 12.5 20 240 M M 10 1 31 250
18 38 35 37 13 28 0 0.06 M M 6.4 16 250 M M 10 1 24 70
19 45 35 40 16 25 0 0.58 M M 12.3 28 80 M M 10 1 39 70
20 37 31 34 10 31 0 0.03 M M 9.6 17 260 M M 10 1 29 270
21 32 29 31 7 34 0 0.00 M M 6.7 13 210 M M 10 17 210
22 33 29 31 7 34 0 0.10 M M 2.6 8 150 M M 10 18 10 150
23 32 27 30 6 35 0 T M M 9.9 22 220 M M 9 1 31 230
24 37 23 30 6 35 0 0.00 M M 7.1 23 210 M M 4 18 32 210
25 33 30 32 8 33 0 0.11 M M 8.2 14 20 M M 10 1 20 80
26 33 21 27 3 38 0 0.20 M M 9.5 21 210 M M 10 128 29 220
27 36 18 27 3 38 0 0.03 M M 15.8 26 230 M M 8 128 41 230
28 33 19 26 2 39 0 T M M 7.8 22 240 M M 8 18 36 260
29 30 24 27 3 38 0 T M M 5.6 14 310 M M 10 168 19 320
30 24 8 16 -8 49 0 T M M 7.1 14 290 M M 10 1 24 270
31 18 1 10 -14 55 0 0.00 M M 4.0 13 220 M M 5 18 280
================================================================================
SM 1141 846 1015 0 2.24 M 232.4 M 252
================================================================================
AV 36.8 27.3 7.5 FASTST M M 8 MAX(MPH)
MISC ----> 28 80 41 230
================================================================================
NOTES:
# LAST OF SEVERAL OCCURRENCES
COLUMN 17 PEAK WIND IN M.P.H.
PRELIMINARY LOCAL CLIMATOLOGICAL DATA (WS FORM: F-6) , PAGE 2
STATION: JACKSON
MONTH: JANUARY
YEAR: 2023
LATITUDE: 42 16 N
LONGITUDE: 84 28 W
[TEMPERATURE DATA] [PRECIPITATION DATA] SYMBOLS USED IN COLUMN 16
AVERAGE MONTHLY: 32.0 TOTAL FOR MONTH: 2.24 1 = FOG OR MIST
DPTR FM NORMAL: 7.6 DPTR FM NORMAL: 0.57 2 = FOG REDUCING VISIBILITY
HIGHEST: 53 ON 4 GRTST 24HR 0.58 ON 19-19 TO 1/4 MILE OR LESS
LOWEST: 1 ON 31 3 = THUNDER
SNOW, ICE PELLETS, HAIL 4 = ICE PELLETS
TOTAL MONTH: M 5 = HAIL
GRTST 24HR M ON M 6 = FREEZING RAIN OR DRIZZLE
GRTST DEPTH: M ON M 7 = DUSTSTORM OR SANDSTORM:
VSBY 1/2 MILE OR LESS
8 = SMOKE OR HAZE
[NO. OF DAYS WITH] [WEATHER - DAYS WITH] 9 = BLOWING SNOW
X = TORNADO
MAX 32 OR BELOW: 8 0.01 INCH OR MORE: 15
MAX 90 OR ABOVE: 0 0.10 INCH OR MORE: 8
MIN 32 OR BELOW: 23 0.50 INCH OR MORE: 1
MIN 0 OR BELOW: 0 1.00 INCH OR MORE: 0
[HDD (BASE 65) ]
TOTAL THIS MO. 1015 CLEAR (SCALE 0-3) 2
DPTR FM NORMAL -243 PTCLDY (SCALE 4-7) 7
TOTAL FM JUL 1 3324 CLOUDY (SCALE 8-10) 22
DPTR FM NORMAL -367
[CDD (BASE 65) ]
TOTAL THIS MO. 0
DPTR FM NORMAL 0 [PRESSURE DATA]
TOTAL FM JAN 1 0 HIGHEST SLP 30.45 ON 31
DPTR FM NORMAL 0 LOWEST SLP 29.46 ON 19
[REMARKS]
#FINAL-01-23#