000
CXUS53 KGID 011700
CF6JYR
PRELIMINARY LOCAL CLIMATOLOGICAL DATA (WS FORM: F-6)
STATION: YORK
MONTH: AUGUST
YEAR: 2020
LATITUDE: 40 54 N
LONGITUDE: 97 37 W
TEMPERATURE IN F: :PCPN: SNOW: WIND :SUNSHINE: SKY :PK WND
================================================================================
1 2 3 4 5 6A 6B 7 8 9 10 11 12 13 14 15 16 17 18
12Z AVG MX 2MIN
DY MAX MIN AVG DEP HDD CDD WTR SNW DPTH SPD SPD DIR MIN PSBL S-S WX SPD DR
================================================================================
1 M M M M M M M M M M M M M M M M M
2 M M M M M M M M M M M M M M M M M
3 75 M M M M M M M M 3.6 9 70 M M 4 13 100
4 73 55 64 M 1 0 T M M 4.3 10 160 M M 5 M M
5 81 61 71 M 0 6 0.00 M M 9.1 14 170 M M 5 20 170
6 88 64 76 M 0 11 0.00 M M 8.9 13 160 M M 2 16 160
7 86 70 78 M 0 13 0.00 M M 10.8 20 160 M M 6 1 24 170
8 91 70 81 M 0 16 0.00 M M 9.8 15 120 M M 3 1 21 170
9 91 72 82 M 0 17 0.01 M M 6.5 15 150 M M 1 3 17 150
10 82 66 74 M 0 9 T M M 8.3 27 10 M M 1 1 33 10
11 90 63 77 M 0 12 0.00 M M 5.9 14 140 M M 4 18 160
12 86 70 78 M 0 13 0.00 M M 8.5 17 170 M M 0 23 170
13 90 70 80 M 0 15 0.00 M M 7.6 15 170 M M 2 18 170
14 90 68 79 M 0 14 M M M 7.0 14 140 M M 2 13 18 190
15 84 57 71 M 0 6 0.00 M M 2.3 8 160 M M 1 M M
16 88 64 76 M 0 11 M M M 7.1 14 180 M M 3 38 36 99
17 86 59 73 M 0 8 0.00 M M 2.1 8 310 M M 0 M M
18 81 57 69 M 0 4 T M M 2.6 9 190 M M 0 12 M M
19 82 63 73 M 0 8 0.00 M M 8.7 15 170 M M 1 M M
20 86 63 75 M 0 10 0.00 M M 9.4 16 190 M M 0 15 180
21 88 64 76 M 0 11 0.00 M M 8.3 12 170 M M 0 M M
22 88 63 76 M 0 11 0.00 M M 4.4 10 180 M M 0 14 200
23 91 66 79 M 0 14 0.00 M M 3.1 9 170 M M 0 13 160
24 90 M M M M M M M M 6.6 12 180 M M 0 16 180
25 90 66 78 M 0 13 0.00 M M 9.1 14 190 M M 0 17 190
26 90 64 77 M 0 12 0.00 M M 8.6 16 190 M M 0 25 190
27 91 68 80 M 0 15 0.00 M M 6.8 12 170 M M 0 M M
28 93 66 80 M 0 15 0.00 M M 5.6 16 360 M M 1 24 360
29 79 59 69 M 0 4 0.00 M M 4.3 12 50 M M 1 13 70
30 81 59 70 M 0 5 0.00 M M 8.0 16 170 M M 1 3 22 180
31 75 54 65 M 0 0 0.30 M M 9.8 18 360 M M 3 13 27 340
================================================================================
SM M M M M M M M M M
================================================================================
AV M M M FASTST M M 2 MAX(MPH)
MISC ----> # M M # M M
================================================================================
NOTES:
# LAST OF SEVERAL OCCURRENCES
COLUMN 17 PEAK WIND IN M.P.H.
PRELIMINARY LOCAL CLIMATOLOGICAL DATA (WS FORM: F-6) , PAGE 2
STATION: YORK
MONTH: AUGUST
YEAR: 2020
LATITUDE: 40 54 N
LONGITUDE: 97 37 W
[TEMPERATURE DATA] [PRECIPITATION DATA] SYMBOLS USED IN COLUMN 16
AVERAGE MONTHLY: M TOTAL FOR MONTH: M 1 = FOG OR MIST
DPTR FM NORMAL: M DPTR FM NORMAL: M 2 = FOG REDUCING VISIBILITY
HIGHEST: M ON M GRTST 24HR M ON M TO 1/4 MILE OR LESS
LOWEST: M ON M 3 = THUNDER
SNOW, ICE PELLETS, HAIL 4 = ICE PELLETS
TOTAL MONTH: M 5 = HAIL
GRTST 24HR M ON M 6 = FREEZING RAIN OR DRIZZLE
GRTST DEPTH: M ON M 7 = DUSTSTORM OR SANDSTORM:
VSBY 1/2 MILE OR LESS
8 = SMOKE OR HAZE
[NO. OF DAYS WITH] [WEATHER - DAYS WITH] 9 = BLOWING SNOW
X = TORNADO
MAX 32 OR BELOW: M 0.01 INCH OR MORE: M
MAX 90 OR ABOVE: M 0.10 INCH OR MORE: M
MIN 32 OR BELOW: M 0.50 INCH OR MORE: M
MIN 0 OR BELOW: M 1.00 INCH OR MORE: M
[HDD (BASE 65) ]
TOTAL THIS MO. M CLEAR (SCALE 0-3) M
DPTR FM NORMAL M PTCLDY (SCALE 4-7) M
TOTAL FM JUL 1 M CLOUDY (SCALE 8-10) M
DPTR FM NORMAL M
[CDD (BASE 65) ]
TOTAL THIS MO. M
DPTR FM NORMAL M [PRESSURE DATA]
TOTAL FM JAN 1 M HIGHEST SLP M ON M
DPTR FM NORMAL M LOWEST SLP M ON M
[REMARKS]
#FINAL-08-20#