000
CXHW53 PHFO 011250
CF6KOA
PRELIMINARY LOCAL CLIMATOLOGICAL DATA (WS FORM: F-6)
STATION: KONA HI
MONTH: FEBRUARY
YEAR: 2023
LATITUDE: 19 38 N
LONGITUDE: 156 0 W
TEMPERATURE IN F: :PCPN: SNOW: WIND :SUNSHINE: SKY :PK WND
================================================================================
1 2 3 4 5 6A 6B 7 8 9 10 11 12 13 14 15 16 17 18
12Z AVG MX 2MIN
DY MAX MIN AVG DEP HDD CDD WTR SNW DPTH SPD SPD DIR MIN PSBL S-S WX SPD DR
================================================================================
1 84 72 78 3 0 13 0.00 M M 8.1 17 330 M M 4 21 360
2 83 70 77 2 0 12 0.00 M M 7.1 14 260 M M 2 16 260
3 82 71 77 2 0 12 0.00 M M 5.7 10 250 M M 3 13 210
4 84 72 78 3 0 13 0.00 M M 7.9 16 180 M M 3 19 300
5 83 70 77 2 0 12 0.00 M M 8.2 14 190 M M 3 17 210
6 83 71 77 2 0 12 0.00 M M 7.2 13 140 M M 2 16 140
7 83 71 77 2 0 12 0.00 M M 7.4 16 140 M M 2 8 17 140
8 84 70 77 2 0 12 0.00 M M 6.8 17 180 M M 3 21 190
9 83 70 77 2 0 12 0.00 M M 6.7 17 190 M M 3 23 200
10 83 69 76 1 0 11 T M M 8.1 22 250 M M 2 25 250
11 82 69 76 1 0 11 0.00 M M 6.6 14 190 M M 5 17 190
12 83 69 76 1 0 11 0.05 M M 6.3 18 170 M M 3 24 300
13 84 68 76 1 0 11 0.00 M M 8.3 24 40 M M 2 28 40
14 84 67 76 1 0 11 0.00 M M 14.5 31 360 M M 1 37 10
15 82 70 76 1 0 11 0.00 M M 9.5 22 170 M M 5 26 180
16 79 70 75 0 0 10 0.25 M M 9.9 18 20 M M 6 1 22 30
17 75 70 73 -2 0 8 0.33 M M 10.0 21 20 M M 8 1 25 30
18 78 69 74 -1 0 9 0.11 M M 6.5 17 360 M M 7 1 21 50
19 82 67 75 0 0 10 0.04 M M 5.9 14 210 M M 4 19 210
20 80 70 75 0 0 10 0.03 M M 4.6 12 120 M M 7 14 130
21 81 71 76 1 0 11 0.26 M M 6.7 15 230 M M 6 1 18 230
22 84 71 78 3 0 13 0.14 M M 8.4 16 290 M M 4 20 290
23 81 71 76 1 0 11 0.00 M M 6.1 14 110 M M 7 18 17 180
24 81 71 76 1 0 11 0.20 M M 6.9 14 130 M M 7 8 17 130
25 78 70 74 -1 0 9 0.11 M M 6.6 18 50 M M 8 23 40
26 80 68 74 -1 0 9 0.00 M M 7.1 14 20 M M 4 18 190
27 81 66 74 -1 0 9 0.00 M M 8.1 24 10 M M 2 30 20
28 82 66 74 -1 0 9 0.00 M M 7.5 16 170 M M 1 20 190
================================================================================
SM 2289 1949 0 305 1.52 M 212.7 M 114
================================================================================
AV 81.8 69.6 7.6 FASTST M M 4 MAX(MPH)
MISC ----> 31 360 37 10
================================================================================
NOTES:
# LAST OF SEVERAL OCCURRENCES
COLUMN 17 PEAK WIND IN M.P.H.
PRELIMINARY LOCAL CLIMATOLOGICAL DATA (WS FORM: F-6) , PAGE 2
STATION: KONA HI
MONTH: FEBRUARY
YEAR: 2023
LATITUDE: 19 38 N
LONGITUDE: 156 0 W
[TEMPERATURE DATA] [PRECIPITATION DATA] SYMBOLS USED IN COLUMN 16
AVERAGE MONTHLY: 75.7 TOTAL FOR MONTH: 1.52 1 = FOG OR MIST
DPTR FM NORMAL: 0.7 DPTR FM NORMAL: 0.35 2 = FOG REDUCING VISIBILITY
HIGHEST: 84 ON 22,14 GRTST 24HR 0.58 ON 16-17 TO 1/4 MILE OR LESS
LOWEST: 66 ON 28,27 3 = THUNDER
SNOW, ICE PELLETS, HAIL 4 = ICE PELLETS
TOTAL MONTH: M 5 = HAIL
GRTST 24HR M ON M 6 = FREEZING RAIN OR DRIZZLE
GRTST DEPTH: M ON M 7 = DUSTSTORM OR SANDSTORM:
VSBY 1/2 MILE OR LESS
8 = SMOKE OR HAZE
[NO. OF DAYS WITH] [WEATHER - DAYS WITH] 9 = BLOWING SNOW
X = TORNADO
MAX 32 OR BELOW: 0 0.01 INCH OR MORE: 10
MAX 90 OR ABOVE: 0 0.10 INCH OR MORE: 7
MIN 32 OR BELOW: 0 0.50 INCH OR MORE: 0
MIN 0 OR BELOW: 0 1.00 INCH OR MORE: 0
[HDD (BASE 65) ]
TOTAL THIS MO. 0 CLEAR (SCALE 0-3) 12
DPTR FM NORMAL 0 PTCLDY (SCALE 4-7) 15
TOTAL FM JUL 1 0 CLOUDY (SCALE 8-10) 1
DPTR FM NORMAL 0
[CDD (BASE 65) ]
TOTAL THIS MO. 305
DPTR FM NORMAL 26 [PRESSURE DATA]
TOTAL FM JAN 1 665 HIGHEST SLP 30.15 ON 6
DPTR FM NORMAL 75 LOWEST SLP 29.81 ON 15
[REMARKS]
#FINAL-02-23#