000
CXHW53 PHFO 011250
CF6KOA
PRELIMINARY LOCAL CLIMATOLOGICAL DATA (WS FORM: F-6)
STATION: KONA HI
MONTH: FEBRUARY
YEAR: 2022
LATITUDE: 19 38 N
LONGITUDE: 156 0 W
TEMPERATURE IN F: :PCPN: SNOW: WIND :SUNSHINE: SKY :PK WND
================================================================================
1 2 3 4 5 6A 6B 7 8 9 10 11 12 13 14 15 16 17 18
12Z AVG MX 2MIN
DY MAX MIN AVG DEP HDD CDD WTR SNW DPTH SPD SPD DIR MIN PSBL S-S WX SPD DR
================================================================================
1 85 68 77 2 0 12 T M M 6.3 17 50 M M 4 22 50
2 83 70 77 2 0 12 0.00 M M 8.5 20 50 M M 3 24 50
3 82 69 76 1 0 11 0.00 M M 5.8 12 210 M M 2 15 220
4 82 70 76 1 0 11 0.00 M M 5.8 10 170 M M 1 13 260
5 83 71 77 2 0 12 0.00 M M 7.8 20 40 M M 3 23 30
6 84 71 78 3 0 13 0.00 M M 7.9 17 40 M M 2 23 30
7 83 70 77 2 0 12 0.00 M M 6.7 14 200 M M 3 19 190
8 84 68 76 1 0 11 0.00 M M 6.9 15 200 M M 2 18 200
9 82 68 75 0 0 10 0.00 M M 7.0 13 240 M M 1 16 230
10 83 69 76 1 0 11 0.00 M M 7.1 14 240 M M 2 19 190
11 82 70 76 1 0 11 0.00 M M 6.9 14 290 M M 7 18 290
12 83 68 76 1 0 11 0.00 M M 6.7 16 330 M M 2 20 320
13 83 68 76 1 0 11 0.00 M M 7.5 18 350 M M 2 23 350
14 82 65 74 -1 0 9 0.00 M M 5.6 14 230 M M 3 16 230
15 82 68 75 0 0 10 0.00 M M 7.1 15 160 M M 1 19 140
16 83 70 77 2 0 12 0.00 M M 8.1 15 140 M M 1 18 190
17 84 70 77 2 0 12 0.00 M M 7.4 18 180 M M 2 23 180
18 84 71 78 3 0 13 0.00 M M 8.1 15 270 M M 1 17 270
19 85 72 79 4 0 14 0.00 M M 7.0 13 350 M M 2 17 330
20 84 71 78 3 0 13 0.00 M M 8.1 14 170 M M 1 17 180
21 84 73 79 4 0 14 0.00 M M 6.1 12 250 M M 4 14 250
22 84 74 79 4 0 14 0.04 M M 7.9 15 30 M M 4 19 40
23 84 71 78 3 0 13 0.00 M M 8.5 15 30 M M 2 20 190
24 85 71 78 3 0 13 0.00 M M 7.9 17 210 M M 2 21 190
25 84 71 78 3 0 13 0.00 M M 6.5 13 230 M M 5 17 210
26 84 72 78 3 0 13 0.00 M M 7.4 14 230 M M 2 16 220
27 85 74 80 5 0 15 0.00 M M 9.2 17 330 M M 6 22 330
28 83 72 78 3 0 13 0.00 M M 5.5 10 290 M M 5 13 280
================================================================================
SM 2336 1965 0 339 0.04 M 201.3 M 75
================================================================================
AV 83.4 70.2 7.2 FASTST M M 3 MAX(MPH)
MISC ----> # 20 50 24 50
================================================================================
NOTES:
# LAST OF SEVERAL OCCURRENCES
COLUMN 17 PEAK WIND IN M.P.H.
PRELIMINARY LOCAL CLIMATOLOGICAL DATA (WS FORM: F-6) , PAGE 2
STATION: KONA HI
MONTH: FEBRUARY
YEAR: 2022
LATITUDE: 19 38 N
LONGITUDE: 156 0 W
[TEMPERATURE DATA] [PRECIPITATION DATA] SYMBOLS USED IN COLUMN 16
AVERAGE MONTHLY: 76.8 TOTAL FOR MONTH: 0.04 1 = FOG OR MIST
DPTR FM NORMAL: 1.8 DPTR FM NORMAL: -1.13 2 = FOG REDUCING VISIBILITY
HIGHEST: 85 ON 27,24 GRTST 24HR 0.04 ON 22-22 TO 1/4 MILE OR LESS
LOWEST: 65 ON 14 3 = THUNDER
SNOW, ICE PELLETS, HAIL 4 = ICE PELLETS
TOTAL MONTH: M 5 = HAIL
GRTST 24HR M ON M 6 = FREEZING RAIN OR DRIZZLE
GRTST DEPTH: M ON M 7 = DUSTSTORM OR SANDSTORM:
VSBY 1/2 MILE OR LESS
8 = SMOKE OR HAZE
[NO. OF DAYS WITH] [WEATHER - DAYS WITH] 9 = BLOWING SNOW
X = TORNADO
MAX 32 OR BELOW: 0 0.01 INCH OR MORE: 1
MAX 90 OR ABOVE: 0 0.10 INCH OR MORE: 0
MIN 32 OR BELOW: 0 0.50 INCH OR MORE: 0
MIN 0 OR BELOW: 0 1.00 INCH OR MORE: 0
[HDD (BASE 65) ]
TOTAL THIS MO. 0 CLEAR (SCALE 0-3) 19
DPTR FM NORMAL 0 PTCLDY (SCALE 4-7) 9
TOTAL FM JUL 1 0 CLOUDY (SCALE 8-10) 0
DPTR FM NORMAL 0
[CDD (BASE 65) ]
TOTAL THIS MO. 339
DPTR FM NORMAL 60 [PRESSURE DATA]
TOTAL FM JAN 1 703 HIGHEST SLP 30.11 ON 27
DPTR FM NORMAL 113 LOWEST SLP 29.86 ON 13
[REMARKS]
#FINAL-02-22#