000
CXHW53 PHFO 011250
CF6KOA
PRELIMINARY LOCAL CLIMATOLOGICAL DATA (WS FORM: F-6)
STATION: KONA HI
MONTH: FEBRUARY
YEAR: 2024
LATITUDE: 19 38 N
LONGITUDE: 156 0 W
TEMPERATURE IN F: :PCPN: SNOW: WIND :SUNSHINE: SKY :PK WND
================================================================================
1 2 3 4 5 6A 6B 7 8 9 10 11 12 13 14 15 16 17 18
12Z AVG MX 2MIN
DY MAX MIN AVG DEP HDD CDD WTR SNW DPTH SPD SPD DIR MIN PSBL S-S WX SPD DR
================================================================================
1 84 72 78 3 0 13 T M M 7.1 12 40 M M 5 14 220
2 80 70 75 0 0 10 1.17 M M 16.0 32 360 M M 8 1 37 360
3 84 69 77 2 0 12 T M M 22.7 41 20 M M 3 50 20
4 81 66 74 -1 0 9 0.00 M M 7.4 15 20 M M 5 19 160
5 81 65 73 -2 0 8 0.00 M M 7.0 14 240 M M 5 17 220
6 81 66 74 -1 0 9 T M M 7.0 12 170 M M 6 16 180
7 82 68 75 0 0 10 0.00 M M 5.9 14 130 M M 7 16 130
8 81 72 77 2 0 12 0.00 M M 7.6 15 210 M M 8 8 18 200
9 81 68 75 0 0 10 0.00 M M 7.7 13 290 M M 5 17 320
10 81 70 76 1 0 11 0.02 M M 7.2 13 180 M M 6 1 16 260
11 81 70 76 1 0 11 0.00 M M 6.7 14 110 M M 3 17 230
12 83 69 76 1 0 11 0.00 M M 7.2 14 320 M M 3 19 310
13 82 68 75 0 0 10 0.00 M M 7.2 13 240 M M 3 19 180
14 83 70 77 2 0 12 0.00 M M 11.0 20 200 M M 2 26 180
15 83 68 76 1 0 11 0.00 M M 9.6 24 10 M M 2 29 10
16 82 73 78 3 0 13 0.00 M M 16.1 31 360 M M 9 39 350
17 86 68 77 2 0 12 T M M 12.1 24 20 M M 6 39 30
18 85 68 77 2 0 12 0.00 M M 9.7 24 50 M M 3 8 35 30
19 79 64 72 -3 0 7 0.00 M M 6.9 18 60 M M 5 30 50
20 81 69 75 0 0 10 0.00 M M 5.8 14 270 M M 8 17 270
21 82 70 76 1 0 11 0.00 M M 4.8 10 210 M M 7 8 16 230
22 82 70 76 1 0 11 0.00 M M 7.0 13 280 M M 5 22 120
23 80 72 76 1 0 11 0.00 M M 6.7 15 130 M M 7 18 120
24 83 70 77 2 0 12 0.00 M M 7.8 20 20 M M 3 8 24 20
25 81 68 75 0 0 10 0.00 M M 7.2 16 30 M M 3 20 180
26 79 66 73 -2 0 8 0.00 M M 7.1 14 130 M M 4 19 130
27 81 68 75 0 0 10 0.22 M M 6.5 15 40 M M 6 1 18 30
28 82 67 75 0 0 10 T M M 7.8 16 200 M M 5 23 220
29 82 70 76 1 0 11 0.00 M M 8.8 14 130 M M 6 18 300
================================================================================
SM 2373 1994 0 307 1.41 M 251.5 M 148
================================================================================
AV 81.8 68.8 8.7 FASTST M M 5 MAX(MPH)
MISC ----> 41 20 50 20
================================================================================
NOTES:
# LAST OF SEVERAL OCCURRENCES
COLUMN 17 PEAK WIND IN M.P.H.
PRELIMINARY LOCAL CLIMATOLOGICAL DATA (WS FORM: F-6) , PAGE 2
STATION: KONA HI
MONTH: FEBRUARY
YEAR: 2024
LATITUDE: 19 38 N
LONGITUDE: 156 0 W
[TEMPERATURE DATA] [PRECIPITATION DATA] SYMBOLS USED IN COLUMN 16
AVERAGE MONTHLY: 75.3 TOTAL FOR MONTH: 1.41 1 = FOG OR MIST
DPTR FM NORMAL: 0.3 DPTR FM NORMAL: 0.24 2 = FOG REDUCING VISIBILITY
HIGHEST: 86 ON 17 GRTST 24HR 1.17 ON 1- 2 TO 1/4 MILE OR LESS
LOWEST: 64 ON 19 3 = THUNDER
SNOW, ICE PELLETS, HAIL 4 = ICE PELLETS
TOTAL MONTH: M 5 = HAIL
GRTST 24HR M ON M 6 = FREEZING RAIN OR DRIZZLE
GRTST DEPTH: M ON M 7 = DUSTSTORM OR SANDSTORM:
VSBY 1/2 MILE OR LESS
8 = SMOKE OR HAZE
[NO. OF DAYS WITH] [WEATHER - DAYS WITH] 9 = BLOWING SNOW
X = TORNADO
MAX 32 OR BELOW: 0 0.01 INCH OR MORE: 3
MAX 90 OR ABOVE: 0 0.10 INCH OR MORE: 2
MIN 32 OR BELOW: 0 0.50 INCH OR MORE: 1
MIN 0 OR BELOW: 0 1.00 INCH OR MORE: 1
[HDD (BASE 65) ]
TOTAL THIS MO. 0 CLEAR (SCALE 0-3) 6
DPTR FM NORMAL 0 PTCLDY (SCALE 4-7) 21
TOTAL FM JUL 1 0 CLOUDY (SCALE 8-10) 2
DPTR FM NORMAL 0
[CDD (BASE 65) ]
TOTAL THIS MO. 307
DPTR FM NORMAL 28 [PRESSURE DATA]
TOTAL FM JAN 1 660 HIGHEST SLP 30.21 ON 7
DPTR FM NORMAL 71 LOWEST SLP 29.87 ON 13
[REMARKS]
#FINAL-02-24#