000
CXUS53 KIND 010600
CF6LAF
PRELIMINARY LOCAL CLIMATOLOGICAL DATA (WS FORM: F-6)
STATION: LAFAYETTE IN
MONTH: OCTOBER
YEAR: 2021
LATITUDE: 40 25 N
LONGITUDE: 86 56 W
TEMPERATURE IN F: :PCPN: SNOW: WIND :SUNSHINE: SKY :PK WND
================================================================================
1 2 3 4 5 6A 6B 7 8 9 10 11 12 13 14 15 16 17 18
12Z AVG MX 2MIN
DY MAX MIN AVG DEP HDD CDD WTR SNW DPTH SPD SPD DIR MIN PSBL S-S WX SPD DR
================================================================================
1 83 54 69 9 0 4 0.00 M M 3.5 10 130 M M 0 1 16 160
2 74 61 68 9 0 3 1.58 M M 2.6 9 190 M M 8 1 14 200
3 77 60 69 10 0 4 0.15 M M 4.2 23 290 M M 8 1238 34 280
4 73 61 67 8 0 2 0.02 M M 4.1 14 330 M M 9 128 19 330
5 75 64 70 12 0 5 0.04 M M 7.6 14 70 M M 7 1 20 70
6 73 63 68 10 0 3 0.05 M M 9.6 15 90 M M 7 1 19 100
7 75 62 69 12 0 4 0.42 M M 4.4 13 140 M M 8 13 18 130
8 77 61 69 12 0 4 0.00 M M 2.2 13 270 M M 7 12 17 280
9 83 59 71 14 0 6 0.00 M M 4.0 12 130 M M 2 1 20 150
10 M M M M M M 0.03 M M M M M M M 1 13 M M
11 80 62 71 15 0 6 1.06 M M 9.7 35 250 M M 3 13 54 250
12 69 53 61 6 4 0 0.01 M M 5.7 15 240 M M 7 1 22 200
13 74 51 63 8 2 0 0.09 M M 3.8 14 160 M M 2 12 20 150
14 76 58 67 12 0 2 1.05 M M 4.9 21 330 M M 7 1 28 330
15 63 51 57 3 8 0 0.85 M M 6.1 16 340 M M 10 1 25 340
16 59 41 50 -4 15 0 T M M 9.0 22 280 M M 2 32 290
17 66 37 52 -1 13 0 0.00 M M 4.6 15 310 M M 0 1 21 270
18 71 38 55 2 10 0 0.00 M M 2.2 12 250 M M 0 18 18 240
19 69 43 56 4 9 0 0.00 M M 2.4 14 240 M M 0 8 19 260
20 74 47 61 9 4 0 0.01 M M 4.7 15 210 M M 1 23 190
21 65 50 58 6 7 0 T M M 9.9 21 260 M M 9 1 30 260
22 51 48 50 -1 15 0 0.16 M M 2.8 9 100 M M 10 1 12 80
23 56 39 48 -3 17 0 T M M 2.7 12 70 M M 8 12 16 50
24 57 48 53 3 12 0 2.52 M M 8.4 30 350 M M 10 13 39 350
25 58 45 52 2 13 0 0.52 M M 9.8 23 10 M M 9 13 37 20
26 56 37 47 -3 18 0 0.00 M M 5.0 15 30 M M 1 21 50
27 58 33 46 -3 19 0 0.00 M M 7.0 17 110 M M 1 12 24 100
28 54 46 50 1 15 0 0.36 M M 10.5 20 100 M M 9 1 25 120
29 62 54 58 10 7 0 0.19 M M 7.9 16 330 M M 10 1 22 330
30 56 47 52 4 13 0 0.09 M M 8.3 17 360 M M 10 1 25 360
31 59 40 50 2 15 0 0.00 M M 8.1 21 280 M M 3 1 29 280
================================================================================
SM 2023 1513 216 43 9.20 M 175.7 M 169
================================================================================
AV 67.4 50.4 5.9 FASTST M M 5 MAX(MPH)
MISC ----> 35 250 54 250
================================================================================
NOTES:
# LAST OF SEVERAL OCCURRENCES
COLUMN 17 PEAK WIND IN M.P.H.
PRELIMINARY LOCAL CLIMATOLOGICAL DATA (WS FORM: F-6) , PAGE 2
STATION: LAFAYETTE IN
MONTH: OCTOBER
YEAR: 2021
LATITUDE: 40 25 N
LONGITUDE: 86 56 W
[TEMPERATURE DATA] [PRECIPITATION DATA] SYMBOLS USED IN COLUMN 16
AVERAGE MONTHLY: 58.9 TOTAL FOR MONTH: 9.20 1 = FOG OR MIST
DPTR FM NORMAL: 5.2 DPTR FM NORMAL: 6.29 2 = FOG REDUCING VISIBILITY
HIGHEST: 83 ON 9, 1 GRTST 24HR 2.91 ON 24-25 TO 1/4 MILE OR LESS
LOWEST: 33 ON 27 3 = THUNDER
SNOW, ICE PELLETS, HAIL 4 = ICE PELLETS
TOTAL MONTH: M 5 = HAIL
GRTST 24HR M ON M 6 = FREEZING RAIN OR DRIZZLE
GRTST DEPTH: M ON M 7 = DUSTSTORM OR SANDSTORM:
VSBY 1/2 MILE OR LESS
8 = SMOKE OR HAZE
[NO. OF DAYS WITH] [WEATHER - DAYS WITH] 9 = BLOWING SNOW
X = TORNADO
MAX 32 OR BELOW: 0 0.01 INCH OR MORE: 19
MAX 90 OR ABOVE: 0 0.10 INCH OR MORE: 11
MIN 32 OR BELOW: 0 0.50 INCH OR MORE: 6
MIN 0 OR BELOW: 0 1.00 INCH OR MORE: 4
[HDD (BASE 65) ]
TOTAL THIS MO. 216 CLEAR (SCALE 0-3) 13
DPTR FM NORMAL -149 PTCLDY (SCALE 4-7) 9
TOTAL FM JUL 1 245 CLOUDY (SCALE 8-10) 9
DPTR FM NORMAL -214
[CDD (BASE 65) ]
TOTAL THIS MO. 43
DPTR FM NORMAL 27 [PRESSURE DATA]
TOTAL FM JAN 1 1353 HIGHEST SLP M ON M
DPTR FM NORMAL 470 LOWEST SLP 29.46 ON 29
[REMARKS]
#FINAL-10-21#